-- https://www.phpmyadmin.net/
--
-- Hôte : 127.0.0.1:3306
-- Généré le :  lun. 12 mars 2018 à 15:15
-- Version du serveur :  5.7.19
-- Version de PHP :  7.1.9

START TRANSACTION;



--
-- Base de données :  `interactoqdb`
--

-- --------------------------------------------------------

--
-- Structure de la table `ads`
--

CREATE TABLE IF NOT EXISTS `ads` (
  `id` int(11) NOT NULL AUTO_INCREMENT,
  `path` varchar(255) COLLATE utf8_unicode_ci NOT NULL,
  `alt` varchar(255) COLLATE utf8_unicode_ci NOT NULL,
  PRIMARY KEY (`id`)
) ENGINE=InnoDB AUTO_INCREMENT=7 DEFAULT CHARSET=utf8 COLLATE=utf8_unicode_ci;

--
-- Déchargement des données de la table `ads`
--

INSERT INTO `ads` (`id`, `path`, `alt`) VALUES
(1, 'png', 'nlogo1.png'),
(2, 'png', 'nlogo2.png'),
(3, 'png', 'nlogo3.png'),
(4, 'png', 'nlogo4.png'),
(5, 'png', 'nlogo5.png'),
(6, 'png', 'nlogo6.png');

-- --------------------------------------------------------

--
-- Structure de la table `articles`
--

CREATE TABLE IF NOT EXISTS `articles` (
  `id` int(11) NOT NULL AUTO_INCREMENT,
  `title` varchar(255) COLLATE utf8_unicode_ci NOT NULL,
  `abstract` longtext COLLATE utf8_unicode_ci,
  `content` longtext COLLATE utf8_unicode_ci,
  `status` int(11) DEFAULT NULL,
  `video` varchar(255) COLLATE utf8_unicode_ci DEFAULT NULL,
  `dateCreate` datetime NOT NULL,
  `datePublished` datetime NOT NULL,
  `createdby` varchar(255) COLLATE utf8_unicode_ci DEFAULT NULL,
  `image_id` int(11) DEFAULT NULL,
  `document_id` int(11) DEFAULT NULL,
  `isEnabled` tinyint(1) NOT NULL,
  `salt` varchar(255) COLLATE utf8_unicode_ci NOT NULL,
  `user_id` int(11) DEFAULT NULL,
  `score` varchar(255) COLLATE utf8_unicode_ci DEFAULT NULL,
  `comment` longtext COLLATE utf8_unicode_ci,
  PRIMARY KEY (`id`),
  UNIQUE KEY `UNIQ_BFDD31683DA5256D` (`image_id`),
  UNIQUE KEY `UNIQ_BFDD3168C33F7837` (`document_id`),
  KEY `IDX_BFDD3168A76ED395` (`user_id`)
) ENGINE=InnoDB AUTO_INCREMENT=31 DEFAULT CHARSET=utf8 COLLATE=utf8_unicode_ci;

--
-- Déchargement des données de la table `articles`
--

INSERT INTO `articles` (`id`, `title`, `abstract`, `content`, `status`, `video`, `dateCreate`, `datePublished`, `createdby`, `image_id`, `document_id`, `isEnabled`, `salt`, `user_id`, `score`, `comment`) VALUES
(1, 'Article corriger 2017', '<p>Un <strong>article</strong> est un texte traitant d&#39;un sujet particulier dans une revue ou un ouvrage en comportant plusieurs.</p>', '<ul>\r\n	<li>En <a href=\"https://fr.wikipedia.org/wiki/Grammaire\">grammaire</a>, un <strong><a href=\"https://fr.wikipedia.org/wiki/Article_%28grammaire%29\">article</a></strong> est un <a href=\"https://fr.wikipedia.org/wiki/D%C3%A9terminants_et_articles_en_fran%C3%A7ais\">d&eacute;terminant</a> plac&eacute; devant<a href=\"https://fr.wikipedia.org/wiki/Article#cite_note-1\">1</a> le nom, pr&eacute;cisant le degr&eacute; de d&eacute;finition de ce nom.</li>\r\n</ul>\r\n\r\n<ul>\r\n	<li>Un <strong>article</strong> est un texte traitant d&#39;un sujet particulier dans une revue ou un ouvrage en comportant plusieurs.\r\n\r\n	<ul>\r\n		<li>Un <strong><a href=\"https://fr.wikipedia.org/wiki/Article_de_presse\">article</a></strong> de <a href=\"https://fr.wikipedia.org/wiki/Journal\">journal</a> ou de <a href=\"https://fr.wikipedia.org/wiki/Magazine\">magazine</a> pr&eacute;sente des faits d&rsquo;<a href=\"https://fr.wikipedia.org/wiki/Actualit%C3%A9\">actualit&eacute;</a> ou un <a href=\"https://fr.wikipedia.org/wiki/Reportage\">reportage</a>.</li>\r\n		<li>Dans une <a href=\"https://fr.wikipedia.org/wiki/Encyclop%C3%A9die\">encyclop&eacute;die</a>, l&#39;<strong>article</strong> est une entr&eacute;e qui comporte du texte et d&#39;autres informations sur un sujet (par exemple, une biographie, la description d&#39;un &eacute;v&egrave;nement ou une &eacute;tude succincte sur l&#39;influence d&#39;un courant artistique)</li>\r\n	</ul>\r\n	</li>\r\n	<li>Dans le <a href=\"https://fr.wikipedia.org/wiki/Commerce\">commerce</a>, un <strong><a href=\"https://fr.wikipedia.org/wiki/Article_%28commerce%29\">article</a></strong> est un des biens vendus par un magasin.</li>\r\n</ul>\r\n\r\n<ul>\r\n	<li>En <a href=\"https://fr.wikipedia.org/wiki/Droit\">droit</a>, l&#39;<strong>article</strong> est la subdivision de base d&#39;un texte l&eacute;gislatif (<a href=\"https://fr.wikipedia.org/wiki/Loi\">loi</a>, <a href=\"https://fr.wikipedia.org/wiki/Code_%28droit%29\">code</a>, <a href=\"https://fr.wikipedia.org/wiki/Convention_%28droit%29\">convention</a>, etc.). Chacun des articles d&#39;un texte porte un num&eacute;ro permettant d&#39;y faire r&eacute;f&eacute;rence.</li>\r\n</ul>\r\n\r\n<ul>\r\n	<li>On d&eacute;signe en <a href=\"https://fr.wikipedia.org/wiki/Zoologie\">zoologie</a> par <strong><a href=\"https://fr.wikipedia.org/wiki/Arthropode\">article</a></strong> chacune des parties constituant une <a href=\"https://fr.wikipedia.org/wiki/Antenne_des_arthropodes\">antenne</a>, une <a href=\"https://fr.wikipedia.org/wiki/Patte\">patte</a>, un <a href=\"https://fr.wikipedia.org/wiki/Tarse_%28anatomie%29\">tarse</a> ou un <a href=\"https://fr.wikipedia.org/wiki/Palpe\">palpe</a> chez les animaux <a href=\"https://fr.wikipedia.org/wiki/Arthropode\">articul&eacute;s</a> comme les <a href=\"https://fr.wikipedia.org/wiki/Insecte\">insectes</a>, les <a href=\"https://fr.wikipedia.org/wiki/Crustac%C3%A9\">crustac&eacute;s</a>, les <a href=\"https://fr.wikipedia.org/wiki/Araneae\">araign&eacute;es</a>, les <a href=\"https://fr.wikipedia.org/wiki/Myriapoda\">myriapodes</a>. Il d&eacute;signe aussi les segments constituant le corps des <a href=\"https://fr.wikipedia.org/wiki/Arthropode\">arthropodes</a>.</li>\r\n</ul>', 2, NULL, '2016-05-24 16:37:03', '2017-12-14 12:10:25', 'Nesrine Maaouia', 1, 1, 1, 'egmp9nzot9w8w844osok0gsks0g4sos', 2, NULL, NULL),
(2, 'Test articles corrected', '<p>Corrected gfgghg h kbmgjna!erg kljgmlaern relhjamerkjt rtmlrhetmilhert reljkthremkjt rerhtmkreht ertmerljhtmlerhger mkrelhtamerkt a&ugrave;lzijaemr erjhkerahmak fmakuhrfk fmkjrehmurotha: rarbire aermg mierhgegrg.</p>\r\n\r\n<p>rlrijgmhaergmaer gaerlghmer iruhgiamer gmurhmaaerhm remkjrhmgng gmegmker gemrkjghemrgemrkjgher agmjerhg ergaeirhgoreg e&ugrave;rohga rg4er4erg4eg4retgnrtkghrktg5trg..&nbsp;</p>', '<p><img alt=\"\" src=\"http://pafciconline.org/PafcicOnline/web/uploads/media/50.png\" style=\"float:right; height:68px; width:150px\" />Lorem ipsum dolor sit amet, consectetuer adipiscing elit. Maecenas feugiat consequat diam. Maecenas metus. Vivamus diam purus, cursus a, commodo non, facilisis vitae, nulla. Aenean dictum lacinia tortor. Nunc iaculis, nibh non iaculis aliquam, orci felis euismod neque, sed ornare massa mauris sed velit. Nulla pretium mi et risus. Fusce mi pede, tempor id, cursus ac, ullamcorper nec, enim. Sed tortor. Curabitur molestie. Duis velit augue, condimentum at, ultrices a, luctus ut, orci. Donec pellentesque egestas eros. Integer cursus, augue in cursus faucibus, eros pede bibendum sem, in tempus tellus justo quis ligula. Etiam eget tortor. Vestibulum rutrum, est ut placerat elementum, lectus nisl aliquam velit, tempor aliquam eros nunc nonummy metus. In eros metus, gravida a, gravida sed, lobortis id, turpis. Ut ultrices, ipsum at venenatis fringilla, sem nulla lacinia tellus, eget aliquet turpis mauris non enim. Nam turpis. Suspendisse lacinia. Curabitur ac tortor ut ipsum egestas elementum. Nunc imperdiet gravida mauris.</p>', 1, 'rMltoD1jCGI', '2016-05-25 12:56:34', '2016-05-25 13:33:26', 'Haythem Dridi', 2, 2, 1, 'jswjxbd6zwgwkwsggog4ooo0wwckscs', 2, NULL, NULL),
(3, 'sdqsd', '<p>qsdqsd</p>', '<p>sqdqsd</p>', NULL, 'sqdqsd', '2016-06-17 12:13:45', '2016-06-17 12:13:45', 'sqdqs', 3, 3, 0, 'av7qmm6yag0k4cs80c0k00sg888s8c8', 2, NULL, NULL),
(4, 'sdqsd', '<p>qsdqsd</p>', '<p>sqdqsd</p>', 3, 'sqdqsd', '2016-06-17 12:14:36', '2017-12-12 15:36:02', 'sqdqs', 4, 4, 1, 'gxi4nqwn0d4ckwcs00okcg4o4kscw84', 2, NULL, NULL),
(5, 'sqdqsd', '<p>qsdsqd</p>', NULL, NULL, 'qsdsqd', '2016-06-17 12:25:20', '2016-06-17 12:25:20', 'qsdsqd', 5, 5, 0, 'qz3jjhcahnkks8g4osw4wocs8k8o8gc', 2, NULL, NULL),
(6, 'Embellie dans les perspectives d\'embauche en 2016', '<p>PARIS (AFP)&nbsp;-&nbsp; Bonne nouvelle sur le front de l&#39;emploi: les perspectives de recrutement des entreprises progressent nettement cette ann&eacute;e, atteignant un niveau jamais vu depuis sept ans, mais avec une part significative de contrats saisonniers, selon l&#39;enqu&ecirc;te annuelle de P&ocirc;le emploi publi&eacute;e mardi. Apr&egrave;s une croissance de seulement 2,3% en 2</p>', '<p>PARIS (AFP)&nbsp;-&nbsp; Bonne nouvelle sur le front de l&#39;emploi: les perspectives de recrutement des entreprises progressent nettement cette ann&eacute;e, atteignant un niveau jamais vu depuis sept ans, mais avec une part significative de contrats saisonniers, selon l&#39;enqu&ecirc;te annuelle de P&ocirc;le emploi publi&eacute;e mardi. Apr&egrave;s une croissance de seulement 2,3% en 2</p>', 1, '9gd15JV8', '2016-09-15 17:52:48', '2016-09-15 17:55:09', 'zeazeaze', 6, 6, 1, 'jybdubms5f4s0swco8ko8ks8kk8ock8', 1, NULL, NULL),
(7, 'Embellie dans les perspectives d\'embauche en 2017', '<p>ARIS (AFP)&nbsp;-&nbsp; Bonne nouvelle sur le front de l&#39;emploi: les perspectives de recrutement des entreprises progressent nettement cette ann&eacute;e, atteignant un niveau jamais vu depuis sept ans, mais avec une part significative de contrats saisonniers, selon l&#39;enqu&ecirc;te annuelle de P&ocirc;le emploi publi&eacute;e mardi. Apr&egrave;s une croissance de seulement 2,3% en 2</p>', '<p>ARIS (AFP)&nbsp;-&nbsp; Bonne nouvelle sur le front de l&#39;emploi: les perspectives de recrutement des entreprises progressent nettement cette ann&eacute;e, atteignant un niveau jamais vu depuis sept ans, mais avec une part significative de contrats saisonniers, selon l&#39;enqu&ecirc;te annuelle de P&ocirc;le emploi publi&eacute;e mardi. Apr&egrave;s une croissance de seulement 2,3% en 2</p>', 1, '9gd15JV8', '2016-09-15 17:58:01', '2016-09-15 18:01:05', 'sdqsd', 7, 7, 1, '3j39welopa4g8s0g404cwcswoo8cc88', 1, NULL, NULL),
(8, 'Transcatheter closure of a coronary artery fistula between the left circumflex artery and the coronary sinus. A case report.', '<p><strong>Transcatheter closure of a coronary artery fistula between the left circumflex artery and the coronary sinus. A case report.</strong></p>\r\n\r\n<p>Introduction: Coronary artery fistula (CAF) is a very rare congenital heart disease occurring in less than 0,2 % of all cardiac congenital anomalies. The fistulous connection between the left circumflex artery and the coronary sinus is reported in case series. Several therapeutic modalities are possible, surgical or percutaneous closure and even abstention in the asymptomatic form. The optimal strategy is not established yet due to the scarcity of data.</p>\r\n\r\n<p>Case report: A 15-year-old patient was referred to our institution to explore a continuous heart murmur. The patient was asymptomatic. Electrocardiography showed normal sinus rhythm and no specific changes in the ST segment and T wave. Coronary angiography revealed a fistulous connection between the circumflex artery and the coronary sinus, which both of them were markedly dilated. We proceeded to an anterograde percutaneous closure of the fistula with an AMPLATZER duct occluder II 6 x 4 mm. the post-operative course was uneventful.</p>\r\n\r\n<p>Discussion: CAF management is not clearly defined and most reports recommend a conservative treatment in asymptomatic forms. In our case, we decided to close the fistula because of its large size described as an independent predictor of mortality in some studies. Taking into consideration the localization and complexity of the fistula anatomy, the choice of the patient and the absence of other congenital anomalies, the transcatheter approach seemed to be an attractive alternative treatment option.</p>\r\n\r\n<p>Conclusion: CAF remains an underestimated entity due to the high incidence of the asymptomatic form but it&rsquo;s a life threatening disease. It should be considered as a specific etiology of myocardial ischemia by a steal phenomenon, tamponnade by the rupture of the dilated vessel and even endocarditis. Several techniques have been proposed to eliminate this defect. Herein, we report a successful deployment of an AMPLATZER duct occluder as a simple and safe technique.</p>\r\n\r\n<p>&nbsp;</p>', NULL, 4, NULL, '2016-10-13 15:33:31', '2017-03-14 16:26:33', 'SELIM BOUDCIHE', 8, 8, 1, 'ssr8buivx6sg4cow08c4wko00skggw0', 11, NULL, NULL),
(9, 'Percutaneous pulmonary valve implantation : our first cases.', '<p>Percutaneous pulmonary valve implantation : our first cases</p>\r\n\r\n<p>Introduction: Once adults, 80% of patients who underwent surgical palliation of cono-troncale congenital heart disease will require reintervention on the right ventricle outflow tract (RVOT). The structural valve deterioration of almost all bioprosthetic valve and the necessity of recurrent reintervention obliged us to avoid the open repair and put the percutaneous pulmonary valve implantation (PPVI) in the first line. We report the two first cases of PPVI in Tunisia.</p>\r\n\r\n<p>Case1:&nbsp; A 16-year-old boy who was initially diagnosed with pulmonary atresia surgically repaired twice during his life course. He was referred to our department for a degeneration of his pulmonary homograft in a stenotic way. We performed a PPVI and decreased the right ventricle systolic pressure (RVSP) from 80 to 30 mmHg. The patient remains asymptomatic till this day.</p>\r\n\r\n<p>Case 2:&nbsp; A 14-year-old boy, who had previously an anatomical repair of a transposition of the great arteries, was transferred to our cathlab for a pulmonary valve stenosis. The RVSP was 130 mmHg and he was complaining from dyspnea (NYHA II). We proceeded to a percutaneous implantation of a Melody valve and decreased the gradient to 40 mmHg.</p>\r\n\r\n<p>There was no any immediate post-procedure incident and the convalescence period was uneventful for both patients.</p>\r\n\r\n<p>Discussion: This is a very limited report but with similar short and medium term results to the recent data. RVOT surgical repair is the most realized procedure for grown up congenital heart disease. We expect the transcatheter valve technology to evolve and progress as so.</p>\r\n\r\n<p>Conclusion: 7 years after the first surgical pulmonary valve replacement in Tunisia, the percutaneous option is on the way of being the gold standard modality of repair for these patients. The main challenge we are actually facing is that less than 20% from all patients subject to PPVI may benefit from it due to thelarge variety of shape of the RVOT and the paucity of large prosthesis available for native RVOT.</p>', NULL, 4, NULL, '2016-10-13 15:40:29', '2017-06-14 11:21:21', 'SELIM BOUDCIHE', 9, 9, 1, 't38imam0ykg08ggk48gok0o0s40wc80', 11, NULL, NULL),
(10, 'Mon premier article CPAP  NEJM', '<p>CPAP for Prevention of Cardiovascular Events in Obstructive Sleep Apnea</p>\r\n\r\n<p>R. Doug McEvoy, M.D., Nick A. Antic, M.D., Ph.D., Emma Heeley, Ph.D., Yuanming Luo, M.D., Qiong Ou, M.D., Xilong Zhang, M.D., Olga Mediano, M.D., Rui Chen, M.D., Luciano F. Drager, M.D., Ph.D.,<br />\r\nZhihong Liu, M.D., Ph.D., Guofang Chen, M.D., Baoliang Du, M.D., Nigel McArdle, M.D.,<br />\r\nSutapa Mukherjee, M.D., Ph.D., Manjari Tripathi, M.D., Laurent Billot, M.Sc., Qiang Li, M.Biostat., Geraldo Lorenzi‐Filho, M.D., Ferran Barbe, M.D., Susan Redline, M.D., M.P.H., Jiguang Wang, M.D., Ph.D., Hisatomi Arima, M.D., Ph.D., Bruce Neal, M.D., Ph.D., David P. White, M.D., Ron R. Grunstein, M.D., Ph.D., Nanshan Zhong, M.D., and Craig S. Anderson, M.D., Ph.D., for the SAVE Investigators and Coordinators*</p>\r\n\r\n<p><img alt=\"page1image8856\" src=\"file:///page1image8856\" style=\"height:18.000000; width:492.000000\" /> <img alt=\"page1image9016\" src=\"file:///page1image9016\" style=\"height:0.360000; width:474.360000\" /></p>\r\n\r\n<p>abstract</p>\r\n\r\n<p><img alt=\"page1image9624\" src=\"file:///page1image9624\" style=\"height:0.360000; width:474.360000\" /></p>\r\n\r\n<p><strong>BACKGROUND </strong></p>\r\n\r\n<p>Obstructive sleep apnea is associated with an increased risk of cardiovascular events; whethertreatmentwithcontinuouspositiveairwaypressure(CPAP)preventsmajorcardio- vascular events is uncertain.</p>\r\n\r\n<p><strong>METHODS </strong></p>\r\n\r\n<p>After a 1-week run-in period during which the participants used sham CPAP, we ran- domly assigned 2717 eligible adults between 45 and 75 years of age who had moderate-to- severe obstructive sleep apnea and coronary or cerebrovascular disease to receive CPAP treatment plus usual care (CPAP group) or usual care alone (usual-care group). The pri- mary composite end point was death from cardiovascular causes, myocardial infarction, stroke, or hospitalization for unstable angina, heart failure, or transient ischemic attack. Secondary end points included other cardiovascular outcomes, health-related quality of life, snoring symptoms, daytime sleepiness, and mood.</p>\r\n\r\n<p><strong>RESULTS </strong></p>\r\n\r\n<p>Most of the participants were men who had moderate-to-severe obstructive sleep apnea and minimal sleepiness. In the CPAP group, the mean duration of adherence to CPAP therapy was 3.3 hours per night, and the mean apnea&ndash;hypopnea index (the number of apnea or hypopnea events per hour of recording) decreased from 29.0 events per hour at baseline to 3.7 events per hour during follow-up. After a mean follow-up of 3.7 years, a primary end-point event had occurred in 229 participants in the CPAP group (17.0%) and in 207 participants in the usual-care group (15.4%) (hazard ratio with CPAP, 1.10; 95% confidence interval, 0.91 to 1.32; P=0.34). No significant effect on any individual or other composite cardiovascular end point was observed. CPAP significantly reduced snoring and daytime sleepiness and improved health-related quality of life and mood.</p>\r\n\r\n<p><strong>CONCLUSIONS </strong></p>\r\n\r\n<p>Therapy with CPAP plus usual care, as compared with usual care alone, did not prevent cardiovascular events in patients with moderate-to-severe obstructive sleep apnea and es- tablished cardiovascular disease. (Funded by the National Health and Medical Research Council of Australia and others; SAVE ClinicalTrials.gov number, NCT00738179; Austra- lian New Zealand Clinical Trials Registry number, ACTRN12608000409370.)&nbsp;</p>', NULL, NULL, NULL, '2016-10-17 00:41:31', '2016-10-17 00:41:31', 'Doug McEvoy', 10, 10, 1, 'riisrj8mug0g44g88gk0ws4ocww4wkg', 25, NULL, NULL),
(11, 'MicroCirculation  EHJ 2015', '<table>\r\n	<tbody>\r\n		<tr>\r\n			<td>\r\n			<p>How does coronary stent implantation impact on the status of the microcirculation during primary percutaneous coronary intervention in patients with ST-elevation myocardial infarction?</p>\r\n\r\n			<p>Giovanni Luigi De Maria1, Florim Cuculi1,2, Niket Patel1, Sam Dawkins1, Gregor Fahrni1, George Kassimis1, Robin P. Choudhury3,4, John C. Forfar1, Bernard D. Prendergast1, Keith M. Channon1, Rajesh K. Kharbanda1&dagger;,<br />\r\n			and Adrian P. Banning1*&dagger;</p>\r\n\r\n			<p>1Oxford Heart Centre, NIHR Biomedical Research Centre, Oxford University Hospitals, Headley Way, Oxford OX39DU, UK; 2Department of Cardiology, LuzernerKantonsspital, Luzern, Switzerland; 3Acute Vascular Imaging Centre, Radcliffe Department of Medicine, University of Oxford, Oxford, UK; and 4Division of Cardiovascular Medicine, BHF Centre of Research Excellence, University of Oxford, Oxford, UK</p>\r\n\r\n			<p>Received 13 February 2015; revised 27 May 2015; accepted 6 July 2015; online publish-ahead-of-print 7 August 2015</p>\r\n\r\n			<p>See page 3178 for the editorial comment on this article (doi:10.1093/eurheartj/ehv495)</p>\r\n			</td>\r\n		</tr>\r\n		<tr>\r\n			<td style=\"background-color:rgb(95.000000%, 97.000000%, 90.000000%)\"><img alt=\"page1image9896\" src=\"file:///page1image9896\" style=\"height:6.009400; width:504.000000\" />\r\n			<p>Aims Primary percutaneous coronary intervention (PPCI) is the optimal treatment for patients presenting with ST-elevation myocardial infarction (STEMI). An elevated index of microcirculatory resistance (IMR) reflects microvascular function and when measured after PPCI, it can predict an adverse clinical outcome. We measured coronary microvascular func-</p>\r\n\r\n			<p>tion in STEMI patients and compared sequential changes before and after stent implantation.</p>\r\n\r\n			<p>.....................................................................................................................................................................................</p>\r\n\r\n			<p>Methods and results</p>\r\n\r\n			<p>In 85 STEMI patients, fractional flow reserve, coronary flow reserve, and IMR were measured using a pressure wire</p>\r\n\r\n			<p>(Certus, St Jude Medical, St Paul, MN, USA) immediately before and after stent implantation. Stenting significantly im-</p>\r\n\r\n			<p>proved all of the measured parameters of coronary physiology including IMR from 67.7 [interquartile range (IQR):</p>\r\n\r\n			<p>56.2&ndash;95.8] to 36.7 (IQR: 22.7&ndash;59.5), P , 0.001. However, after stenting, IMR remained elevated (.40) in 28</p>\r\n\r\n			<p>(32.9%) patients. In 15 of these patients (17.6% of the cohort), only a partial reduction in IMR occurred and these pa-</p>\r\n\r\n			<p>tients were more likely to be late presenters (pain to wire time .6 h). The extent of jeopardized myocardium [stan-</p>\r\n\r\n			<p>dardized beta: 20.26 (IMR unit/Bypass Angioplasty Revascularization Investigation score unit), P: 0.009] and</p>\r\n\r\n			<p>pre-stenting IMR [standardized beta: 20.34 (IMR unit), P: 0.001] predicted a reduction in IMR after stenting (DIMR 1&frasl;4</p>\r\n\r\n			<p>post-stenting IMR 2 pre-stenting IMR), whereas thrombotic burden [standardized beta: 0.24 (IMR unit/thrombus score</p>\r\n\r\n			<p>unit), P: 0.01] and deployed stent volume [standardized beta: 0.26 (IMR unit/mm3 of stent), P: 0.01] were associated with</p>\r\n\r\n			<p>a potentially deleterious increase in IMR.</p>\r\n\r\n			<p>.....................................................................................................................................................................................</p>\r\n\r\n			<p>Conclusion Improved perfusion of the myocardium by stent deployment during PPCI is not universal. The causes of impaired micro- vascular function at the completion of PPCI treatment are heterogeneous, but can reflect a later clinical presentation and/or the location and extent of the thrombotic burden.</p>\r\n\r\n			<p>-----------------------------------------------------------------------------------------------------------------------------------------------------------</p>\r\n\r\n			<p>Keywords ST-elevation myocardial infarction &dagger; Stent &dagger; Index of microcirculatory resistance &dagger; Distal embolization</p>\r\n			</td>\r\n		</tr>\r\n		<tr>\r\n			<td>&nbsp;</td>\r\n		</tr>\r\n	</tbody>\r\n</table>', NULL, 2, NULL, '2016-10-17 00:51:38', '2017-03-14 16:11:31', 'Kais', 11, 11, 1, 'aahhyqx660gs4w08c4ks84koo8wc448', 25, NULL, NULL),
(12, 'test', '<p>test</p>', '<p>test</p>', NULL, NULL, '2016-10-27 12:37:05', '2016-10-27 12:37:05', 'nesrine maaouia', 12, 12, 1, 'tvs29snhj5wgsg4g0cw444wco8oc8o4', 28, NULL, NULL),
(13, 'title', '<p>test</p>', '<p>test test</p>', NULL, NULL, '2016-10-27 16:09:54', '2016-10-27 16:09:54', 'ines bourgou', 13, 13, 1, 'aw6ii5dxa3kgc04o4s0kwckgogwcs0c', 28, NULL, NULL),
(14, 'title test 1', '<p><img alt=\"interactions gif\" src=\"http://pafciconline.org/PafcicOnline/web/uploads/media/66.png\" style=\"height:1126px; width:1609px\" /></p>', '<p><a href=\"http://pafciconline.org/PafcicOnline/web/uploads/media/68.jpeg\"><img alt=\"\" src=\"http://pafciconline.org/PafcicOnline/web/uploads/media/68.jpeg\" style=\"height:768px; width:1024px\" /></a></p>', NULL, NULL, '2016-10-28 18:30:32', '2016-10-28 18:30:32', 'ines', 14, 14, 1, 'i2c47eh0mko4c8w0sgo04w8o0ckcwk4', 28, NULL, NULL),
(15, 'article test', '<p>test abstract fffff edited</p>', '<p>test content &nbsp;&nbsp;<img alt=\"\" src=\"http://pafciconline.org/PafcicOnline/web/uploads/media/71.jpeg\" style=\"height:300px; width:300px\" /></p>', 1, 'rZS_gpd_ZZQ', '2017-03-14 15:31:38', '2017-03-14 16:16:36', 'charf', 15, 15, 1, 'he198j2glk0g0wwc08c8sk44w0s48kg', 40, NULL, NULL),
(16, 'article test 2', '<p>&lt;w&lt;wxw</p>', '<p>&lt;wx&lt;wx&lt;w</p>', 4, 'rZS_gpd_ZZQ', '2017-03-14 15:35:54', '2017-03-14 16:06:44', 'charf', 16, 16, 1, 'evpgrss5m9cswwggsw8wkwwocw4koss', 40, NULL, NULL),
(17, 'article test 3', '<p>abstract</p>', '<p>content</p>', 4, NULL, '2017-03-14 15:36:32', '2017-03-14 16:05:36', 'charf', 17, 17, 1, 'dlhlihg4vj4gw8ocowkk8gc4scsgoo0', 40, NULL, NULL);
INSERT INTO `articles` (`id`, `title`, `abstract`, `content`, `status`, `video`, `dateCreate`, `datePublished`, `createdby`, `image_id`, `document_id`, `isEnabled`, `salt`, `user_id`, `score`, `comment`) VALUES
(18, 'Test Article', '<p>&nbsp;</p>\r\n\r\n<p>&nbsp;</p>\r\n\r\n<p>Titre g&eacute;n&eacute;ral&nbsp;:</p>\r\n\r\n<p>Sous le haut patronage de S.A.S. le Prince Souverain Albert II</p>\r\n\r\n<p>Comit&eacute; Mondial FCEM &ndash; Principaut&eacute; de Monaco 14 - 17 Mars 2017</p>\r\n\r\n<p>&nbsp;H&ocirc;tel &laquo; Le M&eacute;ridien Bleach Plaza &raquo;</p>\r\n\r\n<p>Onglet 1&nbsp;:&nbsp;Accueil</p>\r\n\r\n<p>Un slider avec&nbsp; photo en haut ( &agrave; fournir ult&eacute;rieurement par le client)</p>\r\n\r\n<p>Une carosselle de logo de sponsor en bas sur tout le site (logos &agrave; fournir ult&eacute;rieurement)</p>\r\n\r\n<p>A propos du comit&eacute;&nbsp;:</p>\r\n\r\n<p>&laquo; L&#39;entreprenariat&nbsp; f&eacute;minin face aux nouveaux enjeux de l&#39;environnement, de la sant&eacute; et de la qualit&eacute; de vie.&nbsp;&raquo;</p>\r\n\r\n<p>Mettre la vid&eacute;o&nbsp;:<a href=\"https://we.tl/lT1C806LCg\">https://we.tl/lT1C806LCg</a>&nbsp;</p>\r\n\r\n<p>Mot de bienvenue :</p>\r\n\r\n<p><img alt=\"\" src=\"http://pafciconline.org/PafcicOnline/web/uploads/media/74.jpeg\" style=\"height:128px; width:128px\" /></p>\r\n\r\n<p>Mme Jo&euml;lle BACCIALON pr&eacute;sidente de &nbsp;l&rsquo;Association AFCEM.</p>\r\n\r\n<p><em>Ce comit&eacute; mondial a pour ambition de cr&eacute;er un espace de r&eacute;flexion sur l&#39;entreprise et l&#39;environnement , la sant&eacute; et l&#39;attractivit&eacute;. Il offre &agrave; des centaines de participantes de divers horizons, la possibilit&eacute; de se rencontrer , d&#39;&eacute;changer des exp&eacute;riences ,de partager une vision du futur&nbsp; qui permettront de nouvelles id&eacute;es d&#39;orientation pour les entreprises .</em></p>\r\n\r\n<p><em>Cet &eacute;v&eacute;nement cr&eacute;e l&#39;occasion de tisser des liens d&#39;amiti&eacute;, de mettre en place&nbsp; des synergies et des partenariats de business avec des femmes venues du&nbsp; monde entier&nbsp; . Des femmes souvent exceptionnelles qui,&nbsp; dans leur parcours ou dans leurs actions, ont d&eacute;ploy&eacute; du courage, de la t&eacute;nacit&eacute;, de l&#39;intelligence, de l&#39;innovation&nbsp; et d&eacute;montr&eacute; la force de l&#39;entreprenariat au f&eacute;minin.</em></p>\r\n\r\n<p><em>Durant les quatre jours du comit&eacute;, nous proposons un programme de haut niveau&nbsp; , mettant l&rsquo;accent sur les opportunit&eacute;s de l&#39;&eacute;conomie environnementale , du&nbsp;&nbsp; d&eacute;veloppement de p&ocirc;les d&#39;excellences&nbsp; et de l&#39;importance des services et de l&#39;attractivit&eacute;.</em></p>\r\n\r\n<p><em>Ces th&egrave;mes seront d&eacute;velopp&eacute;s sous forme de conf&eacute;rences ouvertes et de tables rondes.</em></p>\r\n\r\n<p><em>Pour FCEM ce&nbsp; comit&eacute; verra l&#39;&eacute;lection de la prochaine Pr&eacute;sidente Mondiale , l&#39;occasion de rendre hommage &agrave; notre Pr&eacute;sidente Mondiale&nbsp; sortante Madame Laura Gucci et &agrave; sa contribution pour le maintien au sommet de notre association&nbsp; qui est sans aucun doute la plus ancienne et la plus grande association de Femmes&nbsp; chefs d&#39;entreprises dans le monde. </em></p>\r\n\r\n<p><em>Ce sera un endroit&nbsp; id&eacute;al et unique pour le renforcement des &eacute;changes des meilleures pratiques entre les associations nationales dans un vaste &eacute;lan d&rsquo;amiti&eacute;, de solidarit&eacute;, entre des femmes qui partagent un int&eacute;r&ecirc;t commun&nbsp;: l&rsquo;esprit d&rsquo;entreprise.</em></p>\r\n\r\n<p><em>&nbsp;</em></p>\r\n\r\n<p><em>Pour cela Monaco mettra &agrave; votre disposition son cadre enchanteur, ses infrastructures d&#39;exception,&nbsp; son ambiance unique d&#39;une ville cosmopolite ou le bien vivre ensemble est une r&eacute;alit&eacute;.<a href=\"http://pafciconline.org/PafcicOnline/web/uploads/media/74.jpeg\">http://pafciconline.org/PafcicOnline/web/uploads/media/74.jpeg</a></em></p>\r\n\r\n<p><em>Venez nous rejoindre et contribuer &agrave; la r&eacute;ussite de cette manifestation par votre participation massive &agrave; cet &eacute;v&egrave;nement qu&#39; AFCEM &quot;&nbsp; Association des femmes Chefs d&#39;entreprises de Monaco&quot; organise pour vous avec toute son &eacute;nergie et son amour pour FCEM.</em></p>\r\n\r\n<p>- Mme Laura Gucci Pr&eacute;sidente FCEM (&agrave; confirmer si on va la mettre ou pas)</p>\r\n\r\n<p>&nbsp;</p>\r\n\r\n<p>&nbsp;</p>\r\n\r\n<p>Onglet 2&nbsp;: A propos de AFCEM &nbsp;</p>\r\n\r\n<p>http://afce-monaco.org/l-association#association</p>\r\n\r\n<p>&nbsp;</p>\r\n\r\n<p>Les Femmes Chefs d&rsquo;Entreprises de Monaco</p>\r\n\r\n<p>La Principaut&eacute; de Monaco, fi&egrave;re de son remarquable entreprenariat f&eacute;minin, ne pouvait que se joindre &agrave; cette formidable initiative et adh&eacute;rer &agrave; l&rsquo;Association des Femmes Chefs d&rsquo;Entreprises Mondiale. Cette volont&eacute; a donn&eacute; naissance &agrave; une entit&eacute; &agrave; part enti&egrave;re, &laquo; l&rsquo;Association des Femmes Chefs d&rsquo;Entreprise de Monaco &raquo;.</p>\r\n\r\n<p>L&rsquo;association regroupe diff&eacute;rentes personnalit&eacute;s aux parcours atypiques poss&eacute;dant une r&eacute;elle expertise dans leurs domaines respectifs. Des femmes qui s&rsquo;investissent dans la vie &eacute;conomique mon&eacute;gasque et qui affichent clairement leur volont&eacute; de participer au d&eacute;veloppement g&eacute;n&eacute;ral de la Principaut&eacute;.</p>\r\n\r\n<p>L&rsquo;objet de l&rsquo;association est le suivant :</p>\r\n\r\n<p>&Eacute;tudier et d&eacute;fendre les droits et int&eacute;r&ecirc;ts g&eacute;n&eacute;raux des femmes chefs d&rsquo;entreprises et l&rsquo;entreprise en g&eacute;n&eacute;ral ;</p>\r\n\r\n<p>Informer les femmes chefs d&rsquo;entreprises des fonctions qui leur sont ou seront ouvertes pour susciter, appuyer des candidatures dans les organismes professionnels et tous organismes d&rsquo;Etat traitant de questions &eacute;conomiques ;</p>\r\n\r\n<p>Informer et documenter les membres de l&rsquo;association sur toutes les questions concernant l&rsquo;entreprise ;</p>\r\n\r\n<p>Animer le r&eacute;seau des femmes chefs d&rsquo;entreprises en Principaut&eacute; de Monaco et de faire la promotion de l&rsquo;entreprenariat f&eacute;minin au sein des organismes professionnels et &agrave; caract&egrave;re &eacute;conomique en principaut&eacute; et &agrave; l&rsquo;&eacute;tranger.</p>\r\n\r\n<p>L&rsquo;antenne mon&eacute;gasque</p>\r\n\r\n<p>L&rsquo;antenne mon&eacute;gasque des Femmes Chefs d&rsquo;Entreprises a &eacute;t&eacute; cr&eacute;&eacute;e le 15 juillet 2004 sous l&rsquo;impulsion de la Chambre de D&eacute;veloppement Economique de Monaco (CDE).</p>\r\n\r\n<p>La premi&egrave;re pr&eacute;sidente pour trois ans a &eacute;t&eacute; Elisabeth RITTER MOATI qui est aujourd&rsquo;hui la Pr&eacute;sidente d&rsquo;Honneur. Puis, Antonia IVALDI a pris le relais pour le triennat 2008-2011.</p>\r\n\r\n<p>Depuis mars 2011, Jo&euml;lle BACCIALON pr&eacute;side l&rsquo;Association AFCEM.</p>\r\n\r\n<p><strong>Onglet 3&nbsp;: &nbsp;Programme </strong></p>\r\n\r\n<p><!--[if !supportLists]-->&middot;&nbsp;&nbsp;&nbsp;&nbsp;&nbsp;&nbsp;&nbsp; <!--[endif]--><strong>Sous onglet 1&nbsp;: D&eacute;tails programme</strong></p>\r\n\r\n<p>&nbsp; programme détaillé du congrès dans le&nbsp; PDF &laquo;&nbsp;FCEM_programmeComité_v2DEFINITIF.pdf&nbsp;&raquo;</p>\r\n\r\n<ul>\r\n	<li><strong>Sous onglet 2&nbsp;: &nbsp;Forums de discussion</strong></li>\r\n</ul>\r\n\r\n<p>Conf&eacute;rence 1 :&nbsp; L&rsquo;attractivit&eacute;́, la qualit&eacute;́ de l&rsquo;accueil et le service</p>\r\n\r\n<p>Conf&eacute;rence 2 : Environnement et urbanisme</p>\r\n\r\n<p>Conf&eacute;rence 3 : Monaco pôle de santé, de luxe et de sport</p>\r\n\r\n<p>&nbsp;</p>\r\n\r\n<p><strong>Onglet 4&nbsp;: &nbsp;Inscription</strong></p>\r\n\r\n<p><!--[if !supportLists]-->&middot;&nbsp;&nbsp;&nbsp;&nbsp;&nbsp;&nbsp;&nbsp; <!--[endif]--><strong>Sous onglet 1&nbsp;: D&eacute;tails </strong></p>\r\n\r\n<p>L&rsquo;inscription au Comit&eacute; Mondial FCEM 2017 se fera exclusivement en ligne &agrave; travers ce lien. Tous les participants inscrits recevront via email de notification automatique un num&eacute;ro d&rsquo;inscription unique qui sera n&eacute;cessaire pour toutes les &eacute;tapes de la gestion du dossier (inscription, h&eacute;bergement, navettes, remise des badges, post congr&egrave;s&hellip;)</p>\r\n\r\n<p><strong>Frais d&rsquo;inscription : (tableau)</strong></p>\r\n\r\n<p>d&eacute;signation&nbsp;&nbsp;&nbsp;&nbsp;&nbsp;&nbsp;&nbsp;&nbsp;&nbsp;&nbsp;&nbsp;&nbsp;&nbsp;&nbsp;&nbsp;&nbsp;&nbsp;&nbsp;&nbsp;&nbsp;&nbsp;&nbsp;&nbsp;&nbsp;&nbsp;&nbsp;&nbsp; Avant 15 janvier 2017*&nbsp; &nbsp;&nbsp;&nbsp;&nbsp;&nbsp;&nbsp;&nbsp;&nbsp;&nbsp;&nbsp; A partir du 16 janvier 2016</p>\r\n\r\n<p>Frais d&rsquo;inscription&nbsp;&nbsp;&nbsp;&nbsp;&nbsp;&nbsp;&nbsp;&nbsp;&nbsp;&nbsp;&nbsp; &nbsp;&nbsp;&nbsp;&nbsp;&nbsp;&nbsp;&nbsp;550 Euros HT&nbsp;&nbsp;&nbsp;&nbsp;&nbsp;&nbsp;&nbsp;&nbsp;&nbsp;&nbsp;&nbsp;&nbsp;&nbsp;&nbsp;&nbsp;&nbsp;&nbsp;&nbsp;&nbsp;&nbsp;&nbsp;&nbsp;&nbsp;&nbsp;&nbsp;&nbsp;&nbsp;&nbsp;&nbsp;&nbsp;&nbsp;&nbsp;&nbsp;&nbsp;&nbsp;&nbsp;&nbsp;&nbsp; 600 Euros HT</p>\r\n\r\n<p>Post congr&egrave;s&nbsp;&nbsp;&nbsp;&nbsp;&nbsp;&nbsp;&nbsp;&nbsp;&nbsp;&nbsp;&nbsp;&nbsp;&nbsp;&nbsp;&nbsp;&nbsp;&nbsp;&nbsp;&nbsp;&nbsp;&nbsp;&nbsp;&nbsp;&nbsp;&nbsp;&nbsp;&nbsp;&nbsp; 120 Euros HT&nbsp;&nbsp;&nbsp;&nbsp;&nbsp;&nbsp;&nbsp;&nbsp;&nbsp;&nbsp;&nbsp;&nbsp;&nbsp;&nbsp;&nbsp;&nbsp;&nbsp;&nbsp;&nbsp;&nbsp;&nbsp;&nbsp;&nbsp;&nbsp;&nbsp;&nbsp;&nbsp;&nbsp;&nbsp;&nbsp;&nbsp;&nbsp;&nbsp;&nbsp;&nbsp;&nbsp;&nbsp; 120 Euros HT</p>\r\n\r\n<p><strong>Les frais d&rsquo;inscription donnent droit &agrave; :</strong></p>\r\n\r\n<ul>\r\n	<li>Le pack de Bienvenue</li>\r\n	<li>Participation aux conf&eacute;rences&nbsp;</li>\r\n	<li>Traduction simultan&eacute;e fran&ccedil;ais anglais et espagnol</li>\r\n	<li>Les d&eacute;jeuners, les Diners et les pauses caf&eacute; mentionn&eacute;es dans le programme</li>\r\n	<li>La Visite de Monaco ville, du Mus&eacute;e Oc&eacute;anographique&nbsp; et du Conseil National le 16 mars.</li>\r\n	<li>Le d&icirc;ner de Gala du 16 mars</li>\r\n	<li>Les transferts a&eacute;roport de Nice C&ocirc;te d&rsquo;Azur / h&ocirc;tel M&eacute;ridien Beach Plaza du 14 mars et retour le 17 mars</li>\r\n</ul>\r\n\r\n<p>Vous pouvez &eacute;galement r&eacute;server le programme de la journ&eacute;e post comit&eacute; de vendredi 17 mars en cochant la case correspondante sur le module d&rsquo;inscription.</p>\r\n\r\n<p><em>Membres AFCEMonaco&nbsp;: pour les proc&eacute;dures d&rsquo;inscription des participantes, nous vous invitons &agrave; vous adresser directement au secr&eacute;tariat du congr&egrave;s au : +377 6&nbsp;78 63 06 90</em></p>\r\n\r\n<p><strong><em>Conditions&nbsp;</em></strong><em>: les inscriptions seront d&eacute;finitivement closes &agrave; compter du 16 f&eacute;vrier 2017 .Toute inscription qui n&#39;aura &eacute;t&eacute; ni r&eacute;gl&eacute;e ni confirm&eacute;e par un bon de commande en bonne et due forme au 16 f&eacute;vrier 2017 sera annul&eacute;e. </em></p>\r\n\r\n<p><em>Conditions particuli&egrave;res: Aucune annulation effectu&eacute;e apr&egrave;s le 16 f&eacute;vrier 2017 ne pourra donner lieu &agrave; remboursement.&nbsp; </em></p>\r\n\r\n<p><em>Toute annulation devra &ecirc;tre notifiée par email au Secr&eacute;tariat G&eacute;n&eacute;ral ( mettre l&#39;adresse email) En cas d&rsquo;annulation des frais de 50 Euros seront factur&eacute;s. Cependant, en cas d&#39;indisponibilit&eacute;, un participant dont l&#39;inscription aura &eacute;t&eacute; confirm&eacute;e pourra se faire repr&eacute;senter par une&nbsp; coll&egrave;gue de la m&ecirc;me association&nbsp;, sous r&eacute;serve d&#39;information &agrave; l&#39;organisateur avant le 16 f&eacute;vrier 2017.&nbsp;&nbsp; Il n&rsquo;y aura pas d&rsquo;inscription sur place.</em></p>\r\n\r\n<p><!--[if !supportLists]-->&middot;&nbsp;&nbsp;&nbsp;&nbsp;&nbsp;&nbsp;&nbsp;&nbsp; <!--[endif]--><strong>Sous onglet 2&nbsp;: &nbsp;Inscription en ligne</strong></p>\r\n\r\n<p>&nbsp; lien pour le formulaire d&rsquo;inscription en ligne à remplir contenant les champs suivants (le m&ecirc;me que l&rsquo;ancien en rajoutant juste le dernier champ) :</p>\r\n\r\n<p>Civilité</p>\r\n\r\n<p>Nom</p>\r\n\r\n<p>Prénom</p>\r\n\r\n<p>Secteur d&rsquo;activité</p>\r\n\r\n<p>Entreprise/Organisme</p>\r\n\r\n<p>Qualité/Fonction</p>\r\n\r\n<p>Association Nationale</p>\r\n\r\n<p>Titre ( Présidente, vice-présidente, membre, commissaire, ambassadrice, secrétaire,</p>\r\n\r\n<p>trésorière, autre)</p>\r\n\r\n<p>Pays</p>\r\n\r\n<p>Adresse</p>\r\n\r\n<p>Code postal</p>\r\n\r\n<p>Ville</p>\r\n\r\n<p>Téléphone</p>\r\n\r\n<p>Mobile</p>\r\n\r\n<p>Fax</p>\r\n\r\n<p>Email</p>\r\n\r\n<p>Confirmation Email</p>\r\n\r\n<p>Catégorie d&rsquo;inscription (paramétrable selon les tarifs et les catégories choisies &agrave; savoir 550euros avant le 15 janvier 2017 et 600 euros &agrave; partir du 16/01)</p>\r\n\r\n<p>Je souhaite participer au programme post congrés (supplément 120 euros, voir détail)</p>\r\n\r\n<p>Oui ou non</p>\r\n\r\n<p>Membre du Steering&nbsp;: oui&nbsp;&nbsp; non</p>\r\n\r\n<p><strong>Onglet 5&nbsp;: &nbsp;H&eacute;bergement et transfert</strong></p>\r\n\r\n<p><!--[if !supportLists]-->&middot;&nbsp;&nbsp;&nbsp;&nbsp;&nbsp;&nbsp;&nbsp; <!--[endif]-->&nbsp;<strong>Sous onglet 1&nbsp;: Transfert en ligne</strong></p>\r\n\r\n<p>Il s&rsquo;agit d&rsquo;un formulaire &agrave; remplir avec les champs suivants&nbsp;:</p>\r\n\r\n<p>Nom&nbsp;:</p>\r\n\r\n<p>Pr&eacute;nom&nbsp;:</p>\r\n\r\n<p>Adresse mail&nbsp;:</p>\r\n\r\n<p><strong>Votre plan de Vol&nbsp;: (navettes a&eacute;roport aller /retour entre 10h et 19h)</strong></p>\r\n\r\n<p>Aller&nbsp;: Date&nbsp;:&nbsp;&nbsp;&nbsp;&nbsp;&nbsp;&nbsp;&nbsp;&nbsp;&nbsp;&nbsp;&nbsp;&nbsp;&nbsp;&nbsp;&nbsp;&nbsp;&nbsp;&nbsp;&nbsp; A&eacute;roport de d&eacute;part&nbsp;:&nbsp;&nbsp;&nbsp;&nbsp;&nbsp;&nbsp;&nbsp;&nbsp;&nbsp;&nbsp;&nbsp;&nbsp;&nbsp;&nbsp;&nbsp;&nbsp;&nbsp;&nbsp;&nbsp;&nbsp;&nbsp;&nbsp;&nbsp; &nbsp;Arriv&eacute;eTerminal&nbsp;: <em>&nbsp;1&nbsp;&nbsp;&nbsp;&nbsp;&nbsp; ou&nbsp;&nbsp;&nbsp; 2 </em>&nbsp;&nbsp;&nbsp;&nbsp;&nbsp;&nbsp;</p>\r\n\r\n<p>&nbsp;Heure d&rsquo;arriv&eacute;e&nbsp;&agrave; Nice C&ocirc;te d&rsquo;Azur&nbsp;:&nbsp;&nbsp;&nbsp;&nbsp;&nbsp;&nbsp;&nbsp;&nbsp;&nbsp;&nbsp;&nbsp;&nbsp; Compagnie&nbsp;:&nbsp;&nbsp;&nbsp;&nbsp;&nbsp;&nbsp;&nbsp;&nbsp;&nbsp;&nbsp;&nbsp;&nbsp;&nbsp; Num&eacute;ro de vol&nbsp;:</p>\r\n\r\n<p>&nbsp;</p>\r\n\r\n<p>Retour Date&nbsp;:&nbsp;&nbsp;&nbsp;&nbsp;&nbsp;&nbsp;&nbsp;&nbsp;&nbsp;&nbsp;&nbsp;&nbsp;&nbsp;&nbsp;&nbsp;&nbsp;&nbsp;&nbsp;&nbsp;&nbsp;&nbsp;&nbsp;&nbsp;&nbsp;&nbsp;&nbsp;&nbsp;&nbsp;&nbsp;&nbsp;&nbsp;&nbsp;&nbsp;&nbsp;&nbsp;&nbsp;&nbsp;&nbsp;&nbsp;&nbsp;&nbsp;&nbsp;&nbsp;&nbsp;&nbsp;&nbsp;&nbsp;&nbsp;&nbsp;&nbsp;&nbsp;&nbsp;&nbsp;&nbsp;&nbsp;&nbsp;&nbsp;&nbsp;&nbsp;&nbsp;&nbsp;&nbsp;&nbsp;&nbsp;&nbsp;&nbsp;&nbsp;&nbsp;&nbsp;&nbsp;&nbsp;&nbsp;&nbsp;&nbsp;&nbsp;&nbsp;&nbsp;&nbsp;&nbsp;&nbsp;&nbsp;&nbsp;&nbsp;&nbsp;&nbsp;&nbsp;&nbsp;&nbsp; Terminal&nbsp;:&nbsp;&nbsp;&nbsp;&nbsp; <em>1&nbsp;&nbsp; &nbsp;&nbsp;ou&nbsp;&nbsp;&nbsp;&nbsp;&nbsp;&nbsp; 2 </em>&nbsp;&nbsp;&nbsp;&nbsp;&nbsp;&nbsp;&nbsp;&nbsp;&nbsp;&nbsp;&nbsp;&nbsp;heure du d&eacute;part&nbsp;:&nbsp;&nbsp;&nbsp;&nbsp;&nbsp;&nbsp;&nbsp;&nbsp;&nbsp;&nbsp;&nbsp;&nbsp;&nbsp;&nbsp;&nbsp;&nbsp;&nbsp;&nbsp;&nbsp;&nbsp;&nbsp;&nbsp;&nbsp;&nbsp;&nbsp;&nbsp;&nbsp;&nbsp;&nbsp;&nbsp;&nbsp;&nbsp;&nbsp;&nbsp;&nbsp;&nbsp;&nbsp;&nbsp;&nbsp;&nbsp;&nbsp;&nbsp;&nbsp;&nbsp;&nbsp;&nbsp;&nbsp; Compagnie&nbsp;:&nbsp;&nbsp;&nbsp;&nbsp;&nbsp;&nbsp;&nbsp;&nbsp;&nbsp;&nbsp;&nbsp;&nbsp;&nbsp; Num&eacute;ro de vol&nbsp;:</p>\r\n\r\n<p><strong>Sous onglet 2&nbsp;: H&eacute;bergement</strong> <strong>en ligne</strong><br />\r\nM&ecirc;me interface que fcem tunisie v&eacute;rification d&rsquo;inscription&nbsp;:</p>\r\n\r\n<p><!--[if gte vml 1]><v:shapetype id=\"_x0000_t75\" coordsize=\"21600,21600\"\r\n o:spt=\"75\" o:preferrelative=\"t\" path=\"m@4@5l@4@11@9@11@9@5xe\" filled=\"f\"\r\n stroked=\"f\">\r\n <v:stroke joinstyle=\"miter\"/>\r\n <v:formulas>\r\n  <v:f eqn=\"if lineDrawn pixelLineWidth 0\"/>\r\n  <v:f eqn=\"sum @0 1 0\"/>\r\n  <v:f eqn=\"sum 0 0 @1\"/>\r\n  <v:f eqn=\"prod @2 1 2\"/>\r\n  <v:f eqn=\"prod @3 21600 pixelWidth\"/>\r\n  <v:f eqn=\"prod @3 21600 pixelHeight\"/>\r\n  <v:f eqn=\"sum @0 0 1\"/>\r\n  <v:f eqn=\"prod @6 1 2\"/>\r\n  <v:f eqn=\"prod @7 21600 pixelWidth\"/>\r\n  <v:f eqn=\"sum @8 21600 0\"/>\r\n  <v:f eqn=\"prod @7 21600 pixelHeight\"/>\r\n  <v:f eqn=\"sum @10 21600 0\"/>\r\n </v:formulas>\r\n <v:path o:extrusionok=\"f\" gradientshapeok=\"t\" o:connecttype=\"rect\"/>\r\n <o:lock v:ext=\"edit\" aspectratio=\"t\"/>\r\n</v:shapetype><v:shape id=\"Image_x0020_1\" o:spid=\"_x0000_i1025\" type=\"#_x0000_t75\"\r\n style=\'width:366.75pt;height:206.25pt;visibility:visible\'>\r\n <v:imagedata src=\"file:///C:\\Users\\HACHEM~1.TLI\\AppData\\Local\\Temp\\msohtmlclip1\\01\\clip_image001.png\"\r\n  o:title=\"\"/>\r\n</v:shape><![endif]--><!--[if !vml]--><img src=\"file:///C:/Users/HACHEM~1.TLI/AppData/Local/Temp/msohtmlclip1/01/clip_image002.jpg\" style=\"height:275px; width:489px\" /><!--[endif]--></p>\r\n\r\n<p>Si c&rsquo;est pas ok, un message apparait&nbsp;: Veuillez proc&eacute;der &agrave; l&rsquo;inscription en ligne pour avoir un num&eacute;ro d&rsquo;inscription pour pouvoir&nbsp; proc&eacute;der &agrave; l&rsquo;h&eacute;bergement.</p>\r\n\r\n<p>Si c&rsquo;est ok, il passe &agrave; cette page avec ses informations&nbsp;:</p>\r\n\r\n<p><em>Le comit&eacute; d&rsquo;organisation en collaboration avec le M&eacute;ridien met &agrave; la disposition des participants un contingent de chambres &agrave; des tarifs pr&eacute;f&eacute;rentiels, &agrave; l&rsquo;h&ocirc;tel M&eacute;ridien Beach Plaza, o&ugrave; se tiendra l&rsquo;&eacute;v&eacute;nement.</em></p>\r\n\r\n<p><em>L&rsquo;H&ocirc;tel Le M&eacute;ridien Beach Plaza,&nbsp;4 &eacute;toiles, est&nbsp; Id&eacute;alement situ&eacute; face &agrave; la mer M&eacute;diterran&eacute;e, sur les C&ocirc;tes de Monaco. Il&nbsp; se trouve &agrave; moins de 30 minutes de l&rsquo;a&eacute;roport de Nice. Ses &eacute;l&eacute;gantes chambres et suites, dot&eacute;es de vues imprenables sur la mer, ou la montagne, son Spa et la diversit&eacute; de ses restaurants ainsi que son centre de conf&eacute;rence en font&nbsp; une adresse de choix en Principaut&eacute;</em>.</p>\r\n\r\n<p><em>*</em><em>Etant donn&eacute; l&#39;exigu&iuml;t&eacute; du territoire mon&eacute;gasque et le peu de disponibilit&eacute; d&rsquo;offre h&ocirc;teli&egrave;re&nbsp;; le tarif pr&eacute;f&eacute;rentiel r&eacute;serv&eacute; aux membres de FCEM concerne que&nbsp; 150 &agrave;&nbsp; 200 chambres. Les r&eacute;servations seront donc prises par ordre d&rsquo;arriv&eacute;e. Nous sommes d&eacute;sol&eacute;es de cet inconv&eacute;nient&nbsp; ind&eacute;pendant de notre volont&eacute;.</em></p>\r\n\r\n<p>&nbsp;</p>\r\n\r\n<p>Tableau&nbsp;: (rappel du tarif avant lien MBP*)</p>\r\n\r\n<p>Prix h&eacute;bergement&nbsp;&nbsp;&nbsp;&nbsp;&nbsp;&nbsp;&nbsp;&nbsp;&nbsp;&nbsp;&nbsp; &nbsp;&nbsp;&nbsp;&nbsp; occupation simple et petit d&eacute;jeuner&nbsp;&nbsp;&nbsp;&nbsp;&nbsp;&nbsp;&nbsp;&nbsp;&nbsp; &nbsp;&nbsp;&nbsp;&nbsp; occupation double &nbsp;&nbsp;&nbsp;&nbsp;&nbsp;&nbsp;&nbsp;&nbsp;&nbsp;&nbsp;&nbsp;&nbsp;&nbsp;&nbsp;&nbsp;&nbsp;&nbsp;&nbsp;&nbsp;&nbsp;&nbsp;&nbsp; &nbsp;&nbsp;&nbsp;&nbsp; &nbsp;Chambre Classique Single&nbsp;&nbsp;&nbsp;&nbsp;&nbsp;&nbsp;&nbsp;&nbsp;&nbsp;&nbsp;&nbsp;&nbsp;&nbsp;&nbsp;&nbsp;&nbsp;&nbsp; 160,00&euro;&nbsp;&nbsp;&nbsp;&nbsp;&nbsp;&nbsp;&nbsp;&nbsp;&nbsp;&nbsp;&nbsp;&nbsp;&nbsp;&nbsp;&nbsp;&nbsp;&nbsp;&nbsp;&nbsp;&nbsp;&nbsp;&nbsp;&nbsp;&nbsp;&nbsp; 20,00&euro; suppl&eacute;ment petit d&eacute;jeuner</p>\r\n\r\n<p>Executive vue ville&nbsp;&nbsp;&nbsp;&nbsp;&nbsp;&nbsp;&nbsp;&nbsp;&nbsp;&nbsp;&nbsp;&nbsp;&nbsp;&nbsp;&nbsp;&nbsp;&nbsp;&nbsp;&nbsp;&nbsp;&nbsp;&nbsp;&nbsp;&nbsp;&nbsp;&nbsp;&nbsp;&nbsp;&nbsp; 180,00&euro;&nbsp;&nbsp;&nbsp;&nbsp;&nbsp;&nbsp;&nbsp;&nbsp;&nbsp;&nbsp;&nbsp;&nbsp;&nbsp;&nbsp;&nbsp;&nbsp;&nbsp;&nbsp;&nbsp;&nbsp;&nbsp;&nbsp;&nbsp;&nbsp;&nbsp; 20,00&euro; suppl&eacute;ment petit d&eacute;jeuner</p>\r\n\r\n<p>Cristal vue mer&nbsp;&nbsp;&nbsp;&nbsp;&nbsp;&nbsp;&nbsp;&nbsp;&nbsp;&nbsp;&nbsp;&nbsp;&nbsp;&nbsp;&nbsp;&nbsp;&nbsp;&nbsp;&nbsp;&nbsp;&nbsp;&nbsp;&nbsp;&nbsp;&nbsp;&nbsp;&nbsp;&nbsp;&nbsp;&nbsp;&nbsp;&nbsp;&nbsp;&nbsp;&nbsp;&nbsp; 200,00&euro;&nbsp;&nbsp;&nbsp;&nbsp;&nbsp;&nbsp;&nbsp;&nbsp;&nbsp;&nbsp;&nbsp;&nbsp;&nbsp;&nbsp;&nbsp;&nbsp;&nbsp;&nbsp;&nbsp; &nbsp;&nbsp;&nbsp;&nbsp;&nbsp;&nbsp;20,00&euro;suppl&eacute;ment petit d&eacute;jeuner</p>\r\n\r\n<p>Junior Suite&nbsp;&nbsp;&nbsp;&nbsp;&nbsp;&nbsp;&nbsp;&nbsp;&nbsp;&nbsp;&nbsp;&nbsp;&nbsp;&nbsp;&nbsp;&nbsp;&nbsp;&nbsp;&nbsp;&nbsp;&nbsp;&nbsp;&nbsp;&nbsp;&nbsp;&nbsp;&nbsp;&nbsp;&nbsp;&nbsp;&nbsp;&nbsp;&nbsp;&nbsp;&nbsp;&nbsp;&nbsp;&nbsp;&nbsp;&nbsp;&nbsp; 440,00&euro;&nbsp;&nbsp;&nbsp;&nbsp;&nbsp;&nbsp;&nbsp;&nbsp;&nbsp;&nbsp;&nbsp;&nbsp;&nbsp;&nbsp;&nbsp;&nbsp;&nbsp;&nbsp;&nbsp;&nbsp;&nbsp;&nbsp;&nbsp;&nbsp; 20,00&euro; suppl&eacute;ment petit d&eacute;jeuner</p>\r\n\r\n<p>Le Meridien Suite&nbsp;&nbsp;&nbsp;&nbsp;&nbsp;&nbsp;&nbsp;&nbsp;&nbsp;&nbsp;&nbsp;&nbsp;&nbsp;&nbsp;&nbsp;&nbsp;&nbsp;&nbsp;&nbsp;&nbsp;&nbsp;&nbsp;&nbsp;&nbsp;&nbsp;&nbsp;&nbsp;&nbsp;&nbsp;&nbsp;&nbsp; 485,00&euro;&nbsp;&nbsp;&nbsp;&nbsp;&nbsp;&nbsp;&nbsp;&nbsp;&nbsp;&nbsp;&nbsp;&nbsp;&nbsp;&nbsp;&nbsp;&nbsp;&nbsp;&nbsp;&nbsp;&nbsp;&nbsp;&nbsp;&nbsp; 20,00&euro; suppl&eacute;ment petit d&eacute;jeuner</p>\r\n\r\n<p>Suite Pr&eacute;sidentielle&nbsp;&nbsp;&nbsp;&nbsp;&nbsp;&nbsp;&nbsp;&nbsp;&nbsp;&nbsp;&nbsp;&nbsp;&nbsp;&nbsp;&nbsp;&nbsp;&nbsp;&nbsp;&nbsp;&nbsp;&nbsp;&nbsp;&nbsp;&nbsp;&nbsp;&nbsp; 1&nbsp;250,00&euro;&nbsp;&nbsp;&nbsp;&nbsp;&nbsp;&nbsp;&nbsp;&nbsp;&nbsp;&nbsp;&nbsp;&nbsp;&nbsp;&nbsp;&nbsp;&nbsp;&nbsp;&nbsp;&nbsp;&nbsp;&nbsp;&nbsp;&nbsp; 20,00&euro; suppl&eacute;ment petit d&eacute;jeuner</p>\r\n\r\n<p>&nbsp;</p>\r\n\r\n<p>Pour r&eacute;server votre h&eacute;bergement, <em>cliquez ici* </em><a href=\"https://www.starwoodmeeting.com/Book/FCEM\">https://www.starwoodmeeting.com/Book/FCEM</a></p>\r\n\r\n<p>&nbsp;Si vous n&rsquo;&ecirc;tes pas log&eacute;e au Meridien Beach Plaza&nbsp;, Merci de pr&eacute;ciser le nom de l&rsquo;h&ocirc;tel&nbsp;: &hellip;&hellip;&hellip;&hellip;...</p>\r\n\r\n<p><strong>Onglet 6&nbsp;: Rencontre B2B</strong></p>\r\n\r\n<p>Ch&egrave;re participantes,</p>\r\n\r\n<p>Dans l&rsquo;objectif de d&eacute;velopper les relations multilat&eacute;rales et de cr&eacute;er une synergie entre les diff&eacute;rentes associations membres &agrave; FCEM, une rencontre B to B sera programm&eacute;e le XX mars 2016 &agrave; l&rsquo;h&ocirc;tel M&eacute;ridien &agrave; partir de 00h. Grande opportunit&eacute; de rencontres cibl&eacute;es avec la participation de plusieurs pays membres FCEM et plus de 200 participantes. Nous vous offrons des rencontres de qualit&eacute; avec les premiers d&eacute;cideurs dans diff&eacute;rents secteurs, merci de vous inscrire.</p>\r\n\r\n<p>N.B : Veuillez noter que l&rsquo;inscription aux sessions B2B est r&eacute;serv&eacute;e exclusivement aux participants du comit&eacute;. Nous vous invitons &agrave; vous inscrire ici.</p>\r\n\r\n<p>&nbsp;&nbsp;&nbsp;&nbsp;&nbsp;&nbsp;&nbsp;&nbsp;&nbsp;&nbsp;&nbsp; 1. <a href=\"http://pafciconline.org/PafcicOnline/web/uploads/media/73.jpeg\">Information participant</a></p>\r\n\r\n<p><!--[if gte vml 1]><v:shape id=\"_x0000_i1026\" type=\"#_x0000_t75\"\r\n style=\'width:470.25pt;height:264.75pt;visibility:visible\'>\r\n <v:imagedata src=\"file:///C:\\Users\\HACHEM~1.TLI\\AppData\\Local\\Temp\\msohtmlclip1\\01\\clip_image003.png\"\r\n  o:title=\"\"/>\r\n</v:shape><![endif]--><!--[if !vml]--><a href=\"http://pafciconline.org/PafcicOnline/web/uploads/media/73.jpeg\"><img src=\"http://pafciconline.org/PafcicOnline/web/uploads/media/73.jpeg\" style=\"height:300px; width:300px\" /></a><!--[endif]--></p>\r\n\r\n<p>2.&nbsp;&nbsp;&nbsp;&nbsp;&nbsp;&nbsp;&nbsp;&nbsp; Collaboration recherch&eacute;e :</p>\r\n\r\n<p>Choisir les domaines souhait&eacute;s *</p>\r\n\r\n<p><!--[if gte vml 1]><v:shape id=\"_x0000_i1027\" type=\"#_x0000_t75\"\r\n style=\'width:470.25pt;height:264.75pt;visibility:visible\'>\r\n <v:imagedata src=\"file:///C:\\Users\\HACHEM~1.TLI\\AppData\\Local\\Temp\\msohtmlclip1\\01\\clip_image005.png\"\r\n  o:title=\"\"/>\r\n</v:shape><![endif]--><!--[if !vml]--><img src=\"file:///C:/Users/HACHEM~1.TLI/AppData/Local/Temp/msohtmlclip1/01/clip_image006.jpg\" style=\"height:353px; width:627px\" /><!--[endif]--></p>\r\n\r\n<p>Je souhaiterais avoir/ obtenir une r&eacute;union avec :</p>\r\n\r\n<p><!--[if gte vml 1]><v:shape id=\"_x0000_i1028\" type=\"#_x0000_t75\"\r\n style=\'width:470.25pt;height:264.75pt;visibility:visible\'>\r\n <v:imagedata src=\"file:///C:\\Users\\HACHEM~1.TLI\\AppData\\Local\\Temp\\msohtmlclip1\\01\\clip_image007.png\"\r\n  o:title=\"\"/>\r\n</v:shape><![endif]--><!--[if !vml]--><img src=\"file:///C:/Users/HACHEM~1.TLI/AppData/Local/Temp/msohtmlclip1/01/clip_image008.jpg\" style=\"height:353px; width:627px\" /><!--[endif]--><strong>&nbsp;Onglet </strong><strong>7&nbsp;: Post Congrès </strong></p>\r\n\r\n<p>&nbsp;présentation et image sur PDF&nbsp; &laquo;&nbsp;POST CONGRES programme 17 mars DEFINITIF Grasse.pdf&nbsp;&raquo;</p>\r\n\r\n<p><strong>Onglet 8&nbsp;: &nbsp;A propos de Monaco </strong></p>\r\n\r\n<p><strong><em>&nbsp;</em></strong></p>\r\n\r\n<ol>\r\n	<li><strong><em>Transferts:</em></strong> des navettes aller et retour de l&rsquo;a&eacute;roport de Nice vers l&rsquo;h&ocirc;tel M&eacute;ridien sont incluses &agrave; travers le formulaire de r&eacute;servation (10 h &agrave; 19h). Accueil avec une pancarte &laquo;Comit&eacute; Mondial FCEM&raquo; effectus &agrave; bord de v&eacute;hicules touristiques confortables et climatis&eacute;s.</li>\r\n</ol>\r\n\r\n<p>Liens&nbsp; tourisme: <a href=\"http://www.officedutourismedemonaco.com/\">http://www.officedutourismedemonaco.com/</a></p>\r\n\r\n<p>&nbsp;</p>\r\n\r\n<ol>\r\n	<li>&nbsp;<strong><em>Acheminement&nbsp;:</em></strong> L&rsquo;a&eacute;roport le plus proche est Nice C&ocirc;te D&rsquo;Azur. Plus de 50 lignes r&eacute;guli&egrave;res proposent des trajets &agrave; travers le monde. Paris est connect&eacute; &agrave; Nice par un vol de 1h10 mn plus de 20 fois par jour (Air France &amp; EasyJet).</li>\r\n</ol>\r\n\r\n<ul>\r\n	<li>Contact Navettes Nice A&eacute;roport Express&nbsp; par la route, en moins de 30 minutes pour rejoindre Monaco, &nbsp;http://www.niceairportxpress.com</li>\r\n</ul>\r\n\r\n<p>Le bus 110 Express part du Terminal 1 et&nbsp; Terminal 2 de l&rsquo;a&eacute;roport.</p>\r\n\r\n<ul>\r\n	<li>H&eacute;licopt&egrave;re en 7 minutes pour rejoindre Monaco,</li>\r\n</ul>\r\n\r\n<p><a href=\"http://www.nice.aeroport.fr/Passagers/VOLS/Compagnies-aeriennes/Helicopteres/Monaco\">http://www.nice.aeroport.fr/Passagers/VOLS/Compagnies-aeriennes/Helicopteres/Monaco</a></p>\r\n\r\n<p><a href=\"http://www.monacair.mc/fr/\">http://www.monacair.mc/fr/</a></p>\r\n\r\n<ul>\r\n	<li>Taxis&nbsp;; ils se trouvent &agrave; l&rsquo;ext&eacute;rieur des terminaux. Le prix varie selon le jour, l&rsquo;heure, le trafic et le nombre de personnes (environ 90 Euros TTC).</li>\r\n</ul>\r\n\r\n<p>Autres liens</p>\r\n\r\n<ul>\r\n	<li>Monaco Economic Board &nbsp;: https://www.meb.mc</li>\r\n	<li>MONACO CHAMBER OF COMMERCE : https://www.meb.mc/fr/mission-organisation-mcc</li>\r\n	<li>Monaco: Portail Officiel du Gouvernement Princier&nbsp;: http://www.gouv.mc</li>\r\n	<li>Service au particulier : &nbsp;http://service-public-particuliers.gouv.mc</li>\r\n</ul>\r\n\r\n<p>&nbsp;</p>\r\n\r\n<p><strong>Onglet 9&nbsp;: Contacts </strong></p>\r\n\r\n<p><strong>les coordonnées du congrès </strong></p>\r\n\r\n<p><strong>Date&nbsp;: 14/03/2017 &ndash; 17/03/2017 - MONACO &ndash; FCEM COMIT&Eacute; MONDIAL</strong></p>\r\n\r\n<p><strong>organis&eacute; par L&rsquo;Association des Femmes Chefs d&rsquo;Entreprises de Monaco AFCEM</strong></p>\r\n\r\n<p><strong>Monaco H&ocirc;tel M&eacute;ridien Beach Plazza</strong></p>\r\n\r\n<p><strong>22, avenue Princesse Gr&acirc;ce &ndash; 98000 MONACO</strong></p>\r\n\r\n<p>Avec formulaire de contact classique</p>\r\n\r\n<p>&nbsp;</p>\r\n\r\n<p>&nbsp;</p>', '<p>content</p>\r\n\r\n<p>&nbsp;</p>\r\n\r\n<p>N.B : Veuillez noter que l&rsquo;inscription aux sessions B2B est r&eacute;serv&eacute;e exclusivement aux participants du comit&eacute;. Nous vous invitons &agrave; vous inscrire ici.</p>\r\n\r\n<p>&nbsp;&nbsp;&nbsp;&nbsp;&nbsp;&nbsp;&nbsp;&nbsp;&nbsp;&nbsp;&nbsp; 1.&nbsp;<a href=\"http://pafciconline.org/PafcicOnline/web/uploads/media/73.jpeg\">Information participant</a></p>\r\n\r\n<p>&nbsp;</p>\r\n\r\n<p><img alt=\"\" src=\"http://pafciconline.org/PafcicOnline/web/uploads/media/74.jpeg\" style=\"height:128px; width:128px\" /></p>', 3, '_dK2tDK9grQ', '2017-03-15 18:33:35', '2017-06-15 12:36:01', 'Ines', 18, 18, 1, '4wnid2z8zbswokw08w0s048cs4gow8c', 43, NULL, NULL),
(19, 'ljljhl', '<p>llllj</p>', NULL, NULL, NULL, '2017-06-14 10:38:52', '2017-06-14 10:38:52', 'kkk', 19, 19, 0, 'ko1crsn8gu8w0ss444cgsw84oc0wckc', 43, NULL, NULL),
(20, 'Correction article Archimedox', '<p style=\"margin-top: 5px; margin-bottom: 15px; padding: 0px; color: rgb(51, 51, 51); font-family: Arial, Helvetica, sans-serif;\"><a href=\"https://www.archimedox.com/\" target=\"_blank\" style=\"margin: 0px; padding: 0px; color: rgb(235, 106, 10);\">Archimedox&nbsp;</a>est un moteur de recherche dédié exclusivement aux médecins pour faciliter leurs activités de recherche les plus fréquentes : orientation diagnostique, prise en charge, information sur les médicaments, etc<br style=\"margin: 0px; padding: 0px;\">Archimedox, fondée début 2012 à l’initiative d’un médecin, d’un chercheur en informatique et d’un créateur de start-ups, bénéficie d’un pilote permanent aux urgences du CHU de<br style=\"margin: 0px; padding: 0px;\">Poitiers. Les fondateurs d’Archimedox ont constaté que&nbsp; les moteurs anglo-saxons comme PubMed indexaient seulement les résumés des journaux scientifiques, en laissant de coté l’essentiel de l ‘expertise médicale française ; Archimedox indexe la totalité du contenu de plusieurs millions de documents médicaux de référence (après s’être assuré de leur validité)&nbsp; à partir de quelques 150 sites dont l’autorité est reconnue : articles médicaux, cours des universités,&nbsp; recommandations cliniques, documents de synthèse des agences de santé, des collèges d’enseignement ou de spécialités, des sociétés savantes, des cas cliniques proposés aux ECNs et bien sûr quelques sites incontournables (orphanet, e-cancer, Cochrane etc).</p><p style=\"margin-top: 5px; margin-bottom: 15px; padding: 0px; color: rgb(51, 51, 51); font-family: Arial, Helvetica, sans-serif;\"><br></p>', '<p style=\"margin-top: 5px; margin-bottom: 15px; padding: 0px; color: rgb(51, 51, 51); font-family: Arial, Helvetica, sans-serif;\"><a href=\"https://www.archimedox.com/\" target=\"_blank\" style=\"background-color: rgb(255, 255, 255); color: rgb(235, 106, 10); margin: 0px; padding: 0px;\">Archimedox&nbsp;</a>est un moteur de recherche dédié exclusivement aux médecins pour faciliter leurs activités de recherche les plus fréquentes : orientation diagnostique, prise en charge, information sur les médicaments, etc<br style=\"margin: 0px; padding: 0px;\">Archimedox, fondée début 2012 à l’initiative d’un médecin, d’un chercheur en informatique et d’un créateur de start-ups, bénéficie d’un pilote permanent aux urgences du CHU de<br style=\"margin: 0px; padding: 0px;\">Poitiers. Les fondateurs d’Archimedox ont constaté que&nbsp; les moteurs anglo-saxons comme PubMed indexaient seulement les résumés des journaux scientifiques, en laissant de coté l’essentiel de l ‘expertise médicale française ; Archimedox indexe la totalité du contenu de plusieurs millions de documents médicaux de référence (après s’être assuré de leur validité)&nbsp; à partir de quelques 150 sites dont l’autorité est reconnue : articles médicaux, cours des universités,&nbsp; recommandations cliniques, documents de synthèse des agences de santé, des collèges d’enseignement ou de spécialités, des sociétés savantes, des cas cliniques proposés aux ECNs et bien sûr quelques sites incontournables (orphanet, e-cancer, Cochrane etc).<br></p><p style=\"margin-top: 5px; margin-bottom: 15px; padding: 0px; color: rgb(51, 51, 51); font-family: Arial, Helvetica, sans-serif;\"><a href=\"https://www.archimedox.com/\" target=\"_blank\" style=\"color: rgb(235, 106, 10); margin: 0px; padding: 0px;\">Archimedox</a>&nbsp;est &nbsp;très rapide puisqu’une seule recherche correspond à plus de 100 pages de résultats &nbsp;d’un moteur classique dont les documents à destination des professionnels ont été<br style=\"margin: 0px; padding: 0px;\">extraits et automatiquement filtrés.</p><p style=\"margin-top: 5px; margin-bottom: 15px; padding: 0px; color: rgb(51, 51, 51); font-family: Arial, Helvetica, sans-serif;\">Les MMT ont apprécié la qualité des &nbsp;résultats proposés par Archimedox&nbsp; sur des items bien spécifiques , ainsi que la présentation des résultats.</p>', 3, NULL, '2017-10-24 11:54:46', '2017-12-12 14:38:02', 'haithem Admin', 20, NULL, 1, 'g8hj4h23bz4k4c8wgsw0wwo8sk4k4kw', 2, '4', NULL),
(21, 'title test', '<p>abstract test</p>', '<p>content test</p><p><br></p><p><br></p><p><br></p><p><img src=\"/uploads/media/77.jpeg\" data-href=\"/uploads/media/77.jpeg\" style=\"width: 622px;\"><br></p>', 2, 'kJQP7kiw5Fk', '2017-10-24 16:24:04', '2017-12-14 12:22:38', 'ines', 21, 20, 1, 'i1ytho7qotko4c0ow8oowgg00ckkwo0', 17, '5', '<p>iiiii</p>'),
(22, 'Archimedox', '<p>ddssddssd</p>', '<p>dsdsdsdsdsds</p>', NULL, NULL, '2017-10-24 16:26:56', '2017-10-24 16:26:56', 'haithem Admin', NULL, NULL, 0, 'otfcr4dpxm8sswgk8ckwwgg48kg4g4w', 2, NULL, NULL),
(23, 'vv', '<p>ccc</p>', '<p>cccc</p>', 3, NULL, '2017-10-24 16:28:10', '2017-11-29 09:51:55', 'ccc', NULL, NULL, 1, '3kzh5tn4iwu8o4kscgc8ooc8wc444os', 17, NULL, NULL),
(24, 'vccvvc', '<p>vvcvc</p>', '<p>vcvbbvbvbv</p>', 4, NULL, '2017-10-27 16:24:05', '2017-12-14 10:41:11', 'fdffdfd', NULL, NULL, 1, '8hjn4xd3sa4okgcws008wsgswkoockc', 2, NULL, NULL),
(25, 'bbbbbbbbbbb', '<p>bbbbbbbbbbbbbbbb</p>', '<p>bbbbbbbbbbbbbbbbbbbbbb</p><p>corrections</p><p><img src=\"/pafciconlineprod/web/uploads/media/88.jpeg\" data-href=\"/pafciconlineprod/web/uploads/media/88.jpeg\" style=\"width: 622px;\"><br></p>', 3, NULL, '2017-11-29 09:57:21', '2017-11-29 10:06:59', 'bbbb', NULL, NULL, 1, 'kyytj4c949wwwcgk040ksk48g4c4g8s', 17, NULL, NULL),
(26, 'titre', '<p>abstract</p>', '<p>descriptive</p><p><img src=\"/pafciconlineprod/web/uploads/media/101.jpeg\" data-href=\"/pafciconlineprod/web/uploads/media/101.jpeg\" style=\"width: 50%;\"><br></p>', 3, NULL, '2017-12-06 10:59:06', '2017-12-14 11:45:35', 'ines', NULL, 21, 1, 'f0qzqk6gctkokks0w88o048gsk0w08s', 54, NULL, NULL),
(27, 'xxxxxxx', '<p><span style=\"font-family: &quot;Helvetica Neue&quot;, Helvetica, Arial, sans-serif; font-size: 14px;\">Schwann cells (SCs) are myelinating cells of the PNS. Although SCs are known to express different channels and receptors on their surface, little is known about the activation and function of these proteins. Ionotropic glutamate receptors are thought to play an essential role during development of SC lineage and during peripheral nerve injury, so we sought to study their functional properties. We established a novel preparation of living peripheral nerve slices with preserved cellular architecture and used a patch-clamp technique to study AMPA-receptor (AMPAR)-mediated currents in SCs for the first time. We found that the majority of SCs in the nerves dissected from embryonic and neonatal mice of both sexes respond to the application of glutamate with inward current mediated by Ca</span><span style=\"-webkit-font-smoothing: antialiased; font-size: 0.75em; position: relative; bottom: 0.5em; margin: 0px; padding: 0px; border: 0px; outline: 0px; vertical-align: baseline; font-variant-numeric: inherit; font-stretch: inherit; line-height: inherit; font-family: &quot;Helvetica Neue&quot;, Helvetica, Arial, sans-serif;\">2+</span><span style=\"font-family: &quot;Helvetica Neue&quot;, Helvetica, Arial, sans-serif; font-size: 14px;\">-permeable AMPARs. Using stationary fluctuation analysis (SFA), we demonstrate that single-channel conductance of AMPARs in SCs is 8–11 pS, which is comparable to that in neurons.&nbsp;</span></p><p><img src=\"/pafciconlineprod/web/uploads/media/106.jpeg\" data-href=\"/pafciconlineprod/web/uploads/media/106.jpeg\" style=\"width: 447px; height: 334.5px;\"><span style=\"font-family: &quot;Helvetica Neue&quot;, Helvetica, Arial, sans-serif; font-size: 14px;\"><br></span><br></p>', '<p><strong style=\"-webkit-font-smoothing: antialiased; margin: 0px; padding: 0px; border: 0px; outline: 0px; vertical-align: baseline; font-variant-numeric: inherit; font-stretch: inherit; font-size: 14px; line-height: inherit; font-family: &quot;Helvetica Neue&quot;, Helvetica, Arial, sans-serif;\">SIGNIFICANCE STATEMENT</strong><span style=\"font-family: &quot;Helvetica Neue&quot;, Helvetica, Arial, sans-serif; font-size: 14px;\">&nbsp;We provide several important conceptual and technical advances in research on the PNS. We pioneer the first description of AMPA receptor (AMPAR)-mediated currents in the PNS glia of vertebrates and provide new insights into the properties of AMPAR channels in peripheral glia; for example, their Ca</span><span style=\"-webkit-font-smoothing: antialiased; font-size: 0.75em; position: relative; bottom: 0.5em; margin: 0px; padding: 0px; border: 0px; outline: 0px; vertical-align: baseline; font-variant-numeric: inherit; font-stretch: inherit; line-height: inherit; font-family: &quot;Helvetica Neue&quot;, Helvetica, Arial, sans-serif;\">2+</span><span style=\"font-family: &quot;Helvetica Neue&quot;, Helvetica, Arial, sans-serif; font-size: 14px;\">&nbsp;permeability and single-channel conductance. We describe for the first time the electrophysiological and morphological properties of Schwann cells (SCs) at different stages of development and show that functional AMPARs are expressed only in developing, not mature, SCs. Finally, we introduce a preparation of peripheral nerve slices for patch-clamp recordings. This preparation opens new possibilities for studying the physiology of SCs in animal models and in surgical human samples.</span><br></p>', 3, 'd_elXY2Lcfk', '2017-12-11 10:24:20', '2017-12-12 09:23:31', 'CM Ines', NULL, 22, 1, 'plo8tgmdmcgkww0g0g08cggc4cwk4os', 55, NULL, NULL),
(28, 'Glutamate Activates AMPA Receptor Conductance in the Developing Schwann Cells of the Mammalian Peripheral Nerves', '<p><span style=\"font-family: &quot;Helvetica Neue&quot;, Helvetica, Arial, sans-serif; font-size: 14px;\">Schwann cells (SCs) are myelinating cells of the PNS. Although SCs are known to express different channels and receptors on their surface, little is known about the activation and function of these proteins. Ionotropic glutamate receptors are thought to play an essential role during development of SC lineage and during peripheral nerve injury, so we sought to study their functional properties. We established a novel preparation of living peripheral nerve slices with preserved cellular architecture and used a patch-clamp technique to study AMPA-receptor (AMPAR)-mediated currents in SCs for the first time. We found that the majority of SCs in the nerves dissected from embryonic and neonatal mice of both sexes respond to the application of glutamate with inward current mediated by Ca</span><span style=\"-webkit-font-smoothing: antialiased; font-size: 0.75em; position: relative; bottom: 0.5em; margin: 0px; padding: 0px; border: 0px; outline: 0px; vertical-align: baseline; font-variant-numeric: inherit; font-stretch: inherit; line-height: inherit; font-family: &quot;Helvetica Neue&quot;, Helvetica, Arial, sans-serif;\">2+</span><span style=\"font-family: &quot;Helvetica Neue&quot;, Helvetica, Arial, sans-serif; font-size: 14px;\">-permeable AMPARs. Using stationary fluctuation analysis (SFA), we demonstrate that single-channel conductance of AMPARs in SCs is 8–11 pS, which is comparable to that in neurons.&nbsp;</span></p><p><img src=\"/pafciconlineprod/web/uploads/media/106.jpeg\" data-href=\"/pafciconlineprod/web/uploads/media/106.jpeg\" style=\"width: 447px; height: 334.5px;\"><span style=\"font-family: &quot;Helvetica Neue&quot;, Helvetica, Arial, sans-serif; font-size: 14px;\"><br></span><br></p>', '<p><strong style=\"-webkit-font-smoothing: antialiased; margin: 0px; padding: 0px; border: 0px; outline: 0px; vertical-align: baseline; font-variant-numeric: inherit; font-stretch: inherit; font-size: 14px; line-height: inherit; font-family: &quot;Helvetica Neue&quot;, Helvetica, Arial, sans-serif;\">SIGNIFICANCE STATEMENT</strong><span style=\"font-family: &quot;Helvetica Neue&quot;, Helvetica, Arial, sans-serif; font-size: 14px;\">&nbsp;We provide several important conceptual and technical advances in research on the PNS. We pioneer the first description of AMPA receptor (AMPAR)-mediated currents in the PNS glia of vertebrates and provide new insights into the properties of AMPAR channels in peripheral glia; for example, their Ca</span><span style=\"-webkit-font-smoothing: antialiased; font-size: 0.75em; position: relative; bottom: 0.5em; margin: 0px; padding: 0px; border: 0px; outline: 0px; vertical-align: baseline; font-variant-numeric: inherit; font-stretch: inherit; line-height: inherit; font-family: &quot;Helvetica Neue&quot;, Helvetica, Arial, sans-serif;\">2+</span><span style=\"font-family: &quot;Helvetica Neue&quot;, Helvetica, Arial, sans-serif; font-size: 14px;\">&nbsp;permeability and single-channel conductance. We describe for the first time the electrophysiological and morphological properties of Schwann cells (SCs) at different stages of development and show that functional AMPARs are expressed only in developing, not mature, SCs. Finally, we introduce a preparation of peripheral nerve slices for patch-clamp recordings. This preparation opens new possibilities for studying the physiology of SCs in animal models and in surgical human samples.</span><br></p>', 1, 'd_elXY2Lcfk', '2017-12-11 10:25:05', '2017-12-11 12:23:06', 'Ines', 22, NULL, 1, 'nmplgdcdw34o84cso8c80cgcw4wck0w', 55, '4', '<p>ok for publication</p>'),
(29, 'commercial', '<p>commercial<br></p>', '<p>commercial<br></p>', 2, NULL, '2017-12-11 12:28:17', '2017-12-11 12:33:22', 'Cm ines', NULL, NULL, 1, '1y1gb4ycfrusowgsoog8ks0cogkswss', 55, '2', NULL),
(30, '2017', '<p>eeeeeeeeeeeeeeeee</p>', '<p><br></p>eeeeeeeeeeeeeeeeee<hr><p><br></p>', 3, NULL, '2017-12-12 16:03:39', '2017-12-12 16:03:39', 'eeee', NULL, NULL, 1, 't7wzvvyg1fk4w0k8g4wgosk404ww4gk', 2, NULL, NULL);

-- --------------------------------------------------------

--
-- Structure de la table `articles_category`
--

CREATE TABLE IF NOT EXISTS `articles_category` (
  `articles_id` int(11) NOT NULL,
  `category_id` int(11) NOT NULL,
  PRIMARY KEY (`articles_id`,`category_id`),
  KEY `IDX_A7D8EFDB1EBAF6CC` (`articles_id`),
  KEY `IDX_A7D8EFDB12469DE2` (`category_id`)
) ENGINE=InnoDB DEFAULT CHARSET=utf8 COLLATE=utf8_unicode_ci;

--
-- Déchargement des données de la table `articles_category`
--

INSERT INTO `articles_category` (`articles_id`, `category_id`) VALUES
(1, 4),
(2, 2),
(2, 3),
(2, 4),
(2, 5),
(2, 6),
(2, 7),
(3, 1),
(4, 1),
(5, 2),
(6, 1),
(7, 1),
(7, 2),
(8, 8),
(9, 1),
(10, 12),
(12, 3),
(13, 1),
(14, 1),
(15, 12),
(16, 1),
(17, 6),
(18, 10),
(19, 1),
(20, 2),
(21, 1),
(22, 2),
(23, 1),
(24, 1),
(25, 11),
(26, 2),
(27, 11),
(28, 11),
(29, 1),
(30, 3);

-- --------------------------------------------------------

--
-- Structure de la table `article_coauthor`
--

CREATE TABLE IF NOT EXISTS `article_coauthor` (
  `articles_id` int(11) NOT NULL,
  `user_id` int(11) NOT NULL,
  PRIMARY KEY (`articles_id`,`user_id`),
  KEY `IDX_1F3DC93D1EBAF6CC` (`articles_id`),
  KEY `IDX_1F3DC93DA76ED395` (`user_id`)
) ENGINE=InnoDB DEFAULT CHARSET=utf8 COLLATE=utf8_unicode_ci;

--
-- Déchargement des données de la table `article_coauthor`
--

INSERT INTO `article_coauthor` (`articles_id`, `user_id`) VALUES
(1, 47),
(1, 48),
(2, 2),
(2, 3),
(2, 4),
(2, 5),
(3, 2),
(5, 2),
(6, 1),
(6, 4),
(6, 5),
(6, 7),
(7, 1),
(7, 2),
(7, 3),
(7, 4),
(7, 5),
(7, 6),
(10, 25),
(11, 10),
(11, 12),
(11, 16),
(11, 25),
(12, 3),
(13, 17),
(15, 1),
(15, 2),
(15, 3),
(15, 4),
(15, 5),
(16, 1),
(16, 3),
(17, 2),
(17, 17),
(18, 12),
(18, 14),
(18, 17),
(19, 4),
(20, 53),
(21, 29),
(21, 40),
(24, 53),
(25, 40),
(27, 28),
(28, 28);

-- --------------------------------------------------------

--
-- Structure de la table `article_reviewer`
--

CREATE TABLE IF NOT EXISTS `article_reviewer` (
  `articles_id` int(11) NOT NULL,
  `user_id` int(11) NOT NULL,
  PRIMARY KEY (`articles_id`,`user_id`),
  KEY `IDX_B5AFD35B1EBAF6CC` (`articles_id`),
  KEY `IDX_B5AFD35BA76ED395` (`user_id`)
) ENGINE=InnoDB DEFAULT CHARSET=utf8 COLLATE=utf8_unicode_ci;

--
-- Déchargement des données de la table `article_reviewer`
--

INSERT INTO `article_reviewer` (`articles_id`, `user_id`) VALUES
(1, 5),
(6, 1),
(7, 1),
(7, 2),
(7, 3),
(7, 4),
(20, 48),
(21, 28),
(21, 56),
(25, 28),
(25, 43),
(26, 28),
(26, 47),
(28, 28),
(29, 28);

-- --------------------------------------------------------

--
-- Structure de la table `article_reviewer_invitation`
--

CREATE TABLE IF NOT EXISTS `article_reviewer_invitation` (
  `articles_id` int(11) NOT NULL,
  `invitation_reviewer_id` int(11) NOT NULL,
  PRIMARY KEY (`articles_id`,`invitation_reviewer_id`),
  KEY `IDX_D8E46A0E1EBAF6CC` (`articles_id`),
  KEY `IDX_D8E46A0E78A04A16` (`invitation_reviewer_id`)
) ENGINE=InnoDB DEFAULT CHARSET=utf8 COLLATE=utf8_unicode_ci;

--
-- Déchargement des données de la table `article_reviewer_invitation`
--

INSERT INTO `article_reviewer_invitation` (`articles_id`, `invitation_reviewer_id`) VALUES
(20, 1),
(21, 2),
(25, 3),
(25, 4),
(26, 5),
(26, 6),
(28, 7),
(29, 8);

-- --------------------------------------------------------

--
-- Structure de la table `author_coauthor`
--

CREATE TABLE IF NOT EXISTS `author_coauthor` (
  `user_id` int(11) NOT NULL,
  `coautor_user_id` int(11) NOT NULL,
  PRIMARY KEY (`user_id`,`coautor_user_id`),
  KEY `IDX_A54517E3A76ED395` (`user_id`),
  KEY `IDX_A54517E337139AC3` (`coautor_user_id`)
) ENGINE=InnoDB DEFAULT CHARSET=utf8 COLLATE=utf8_unicode_ci;

--
-- Déchargement des données de la table `author_coauthor`
--

INSERT INTO `author_coauthor` (`user_id`, `coautor_user_id`) VALUES
(2, 47),
(2, 48),
(2, 57),
(17, 40),
(54, 17),
(55, 28);

-- --------------------------------------------------------

--
-- Structure de la table `banner`
--

CREATE TABLE IF NOT EXISTS `banner` (
  `id` int(11) NOT NULL AUTO_INCREMENT,
  `path` varchar(255) COLLATE utf8_unicode_ci NOT NULL,
  `alt` varchar(255) COLLATE utf8_unicode_ci NOT NULL,
  PRIMARY KEY (`id`)
) ENGINE=InnoDB AUTO_INCREMENT=11 DEFAULT CHARSET=utf8 COLLATE=utf8_unicode_ci;

--
-- Déchargement des données de la table `banner`
--

INSERT INTO `banner` (`id`, `path`, `alt`) VALUES
(1, 'jpeg', 'banner1.jpg'),
(2, 'jpeg', 'banner2.jpg'),
(3, 'jpeg', 'banner3.jpg'),
(4, 'jpeg', 'banner4.jpg'),
(5, 'jpeg', 'banner_box1.jpg'),
(6, 'jpeg', 'banner_box2.jpg'),
(7, 'jpeg', 'banner_box3.jpg'),
(8, 'jpeg', 'banner_big1.jpg'),
(9, 'jpeg', 'banner_big2.jpg'),
(10, 'jpeg', 'banner_big3.jpg');

-- --------------------------------------------------------

--
-- Structure de la table `banners`
--

CREATE TABLE IF NOT EXISTS `banners` (
  `id` int(11) NOT NULL AUTO_INCREMENT,
  `banner_id` int(11) DEFAULT NULL,
  `position` varchar(255) COLLATE utf8_unicode_ci NOT NULL,
  PRIMARY KEY (`id`),
  UNIQUE KEY `UNIQ_250F2568684EC833` (`banner_id`)
) ENGINE=InnoDB AUTO_INCREMENT=11 DEFAULT CHARSET=utf8 COLLATE=utf8_unicode_ci;

--
-- Déchargement des données de la table `banners`
--

INSERT INTO `banners` (`id`, `banner_id`, `position`) VALUES
(1, 1, 'right-b'),
(2, 2, 'right-b'),
(3, 3, 'right-b'),
(4, 4, 'right-b'),
(5, 5, 'box'),
(6, 6, 'box'),
(7, 7, 'box'),
(8, 8, 'right'),
(9, 9, 'right'),
(10, 10, 'right');

-- --------------------------------------------------------

--
-- Structure de la table `category`
--

CREATE TABLE IF NOT EXISTS `category` (
  `id` int(11) NOT NULL AUTO_INCREMENT,
  `parent_id` int(11) DEFAULT NULL,
  `titre` varchar(255) COLLATE utf8_unicode_ci NOT NULL,
  `description` longtext COLLATE utf8_unicode_ci NOT NULL,
  `salt` varchar(255) COLLATE utf8_unicode_ci NOT NULL,
  PRIMARY KEY (`id`),
  KEY `IDX_64C19C1727ACA70` (`parent_id`)
) ENGINE=InnoDB AUTO_INCREMENT=13 DEFAULT CHARSET=utf8 COLLATE=utf8_unicode_ci;

--
-- Déchargement des données de la table `category`
--

INSERT INTO `category` (`id`, `parent_id`, `titre`, `description`, `salt`) VALUES
(1, NULL, 'Valvular2', '<p>Valvular</p>', '1ykx40is24cgsookkwog8o48ogwk880'),
(2, NULL, 'Coronary', 'Coronary', '0ykx40is24cgsookkwog8o48ogwk999'),
(3, 2, 'ACS', '<p>ACS</p>', '0ykx50is24cgsookkwog8o58ogwk980'),
(4, 2, 'Basics', 'Basics', 'rkprvrzh4sgww8wk04s4cg4gw8gs8gw'),
(5, 2, 'PCI', 'PCI', 'rkprvrzh8sgww8wk08s8cg4gw8gs8gw'),
(6, 2, 'Surgery', 'Surgery', 'rkprvrzh2sgwww2k04s8cg4g8wgs8gw'),
(7, NULL, 'Endovascular', 'Endovascular', 'rkprvris24cgsookkwog8o58ogwk980w'),
(8, NULL, 'Congenital', 'Congenital', 'rkprvris24cgsookkwog8o58ogwks8gw'),
(9, NULL, 'Arrhythmia', 'Arrhythmia', '0ykx40is24cgswwwwog8o48ogwk999'),
(10, NULL, 'Imaging', 'Imaging', 'sssssis24cgsookkwog8o58ogwk980w'),
(11, NULL, 'Pharmacology', 'Pharmacology', 'sssssrrsscgsookkwog8o58ogwk222g'),
(12, NULL, 'Other', 'Other', 's88xxrrsscgsookkwog8o58ogwk222g');

-- --------------------------------------------------------

--
-- Structure de la table `comments`
--

CREATE TABLE IF NOT EXISTS `comments` (
  `id` int(11) NOT NULL AUTO_INCREMENT,
  `date` datetime NOT NULL,
  `message` longtext COLLATE utf8_unicode_ci NOT NULL,
  `articles_id` int(11) DEFAULT NULL,
  PRIMARY KEY (`id`),
  KEY `IDX_5F9E962A1EBAF6CC` (`articles_id`)
) ENGINE=InnoDB AUTO_INCREMENT=4 DEFAULT CHARSET=utf8 COLLATE=utf8_unicode_ci;

--
-- Déchargement des données de la table `comments`
--

INSERT INTO `comments` (`id`, `date`, `message`, `articles_id`) VALUES
(1, '2016-05-24 16:39:26', 'merci de corriger les fautes :)', 1),
(2, '2016-05-25 13:21:34', 'merci de corriger l\'erreur khedha :)', 2),
(3, '2016-09-15 17:58:41', ' testtet test', 7);

-- --------------------------------------------------------

--
-- Structure de la table `contact`
--

CREATE TABLE IF NOT EXISTS `contact` (
  `id` int(11) NOT NULL AUTO_INCREMENT,
  `name` varchar(255) COLLATE utf8_unicode_ci NOT NULL,
  `email` varchar(255) COLLATE utf8_unicode_ci NOT NULL,
  `subject` varchar(255) COLLATE utf8_unicode_ci NOT NULL,
  `content` longtext COLLATE utf8_unicode_ci NOT NULL,
  PRIMARY KEY (`id`)
) ENGINE=InnoDB AUTO_INCREMENT=6 DEFAULT CHARSET=utf8 COLLATE=utf8_unicode_ci;

--
-- Déchargement des données de la table `contact`
--

INSERT INTO `contact` (`id`, `name`, `email`, `subject`, `content`) VALUES
(1, 'sqdqsd', 'qsdqsd', 'qsdqsd', 'sqdsqd'),
(2, 'qsdqsdqsd', 'sqdsqdqsdqsd@sqdqsd.d', 'sqdqsd', 'qsdsdqsd'),
(3, 'BERRAHAL', 'berrahalmalek@gmail.com', 'prise de contact', 'Dear Mr Malek,\r\nI\'m a new doctor ,I would like to  subscribe  in your platforme \r\n\r\nthx \r\nBest Regards'),
(4, 'dsqsqd', 'qsdqsd@kdjqskdj.com', 'qsdqsd', 'qsdqsdqsd'),
(5, 'Floolfcal', 'tagTugEmpottE@gmail.com', 'How do you know if a guy likes you through texting', 'http://fjdhgksf76w444.com hi everyone');

-- --------------------------------------------------------

--
-- Structure de la table `documents`
--

CREATE TABLE IF NOT EXISTS `documents` (
  `id` int(11) NOT NULL AUTO_INCREMENT,
  `path` varchar(255) COLLATE utf8_unicode_ci NOT NULL,
  `alt` varchar(255) COLLATE utf8_unicode_ci NOT NULL,
  PRIMARY KEY (`id`)
) ENGINE=InnoDB AUTO_INCREMENT=23 DEFAULT CHARSET=utf8 COLLATE=utf8_unicode_ci;

--
-- Déchargement des données de la table `documents`
--

INSERT INTO `documents` (`id`, `path`, `alt`) VALUES
(1, 'png', 'ref.png'),
(2, 'jpeg', 'DSC_0684.JPG'),
(3, 'jpeg', '84734-9270379.jpg'),
(4, 'jpeg', '84734-9270379.jpg'),
(5, '', ''),
(6, 'jpeg', 'Activites01.jpg'),
(7, 'png', 'citroen_mockup.png'),
(8, '', ''),
(9, '', ''),
(10, '', ''),
(11, '', ''),
(12, 'asf', 'Wildlife.wmv'),
(13, '', ''),
(14, '', ''),
(15, 'jpeg', 'ios6 roche.jpg'),
(16, '', ''),
(17, '', ''),
(18, '', ''),
(19, '', ''),
(20, 'docx', 'accès eventek .docx'),
(21, 'jpeg', 'Tulips.jpg'),
(22, 'pdf', ' Location bornes+ Ipads Novembre 2017.pdf');

-- --------------------------------------------------------

--
-- Structure de la table `editor_reviwer`
--

CREATE TABLE IF NOT EXISTS `editor_reviwer` (
  `user_id` int(11) NOT NULL,
  `reviewer_user_id` int(11) NOT NULL,
  PRIMARY KEY (`user_id`,`reviewer_user_id`),
  KEY `IDX_7A7D094DA76ED395` (`user_id`),
  KEY `IDX_7A7D094D66789B8C` (`reviewer_user_id`)
) ENGINE=InnoDB DEFAULT CHARSET=utf8 COLLATE=utf8_unicode_ci;

--
-- Déchargement des données de la table `editor_reviwer`
--

INSERT INTO `editor_reviwer` (`user_id`, `reviewer_user_id`) VALUES
(2, 28),
(2, 43),
(2, 47),
(2, 48),
(2, 49),
(2, 50),
(2, 51),
(2, 52),
(2, 56);

-- --------------------------------------------------------

--
-- Structure de la table `ext_translations`
--

CREATE TABLE IF NOT EXISTS `ext_translations` (
  `id` int(11) NOT NULL AUTO_INCREMENT,
  `locale` varchar(8) COLLATE utf8_unicode_ci NOT NULL,
  `object_class` varchar(255) COLLATE utf8_unicode_ci NOT NULL,
  `field` varchar(32) COLLATE utf8_unicode_ci NOT NULL,
  `foreign_key` varchar(64) COLLATE utf8_unicode_ci NOT NULL,
  `content` longtext COLLATE utf8_unicode_ci,
  PRIMARY KEY (`id`),
  UNIQUE KEY `lookup_unique_idx` (`locale`,`object_class`,`field`,`foreign_key`),
  KEY `translations_lookup_idx` (`locale`,`object_class`,`foreign_key`)
) ENGINE=InnoDB DEFAULT CHARSET=utf8 COLLATE=utf8_unicode_ci;

-- --------------------------------------------------------

--
-- Structure de la table `image`
--

CREATE TABLE IF NOT EXISTS `image` (
  `id` int(11) NOT NULL AUTO_INCREMENT,
  `path` varchar(255) COLLATE utf8_unicode_ci NOT NULL,
  `alt` varchar(255) COLLATE utf8_unicode_ci NOT NULL,
  PRIMARY KEY (`id`)
) ENGINE=InnoDB AUTO_INCREMENT=23 DEFAULT CHARSET=utf8 COLLATE=utf8_unicode_ci;

--
-- Déchargement des données de la table `image`
--

INSERT INTO `image` (`id`, `path`, `alt`) VALUES
(1, 'jpeg', 'Diapositive02.jpg'),
(2, 'jpeg', 'signature-Travel-&-Events.jpg'),
(3, 'jpeg', '84734-9270379.jpg'),
(4, 'jpeg', '84734-9270379.jpg'),
(5, '', ''),
(6, 'jpeg', 'Koala.jpg'),
(7, 'jpeg', 'atnea.jpg'),
(8, '', ''),
(9, '', ''),
(10, '', ''),
(11, '', ''),
(12, 'jpeg', 'Penguins.jpg'),
(13, 'jpeg', 'Lighthouse.jpg'),
(14, 'jpeg', 'Koala.jpg'),
(15, '', ''),
(16, '', ''),
(17, '', ''),
(18, 'jpeg', 'a7.jpg'),
(19, '', ''),
(20, 'jpeg', 'Medical-tourim-featured-picture.jpg'),
(21, 'jpeg', 'Koala.jpg'),
(22, 'jpeg', 'Lighthouse.jpg');

-- --------------------------------------------------------

--
-- Structure de la table `invitation`
--

CREATE TABLE IF NOT EXISTS `invitation` (
  `id` int(11) NOT NULL AUTO_INCREMENT,
  `invited_by_id` int(11) DEFAULT NULL,
  `firstname` varchar(255) COLLATE utf8_unicode_ci NOT NULL,
  `lastname` varchar(255) COLLATE utf8_unicode_ci NOT NULL,
  `institution` varchar(255) COLLATE utf8_unicode_ci NOT NULL,
  `email` varchar(255) COLLATE utf8_unicode_ci NOT NULL,
  `status` varchar(255) COLLATE utf8_unicode_ci NOT NULL,
  `origin` varchar(255) COLLATE utf8_unicode_ci NOT NULL,
  `type` varchar(255) COLLATE utf8_unicode_ci NOT NULL,
  `dateAt` datetime NOT NULL,
  `dateAccepted` datetime DEFAULT NULL,
  `dateDeclined` datetime DEFAULT NULL,
  `confirmation_token` varchar(255) COLLATE utf8_unicode_ci NOT NULL,
  PRIMARY KEY (`id`),
  KEY `IDX_F11D61A2A7B4A7E3` (`invited_by_id`)
) ENGINE=InnoDB AUTO_INCREMENT=24 DEFAULT CHARSET=utf8 COLLATE=utf8_unicode_ci;

--
-- Déchargement des données de la table `invitation`
--

INSERT INTO `invitation` (`id`, `invited_by_id`, `firstname`, `lastname`, `institution`, `email`, `status`, `origin`, `type`, `dateAt`, `dateAccepted`, `dateDeclined`, `confirmation_token`) VALUES
(1, 2, 'Haithem', 'Dev', 'interactions', 'hbenlouhichi@gmail.com', 'INVITATION_ACCEPTED', 'ORIGIN_EXTERN', 'TYPE_COAUTHOR', '2017-10-24 11:40:27', '2017-10-24 11:44:05', NULL, 'mv19e4dq0pc8wwsc84480ookswoccw4'),
(2, 2, 'Haithem', 'Reviewer', 'interactions', 'haithemdev@gmail.com', 'INVITATION_DECLINED', 'ORIGIN_EXTERN', 'TYPE_REVIWVER', '2017-10-24 12:10:05', NULL, '2018-01-25 14:50:10', 's9u0nh506n4gwocgwgk8wwg0kw4sk84'),
(3, 2, 'zeineb', 'Reviewer', 'interactions', 'interactions.dev@gmail.com', 'INVITATION_ACCEPTED', 'ORIGIN_EXTERN', 'TYPE_REVIWVER', '2017-10-24 12:12:47', '2017-10-24 12:13:18', NULL, 'hwdt2bqph4gs4ccosw4kcccw4g4s8wk'),
(4, 17, 'nadia', 'zoghlami', 'hhh', 'com1@interactions.tn', 'INVITATION_ACCEPTED', 'ORIGIN_INTERN', 'TYPE_COAUTHOR', '2017-10-24 16:19:57', '2017-10-24 16:20:57', NULL, '8xpcsrmbrsw0wgk4c8oc8g40k0wk480'),
(5, 17, 'ines', 'barketi', 'ee', 'i.bourgou83@gmail.com', 'INVITATION_ACCEPTED', 'ORIGIN_INTERN', 'TYPE_COAUTHOR', '2017-10-24 16:20:27', '2017-10-25 10:40:30', NULL, '7gu5to9dr1wc8k00ko0oswogs04ow44'),
(6, 2, 'ines', 'barketi', 'tt', 'i.bourgou83@gmail.com', 'INVITATION_ACCEPTED', 'ORIGIN_INTERN', 'TYPE_REVIWVER', '2017-10-25 11:16:08', '2017-10-25 11:18:59', NULL, '3o4zszoeabs408wgws00gckog4w8w8g'),
(7, 2, 'ines', 'commercial', 'tt', 'i.bourgou@yahoo.fr', 'INVITATION_ACCEPTED', 'ORIGIN_INTERN', 'TYPE_REVIWVER', '2017-10-25 11:42:12', '2017-10-25 11:55:17', NULL, 'aeyb1d09ylck4osw0g0ocw8400kgo44'),
(8, 2, 'reviewer', 'test', 'ttt', 'contact@interactions.tn', 'INVITATION_ACCEPTED', 'ORIGIN_INTERN', 'TYPE_REVIWVER', '2017-10-25 11:44:40', '2017-10-25 11:45:01', NULL, 'cfwek3gr4sg08g0o40o8k4wcgkow080'),
(9, 2, 'test', 'test', 'abc', 'hbenlouhichi@gmail.com', 'INVITATION_ACCEPTED', 'ORIGIN_INTERN', 'TYPE_REVIWVER', '2017-10-26 17:09:39', '2017-10-26 17:09:58', NULL, '9f8s5uyfxgkkkg0c0g08cgs00w0wscg'),
(10, 2, 'dffdfdfd', 'fdfdfd', 'fff', 'fff@gmail.com', 'INVITATION_ACCEPTED', 'ORIGIN_EXTERN', 'TYPE_REVIWVER', '2017-10-26 17:30:14', '2017-10-26 17:30:34', NULL, 'oi446lfeb74o48808ggsow0sskskss0'),
(11, 2, 'abccc', 'aaaaa', 'aaa', 'test@abcgg.comd', 'INVITATION_ACCEPTED', 'ORIGIN_EXTERN', 'TYPE_REVIWVER', '2017-10-27 10:50:18', '2017-10-27 10:50:55', NULL, '8eu1cgk636880ccwg0k0g8ww8k048s0'),
(12, 2, 'sqsq', 'sqqs', 'sss', 'hhshs@abcs.com', 'INVITATION_ACCEPTED', 'ORIGIN_EXTERN', 'TYPE_REVIWVER', '2017-10-27 10:59:25', '2017-10-27 10:59:52', NULL, '5thv1carfnwoccsk8w4ckc4k80koo40'),
(13, 2, 'dssdsd', 'dsdssd', 'sdsdds', 'abccc@test.com', 'INVITATION_ACCEPTED', 'ORIGIN_EXTERN', 'TYPE_REVIWVER', '2017-10-27 11:14:56', '2017-10-27 11:15:07', NULL, '6enrhwr0o44cgkk4o0ok4s8sks00sow'),
(15, 54, 'ines', 'bourgou', 'interaction', 'commercial@interactions.tn', 'INVITATION_AUTO_ACCEPTED', 'ORIGIN_INTERN', 'TYPE_COAUTHOR', '2017-12-06 10:56:55', '2018-01-25 13:46:17', NULL, 'n81qt577h40k4ogo08gs0gkgskgsw8s'),
(16, 55, 'bourgou', 'ines', 'ttt', 'contact@interactions.tn', 'INVITATION_ACCEPTED', 'ORIGIN_INTERN', 'TYPE_COAUTHOR', '2017-12-11 10:15:13', '2017-12-11 10:23:41', NULL, 'gndge35xzm8800k4wwo8wco4kwg8kkg'),
(17, 2, 'test', 'test', 'test', 'interactions.dev@gmail.com', 'INVITATION_ACCEPTED', 'ORIGIN_INTERN', 'TYPE_COAUTHOR', '2017-12-12 14:47:31', '2017-12-12 14:49:17', NULL, '1thyvo5qjrok4sggc4ok4cc84cckg4c'),
(19, 2, 'cc', 'cc', 'Interactions', 'contact@interactions.tn', 'INVITATION_ACCEPTED', 'ORIGIN_INTERN', 'TYPE_COAUTHOR', '2017-12-12 15:28:33', '2017-12-12 00:00:00', NULL, 'al3nybbjhcg80s00g4s8g84wgcwo8so'),
(20, 2, 'test', 'test', 'test', 'zeineb.haddad@gmail.com', 'INVITATION_DECLINED', 'ORIGIN_INTERN', 'TYPE_REVIWVER', '2017-12-12 15:50:57', NULL, '2018-01-25 15:21:58', '708r6r32rh0ckc0s08k08sks40skc8w'),
(21, 2, 'interactions', 'reviews', 'Interactions', 'interaction@gmail.com', 'INVITATION_DECLINED', 'ORIGIN_EXTERN', 'TYPE_REVIWVER', '2017-12-12 15:52:54', NULL, '2018-01-25 14:50:10', '455ryd1lw6gw40ok8804owg08ckk04s'),
(22, 2, 'zeineb', 'zeineb', 'Interactions', 'tinteraction@gmail.com', 'INVITATION_ACCEPTED', 'ORIGIN_EXTERN', 'TYPE_REVIWVER', '2017-12-12 15:55:46', '2017-12-12 15:56:25', NULL, 'pbml80sv040c84skwcoc4s00osss04c'),
(23, 2, 'zeineb', 'zeineb', 'z', 'zeineb.haddade@gmail.com', 'INVITATION_AUTO_ACCEPTED', 'ORIGIN_EXTERN', 'TYPE_COAUTHOR', '2017-12-18 15:12:38', '2018-01-25 14:40:34', NULL, '9gveyckx7wo440gsc0wosgss40ck8cc');

-- --------------------------------------------------------

--
-- Structure de la table `invitation_reviewer`
--

CREATE TABLE IF NOT EXISTS `invitation_reviewer` (
  `id` int(11) NOT NULL AUTO_INCREMENT,
  `reviewer_id` int(11) DEFAULT NULL,
  `invited_by_id` int(11) DEFAULT NULL,
  `status` varchar(255) COLLATE utf8_unicode_ci NOT NULL,
  `dateAt` datetime NOT NULL,
  `dateAccepted` datetime DEFAULT NULL,
  `dateDeclined` datetime DEFAULT NULL,
  `confirmation_token` varchar(255) COLLATE utf8_unicode_ci NOT NULL,
  PRIMARY KEY (`id`),
  KEY `IDX_C0535FAD70574616` (`reviewer_id`),
  KEY `IDX_C0535FADA7B4A7E3` (`invited_by_id`)
) ENGINE=InnoDB AUTO_INCREMENT=9 DEFAULT CHARSET=utf8 COLLATE=utf8_unicode_ci;

--
-- Déchargement des données de la table `invitation_reviewer`
--

INSERT INTO `invitation_reviewer` (`id`, `reviewer_id`, `invited_by_id`, `status`, `dateAt`, `dateAccepted`, `dateDeclined`, `confirmation_token`) VALUES
(1, NULL, NULL, 'INVITATION_SEND', '2017-10-24 12:20:31', NULL, NULL, 'rvgxatdt3io84gg0cowksgwkocs8oc0'),
(2, NULL, NULL, 'INVITATION_SEND', '2017-10-25 11:20:11', NULL, NULL, 'kjwju299m6o8k4oocw00gsgo4ccc08c'),
(3, NULL, NULL, 'INVITATION_SEND', '2017-11-29 09:59:21', NULL, NULL, '67ta3ujyxpoo44s8k88wokw00kwg848'),
(4, NULL, NULL, 'INVITATION_SEND', '2017-11-29 09:59:21', NULL, NULL, 'ijl1ladk0hcs0404kkscgsc4wc04cgo'),
(5, NULL, NULL, 'INVITATION_SEND', '2017-12-06 11:03:54', NULL, NULL, 'rrxtefe3tb4gkgwgs4w8c8gw0ggc04k'),
(6, NULL, NULL, 'INVITATION_SEND', '2017-12-06 11:03:54', NULL, NULL, '69jyfmkclvs40k04g00c40ccgcwgck8'),
(7, NULL, NULL, 'INVITATION_SEND', '2017-12-11 12:14:49', NULL, NULL, 'qf53ttwb6b4ogokgo4g0kc8s44440gk'),
(8, NULL, NULL, 'INVITATION_SEND', '2017-12-11 12:29:35', NULL, NULL, 'mjeb17gfe00gc0w4o0o00ccgc0g4og4');

-- --------------------------------------------------------

--
-- Structure de la table `media`
--

CREATE TABLE IF NOT EXISTS `media` (
  `id` int(11) NOT NULL AUTO_INCREMENT,
  `path` varchar(255) COLLATE utf8_unicode_ci NOT NULL,
  `alt` varchar(255) COLLATE utf8_unicode_ci NOT NULL,
  `user_id` int(11) DEFAULT NULL,
  `type` varchar(255) COLLATE utf8_unicode_ci NOT NULL,
  `dateCreate` datetime NOT NULL,
  PRIMARY KEY (`id`),
  KEY `IDX_6A2CA10CA76ED395` (`user_id`)
) ENGINE=InnoDB AUTO_INCREMENT=112 DEFAULT CHARSET=utf8 COLLATE=utf8_unicode_ci;

--
-- Déchargement des données de la table `media`
--

INSERT INTO `media` (`id`, `path`, `alt`, `user_id`, `type`, `dateCreate`) VALUES
(16, 'jpeg', '20160405_darfur.jpg', NULL, '', '0000-00-00 00:00:00'),
(17, 'jpeg', '20160405_darfur.jpg', NULL, '', '0000-00-00 00:00:00'),
(18, 'jpeg', '20160405_darfur.jpg', NULL, '', '0000-00-00 00:00:00'),
(20, 'jpeg', '20160405_darfur.jpg', NULL, '', '0000-00-00 00:00:00'),
(23, 'jpeg', '20160405_darfur.jpg', NULL, '', '0000-00-00 00:00:00'),
(26, 'jpeg', 'Sans titre.jpg', NULL, '', '0000-00-00 00:00:00'),
(27, 'jpeg', 'Sans titre.jpg', NULL, '', '0000-00-00 00:00:00'),
(33, 'jpeg', '20160405_darfur.jpg', NULL, '', '0000-00-00 00:00:00'),
(34, 'jpeg', '20160405_darfur.jpg', NULL, '', '0000-00-00 00:00:00'),
(36, 'jpeg', '20160405_darfur.jpg', NULL, '', '0000-00-00 00:00:00'),
(37, 'jpeg', 'Chrysanthemum.jpg', NULL, '', '0000-00-00 00:00:00'),
(38, 'jpeg', 'Chrysanthemum.jpg', NULL, '', '0000-00-00 00:00:00'),
(39, 'jpeg', 'Desert.jpg', NULL, '', '0000-00-00 00:00:00'),
(40, 'jpeg', 'Desert.jpg', NULL, '', '0000-00-00 00:00:00'),
(41, 'jpeg', 'Desert.jpg', NULL, '', '0000-00-00 00:00:00'),
(42, 'jpeg', 'cool-wallpapers-hd-8087-8418-hd-wallpapers.jpg', NULL, '', '0000-00-00 00:00:00'),
(43, 'jpeg', 'cool-wallpapers-hd-8087-8418-hd-wallpapers.jpg', NULL, '', '0000-00-00 00:00:00'),
(44, 'jpeg', 'cool-wallpapers-hd-8087-8418-hd-wallpapers.jpg', NULL, '', '0000-00-00 00:00:00'),
(45, 'jpeg', '13094295_989055047838948_3864879686319329518_n.jpg', NULL, '', '0000-00-00 00:00:00'),
(46, 'jpeg', '13094295_989055047838948_3864879686319329518_n.jpg', NULL, '', '0000-00-00 00:00:00'),
(47, 'jpeg', '34.jpeg', NULL, '', '0000-00-00 00:00:00'),
(48, 'jpeg', '34.jpeg', NULL, '', '0000-00-00 00:00:00'),
(49, 'jpeg', 'Tribune-Recrutement-commerciaux-arretons-chercher--F.jpg', NULL, '', '0000-00-00 00:00:00'),
(50, 'png', 'Logo_millesima_travel&events.png', NULL, '', '0000-00-00 00:00:00'),
(51, 'jpeg', 'Sidi Jmour 2.jpg', NULL, '', '0000-00-00 00:00:00'),
(52, 'png', 'EHJ 2015.png', NULL, '', '0000-00-00 00:00:00'),
(53, 'png', 'EHJ 2015.png', NULL, '', '0000-00-00 00:00:00'),
(54, 'png', 'EHJ 2015.png', NULL, '', '0000-00-00 00:00:00'),
(55, 'jpeg', 'Fond02_ipad.jpg', NULL, '', '0000-00-00 00:00:00'),
(56, 'jpeg', 'Koala.jpg', NULL, '', '0000-00-00 00:00:00'),
(57, 'jpeg', 'Penguins.jpg', NULL, '', '0000-00-00 00:00:00'),
(58, 'png', 'io7.png', NULL, '', '0000-00-00 00:00:00'),
(59, 'jpeg', 'Chrysanthemum.jpg', NULL, '', '0000-00-00 00:00:00'),
(60, 'jpeg', 'Desert.jpg', NULL, '', '0000-00-00 00:00:00'),
(61, 'jpeg', 'Penguins.jpg', NULL, '', '0000-00-00 00:00:00'),
(62, 'jpeg', 'Jellyfish.jpg', NULL, '', '0000-00-00 00:00:00'),
(63, 'jpeg', 'Jellyfish.jpg', NULL, '', '0000-00-00 00:00:00'),
(64, 'jpeg', 'Lighthouse.jpg', NULL, '', '0000-00-00 00:00:00'),
(65, 'jpeg', 'Koala.jpg', NULL, '', '0000-00-00 00:00:00'),
(66, 'png', 'io7.0.png', NULL, '', '0000-00-00 00:00:00'),
(67, 'jpeg', 'Lighthouse.jpg', NULL, '', '0000-00-00 00:00:00'),
(68, 'jpeg', 'Tulips.jpg', NULL, '', '0000-00-00 00:00:00'),
(69, 'jpeg', 'a1.jpg', NULL, '', '0000-00-00 00:00:00'),
(70, 'jpeg', 'a1.jpg', NULL, '', '0000-00-00 00:00:00'),
(71, 'jpeg', 'ios6 roche.jpg', NULL, '', '0000-00-00 00:00:00'),
(72, 'jpeg', 'a2.jpg', NULL, '', '0000-00-00 00:00:00'),
(73, 'jpeg', 'a1.jpg', NULL, '', '0000-00-00 00:00:00'),
(74, 'jpeg', 'a4.jpg', NULL, '', '0000-00-00 00:00:00'),
(75, 'jpeg', 'a4.jpg', NULL, '', '0000-00-00 00:00:00'),
(76, 'jpeg', 'jepg1', 17, 'IMAGE', '0000-00-00 00:00:00'),
(77, 'jpeg', 'tof2', 17, 'IMAGE', '0000-00-00 00:00:00'),
(78, 'mp4', 'test', 2, 'VIDEO', '0000-00-00 00:00:00'),
(79, 'avi', 'test12', 2, 'VIDEO', '0000-00-00 00:00:00'),
(80, 'jpeg', 'tof1', 17, 'IMAGE', '2017-11-29 09:40:33'),
(81, 'jpeg', 'tof 3', 17, 'IMAGE', '2017-11-29 09:40:49'),
(82, 'jpeg', 'tof5', 17, 'IMAGE', '2017-11-29 09:41:00'),
(83, 'jpeg', 'tof4', 17, 'IMAGE', '2017-11-29 09:41:13'),
(84, 'jpeg', 'tof7', 17, 'IMAGE', '2017-11-29 09:41:31'),
(85, 'jpeg', 'tof9', 17, 'IMAGE', '2017-11-29 09:43:52'),
(86, 'jpeg', 'jpeg 2', 17, 'IMAGE', '2017-11-29 09:44:28'),
(87, 'jpeg', 'jepg5', 17, 'IMAGE', '2017-11-29 09:44:44'),
(88, 'jpeg', 'jepg3', 17, 'IMAGE', '2017-11-29 09:44:59'),
(89, 'jpeg', 'jepg2', 17, 'IMAGE', '2017-11-29 09:45:32'),
(90, 'jpeg', 'jepg4', 17, 'IMAGE', '2017-11-29 09:45:59'),
(91, 'jpeg', 'jepg6', 17, 'IMAGE', '2017-11-29 09:46:45'),
(93, 'jpeg', 'Hydrangeas', 2, 'IMAGE', '2017-12-04 16:33:40'),
(94, 'jpeg', 'Chrysanthème', 2, 'IMAGE', '2017-12-06 10:39:00'),
(95, 'jpeg', 'Désert', 2, 'IMAGE', '2017-12-06 10:39:18'),
(96, 'jpeg', 'Méduses', 2, 'IMAGE', '2017-12-06 10:39:35'),
(97, 'jpeg', 'Koala', 2, 'IMAGE', '2017-12-06 10:39:49'),
(98, 'jpeg', 'Phare', 2, 'IMAGE', '2017-12-06 10:40:06'),
(99, 'jpeg', 'Manchots', 2, 'IMAGE', '2017-12-06 10:40:24'),
(100, 'jpeg', 'Tulipes', 2, 'IMAGE', '2017-12-06 10:40:42'),
(101, 'jpeg', 'Desert', 54, 'IMAGE', '2017-12-06 10:55:24'),
(102, 'jpeg', 'Chrysanthemum', 55, 'IMAGE', '2017-12-11 10:08:19'),
(103, 'jpeg', 'Desert', 55, 'IMAGE', '2017-12-11 10:08:30'),
(104, 'jpeg', 'Tulips', 55, 'IMAGE', '2017-12-11 10:08:40'),
(105, 'jpeg', 'Hydrangeas', 55, 'IMAGE', '2017-12-11 10:08:53'),
(106, 'jpeg', 'Jellyfish', 55, 'IMAGE', '2017-12-11 10:09:01'),
(107, 'jpeg', 'Koala', 55, 'IMAGE', '2017-12-11 10:09:10'),
(108, 'jpeg', 'Penguins', 55, 'IMAGE', '2017-12-11 10:09:18'),
(109, 'jpeg', 'Lighthouse', 55, 'IMAGE', '2017-12-11 10:09:30'),
(110, 'jpeg', 'Penguins', 55, 'IMAGE', '2017-12-11 10:09:48'),
(111, 'mp4', 'video1', 55, 'VIDEO', '2017-12-11 10:10:42');

-- --------------------------------------------------------

--
-- Structure de la table `pictures`
--

CREATE TABLE IF NOT EXISTS `pictures` (
  `id` int(11) NOT NULL AUTO_INCREMENT,
  `path` varchar(255) COLLATE utf8_unicode_ci NOT NULL,
  `alt` varchar(255) COLLATE utf8_unicode_ci NOT NULL,
  PRIMARY KEY (`id`)
) ENGINE=InnoDB AUTO_INCREMENT=12 DEFAULT CHARSET=utf8 COLLATE=utf8_unicode_ci;

--
-- Déchargement des données de la table `pictures`
--

INSERT INTO `pictures` (`id`, `path`, `alt`) VALUES
(1, 'jpeg', '2c4b30d48aa9797bde07fb99a0a670a8b0a33ffd.jpg'),
(2, 'png', 'pouet.png'),
(3, 'jpeg', '6ba51c907e59f9c68d1a7bf1fe4c2a5ec43fd275.jpg'),
(4, 'jpeg', '60ff8d5f734b8acb8f0fa53af38fc1f7b2606edc.jpg'),
(5, 'jpeg', 'ligue-champions-psg-city-football.jpg'),
(6, 'jpeg', 'police-blegie.jpg'),
(7, 'png', 'bankimoon-successeuse.png'),
(8, 'jpeg', 'medical1.jpg'),
(9, 'jpeg', 'medical2.jpg'),
(10, 'jpeg', 'medical3.jpg'),
(11, 'jpeg', 'medical4.jpg');

-- --------------------------------------------------------

--
-- Structure de la table `post`
--

CREATE TABLE IF NOT EXISTS `post` (
  `id` int(11) NOT NULL AUTO_INCREMENT,
  `pictures_id` int(11) DEFAULT NULL,
  `section_id` int(11) DEFAULT NULL,
  `titre` varchar(255) COLLATE utf8_unicode_ci NOT NULL,
  `content` longtext COLLATE utf8_unicode_ci NOT NULL,
  `video` varchar(255) COLLATE utf8_unicode_ci NOT NULL,
  `datePublished` datetime NOT NULL,
  `salt` varchar(255) COLLATE utf8_unicode_ci NOT NULL,
  PRIMARY KEY (`id`),
  UNIQUE KEY `UNIQ_5A8A6C8DBC415685` (`pictures_id`),
  KEY `IDX_5A8A6C8DD823E37A` (`section_id`)
) ENGINE=InnoDB AUTO_INCREMENT=12 DEFAULT CHARSET=utf8 COLLATE=utf8_unicode_ci;

--
-- Déchargement des données de la table `post`
--

INSERT INTO `post` (`id`, `pictures_id`, `section_id`, `titre`, `content`, `video`, `datePublished`, `salt`) VALUES
(1, 1, 4, 'Embellie dans les perspectives d\'embauche en 2016', '<p>PARIS (AFP)&nbsp;-&nbsp;</p>\r\n\r\n<p>Bonne nouvelle sur le front de l&#39;emploi: les perspectives de recrutement des entreprises progressent nettement cette ann&eacute;e, atteignant un niveau jamais vu depuis sept ans, mais avec une part significative de contrats saisonniers, selon l&#39;enqu&ecirc;te annuelle de P&ocirc;le emploi publi&eacute;e mardi.</p>\r\n\r\n<p>Apr&egrave;s une croissance de seulement 2,3% en 2015, les intentions d&#39;embauche pour 2016 ont augment&eacute; de 5,1%, soit 88.000 projets de recrutement suppl&eacute;mentaires sur un total de plus de 1,8 million d&#39;embauches potentielles: &quot;Jamais nous n&#39;avons obtenu un tel r&eacute;sultat&quot; depuis que cette enqu&ecirc;te &quot;Besoins en main-d??uvre&quot; a &eacute;t&eacute; lanc&eacute;e sous cette forme il y sept ans, a expliqu&eacute; le directeur g&eacute;n&eacute;ral de P&ocirc;le emploi, Jean Bass&egrave;res, lors d&#39;une conf&eacute;rence de presse.</p>\r\n\r\n<p>Plus de 430.000 entreprises ont r&eacute;pondu &agrave; ce questionnaire, vaste cartographie des besoins de recrutement par m&eacute;tier et par bassin d&#39;emploi. Environ 80% des projets qu&#39;elles signalent se r&eacute;alisent effectivement, a pr&eacute;cis&eacute; M. Bass&egrave;res.</p>\r\n\r\n<p>La hausse des pr&eacute;visions d&#39;embauche est cependant d&#39;abord li&eacute;e aux emplois saisonniers, notamment dans le tourisme (+8,6%, soit environ 45% des projets), quand celles des emplois non saisonniers n&#39;augmentent que de 2,8%.</p>\r\n\r\n<p>Dans les intentions d&#39;embauche, la part des emplois durables (CDI ou contrats de plus de six mois) s&#39;&eacute;tablit &agrave; 56,3%, en l&eacute;g&egrave;re baisse par rapport &agrave; 2015, mais en nette hausse par rapport &agrave; 2014.</p>\r\n\r\n<p>G&eacute;ographiquement, les perspectives de recrutement se concentrent dans les grandes agglom&eacute;rations, l&#39;Arc atlantique et le sud-est de la France.</p>\r\n\r\n<p>Le plus grand nombre &eacute;mane des petites entreprises de moins de 10 salari&eacute;s (45% des projets d&#39;embauche), suivies par les &eacute;tablissements de 10 &agrave; 50 salari&eacute;s (23%).</p>\r\n\r\n<p>Le secteur des services est le premier recruteur de France, repr&eacute;sentant 41% des intentions d&#39;embauche (+4,5% sur un an). Cela concerne les services &agrave; la personne (restauration, aides &agrave; domicile...), m&eacute;tiers &agrave; faible qualification, mais aussi les services aux entreprises, avec une forte demande pour les m&eacute;tiers qualifi&eacute;s, comme les ing&eacute;nieurs.</p>\r\n\r\n<p>- Recrutements &agrave; la peine dans les services -</p>\r\n\r\n<p>Les perspectives continuent aussi de cro&icirc;tre dans l&#39;industrie (+2,6%), mais moins qu&#39;en 2014 et 2015.</p>\r\n\r\n<p>Fait notable: le rebond de la construction, dont les projets d&#39;embauche ont augment&eacute; de quelque 12%, apr&egrave;s un important repli en 2015, retrouvant leur niveau de 2014.</p>\r\n\r\n<p>Dans le &quot;top 15&quot; des m&eacute;tiers les plus recherch&eacute;s figurent en t&ecirc;te les emplois saisonniers agricoles (viticulteurs, cueilleurs, etc.), suivis, entre autres, par les agents d&#39;entretien de locaux, les professionnels de l&#39;animation socioculturelle, les serveurs de caf&eacute; et de restaurants, les employ&eacute;s de cuisine, les aides &agrave; domicile, les ouvriers non qualifi&eacute;s, les artistes, les vendeurs et les ing&eacute;nieurs - qui font cette ann&eacute;e leur entr&eacute;e dans ce classement.</p>\r\n\r\n<p>Les difficult&eacute;s de recrutement restent importantes puisqu&#39;elles concernent environ un tiers des entreprises. Mais &quot;si on regarde depuis 2012, ces difficult&eacute;s ont tendance &agrave; baisser&quot;, a soulign&eacute; St&eacute;phane Ducatez, directeur des statistiques de P&ocirc;le emploi, selon lequel le nombre d&#39;offres non pourvues faute de candidats se situe dans une fourchette de 180.000 &agrave; 200.000.</p>\r\n\r\n<p>Ces difficult&eacute;s touchent deux fois plus les petites entreprises que les grandes, faute de structure en ressources humaines.</p>\r\n\r\n<p>Parmi les m&eacute;tiers les plus durs &agrave; pourvoir, dont beaucoup sont aussi, de fait, les plus recherch&eacute;s: les services aux particuliers (cuisiniers, aides &agrave; domicile et m&eacute;nag&egrave;re, employ&eacute;s de maison), essentiellement par manque d&#39;attractivit&eacute;, mais aussi l&#39;industrie (ing&eacute;nieurs et cadres d&#39;&eacute;tudes), en raison surtout d&#39;une inad&eacute;quation des profils. Certains m&eacute;tiers d&#39;ouvriers qualifi&eacute;s (couvreur, chaudronnier, etc.) ou du secteur m&eacute;dical et param&eacute;dical souffrent par ailleurs d&#39;une p&eacute;nurie de candidats: cette ann&eacute;e, m&eacute;decin est l&#39;un des m&eacute;tiers pour lequel le pourcentage de projets de recrutement jug&eacute;s difficiles est le plus &eacute;lev&eacute; (70%).</p>\r\n\r\n<p>Pour pr&egrave;s de deux entreprises sur trois, la formation des candidats venant de l&#39;ext&eacute;rieur appara&icirc;t comme &quot;la solution adapt&eacute;e&quot; pour r&eacute;soudre ces probl&egrave;mes, et la plupart comptent sur P&ocirc;le emploi pour les aider dans leur recrutement.</p>\r\n\r\n<p>Par Juliette COLLEN</p>', 'wxcxw', '2016-04-11 13:15:57', 'vaet1uh3gm8kso0kgw8ssssco0kgw0'),
(2, 2, 4, 'Les ventes de musique reprennent des couleurs pour la première fois depuis 1998', '<h2>Les ventes de musique ont progress&eacute; de 3,2 % en 2015, enregistrant la premi&egrave;re &quot;hausse significative depuis 1998&quot; a affirm&eacute; la F&eacute;d&eacute;ration internationale de l&#39;industrie phonographique.</h2>\r\n\r\n<p>Cela faisait pr&egrave;s de 20 ans que les majors du disque attendaient &ccedil;a. La F&eacute;d&eacute;ration internationale de l&#39;industrie phonographique a sorti, mardi 12 avril,&nbsp;<a href=\"http://www.ifpi.org/news/IFPI-GLOBAL-MUSIC-REPORT-2016\" target=\"_blank\">son rapport annuel sur un air de triomphe</a>&nbsp;: les ventes de musique ont connu en 2015 une croissance substantielle pour la premi&egrave;re fois depuis 1998. L&#39;industrie du disque aurait-elle r&eacute;ussi &agrave; tourner la page de Napster &amp; Co et du tout gratuit sur le Web ?</p>\r\n\r\n<p>Les revenus tir&eacute;s de la vente de musique ont atteint&nbsp;<a href=\"http://www.billboard.com/articles/business/7332929/ifpi-global-digital-music-services-revenue-growth-report\" target=\"_blank\">15 milliards de dollars en 2015</a>&nbsp;(13,2 millions d&#39;euros). Une somme qui est encore tr&egrave;s loin d&#39;&eacute;galer les&nbsp;<a href=\"http://www.theglobeandmail.com/report-on-business/international-business/party-like-its-1999-global-music-sales-rise-at-last/article9057705/\" target=\"_blank\">27,8 milliards de dollars de revenus de 1998</a>(24,5 millions d&#39;euros), mais les professionnels du secteur sont plus optimistes que jamais.</p>\r\n\r\n<p>Tout d&#39;abord, les revenus de l&#39;industrie musicale ont augment&eacute;&nbsp; 3,2 % l&#39;an dernier.&nbsp;Un chiffre dont le lobby du disque n&#39;osait plus r&ecirc;ver depuis 20 ans. Les rares hausses connues ces derni&egrave;res ann&eacute;es se situaient, comme en 2013, plut&ocirc;t aux alentours des 0,3 %.</p>', 'OgYL3M_RAYA', '2016-04-12 17:42:16', '2xouti5s0eg4k04cw804o8cc044oss0'),
(3, 3, 4, 'Syrie: moins d\'avions russes mais toujours autant d\'implication', '<p>BASE A&Eacute;RIENNE DE HMEIMIM (SYRIE) (AFP)&nbsp;-&nbsp;</p>\r\n\r\n<p>Un mois apr&egrave;s l&#39;annonce surprise du &quot;retrait&quot; partiel des forces russes de Syrie, les incessants d&eacute;collages d&#39;avions de combat ne d&eacute;chirent plus le ciel de la base a&eacute;rienne de Hmeimim mais Moscou joue toujours un r&ocirc;le cl&eacute; dans les combats.</p>\r\n\r\n<p>Une dizaine d&#39;avions sont stationn&eacute;s sur le tarmac de ce site militaire du nord-ouest de la Syrie, dans un fief du r&eacute;gime de Bachar al-Assad. Non loin, le radar g&eacute;ant d&#39;un S-400 - le plus moderne des syst&egrave;mes de d&eacute;fense a&eacute;rienne dans l&#39;arsenal russe - tournoie sans discontinuer.</p>\r\n\r\n<p>Mais lors d&#39;une r&eacute;cente visite organis&eacute;e et &eacute;troitement encadr&eacute;e par les autorit&eacute;s russes, un journaliste de l&#39;AFP a pu constater que l&#39;activit&eacute; y avait consid&eacute;rablement baiss&eacute; depuis d&eacute;cembre, lorsque les op&eacute;rations russes de bombardements battaient leur plein dans le ciel syrien.</p>\r\n\r\n<p>A cette &eacute;poque, lors d&#39;une premi&egrave;re visite de ce type, le bruit assourdissant des appareils russes &eacute;tait incessant. Cette fois, aucun d&eacute;collage n&#39;a eu lieu et le nombre d&#39;avions visibles a baiss&eacute;.</p>\r\n\r\n<p>&quot;Plus de 20 appareils ont &eacute;t&eacute; retir&eacute;s - notamment des Su-34, des Su-24 et tous nos Su-25, ainsi que des h&eacute;licopt&egrave;res Mi-8 et Mi-24&quot;, explique &agrave; l&#39;AFP un porte-parole militaire russe. &quot;Moins de la moiti&eacute; de nos avions sont rest&eacute;s&quot; sur la base de Hmeimim, affirme Igor Konachenkov.</p>\r\n\r\n<p>Fin septembre, Moscou avait accouru au soutien de son alli&eacute; Bachar al-Assad en d&eacute;ployant des forces cons&eacute;quentes en Syrie, pays d&eacute;chir&eacute; depuis cinq ans par un conflit complexe qui a fait plus de 270.000 morts et contraint des millions de personnes &agrave; fuir leurs foyers.</p>\r\n\r\n<p>En mars, Vladimir Poutine a pris tout le monde de court en annon&ccedil;ant un &quot;retrait&quot; de l&#39;&quot;essentiel&quot; du dispositif russe, quelques jours apr&egrave;s le d&eacute;but d&#39;une tr&ecirc;ve entre r&eacute;gime et rebelles initi&eacute;e par Moscou et Washington et alors qu&#39;une session de n&eacute;gociations intersyriennes se tenait sous l&#39;&eacute;gide de l&#39;ONU &agrave; Gen&egrave;ve.</p>\r\n\r\n<p>Le pr&eacute;sident russe estimait alors que la mission du contingent russe avait &eacute;t&eacute; &quot;globalement accomplie&quot;, l&#39;intervention de Moscou - quelque 9.000 raids a&eacute;riens - ayant permis aux forces pror&eacute;gime de reprendre du terrain face aux rebelles.</p>', 'dddddd', '2016-04-12 17:45:45', 'tso17v8rbrkcskg0sk0cskgwg4occwk'),
(4, 4, 4, 'Mali: un soldat français tué', '<p>Un soldat du 511e r&eacute;giment du train d&#39;Auxonne (C&ocirc;te-d&#39;Or) a &eacute;t&eacute; tu&eacute; mardi matin au cours d&#39;une op&eacute;ration dans le nord du Mali par l&#39;explosion d&#39;une mine contre son v&eacute;hicule blind&eacute;, a annonc&eacute; l?&Eacute;lys&eacute;e dans un communiqu&eacute;.</p>\r\n\r\n<p>D&#39;autres soldats ont &eacute;t&eacute; bless&eacute;s dans l&#39;explosion, selon l?&Eacute;lys&eacute;e qui ne pr&eacute;cise pas leur nombre. Le pr&eacute;sident Fran&ccedil;ois Hollande a exprim&eacute; &quot;son profond respect pour le sacrifice de ce jeune soldat&quot;.</p>', 'sdqsdqsdqsd', '2016-04-12 17:48:36', '8as1rnjf210ks4kgkcsso80cwkkkg8s'),
(5, 5, 4, 'Ligue des champions : au pied du mur, le PSG doit vaincre City pour voir les demies', '<ul>\r\n	<li><a href=\"http://www.france24.com/fr/tag/football/\">Football</a></li>\r\n	<li><a href=\"http://www.france24.com/fr/tag/laurent-blanc/\">Laurent Blanc</a></li>\r\n	<li><a href=\"http://www.france24.com/fr/tag/ligue-champions/\">Ligue des champions</a></li>\r\n</ul>\r\n\r\n<p><a href=\"http://www.france24.com/fr/section/sport/\">SPORT</a></p>\r\n\r\n<h1>Ligue des champions : au pied du mur, le PSG doit vaincre City pour voir les demies</h1>\r\n\r\n<ul>\r\n	<li>&nbsp;</li>\r\n	<li>&nbsp;</li>\r\n	<li>&nbsp;</li>\r\n	<li>&nbsp;</li>\r\n	<li>\r\n	<div style=\"background:transparent; border:0px none; padding:0px\">&nbsp;</div>\r\n	</li>\r\n	<li>&nbsp;</li>\r\n	<li>inPartager</li>\r\n</ul>\r\n\r\n<ul>\r\n	<li><a href=\"http://www.france24.com/fr/20160412-ligue-champions-football-manchester-city-psg-quart-finale-retour-paris-verratti#\">0</a></li>\r\n	<li>&nbsp;</li>\r\n	<li><a href=\"http://www.france24.com/fr/20160412-ligue-champions-football-manchester-city-psg-quart-finale-retour-paris-verratti#\">print</a></li>\r\n</ul>\r\n\r\n<p><img alt=\"\" src=\"http://scd.france24.com/fr/files_fr/imagecache/france24_ct_api_bigger_169/article/image/ligue-champions-psg-city-football.jpg\" style=\"margin:0px 0px 5px; width:652px\" /></p>\r\n\r\n<p>&copy; Yann Buxeda | Accroch&eacute; &agrave; l&#39;aller par City (2-2), le PSG doit r&eacute;aliser le match parfait pour se qualifier en demi-finale de la Ligue des champions.</p>\r\n\r\n<p>Texte par&nbsp;<a href=\"http://www.france24.com/fr/auteur/yann-buxeda/\">Yann BUXEDA&nbsp;</a>, envoy&eacute; sp&eacute;cial France 24 &agrave; l&#39;Etihad Stadium (Manchester, Royaume-Uni)</p>\r\n\r\n<p>Derni&egrave;re modification : 12/04/2016</p>\r\n\r\n<h2 style=\"font-style:inherit\">Accroch&eacute; la semaine pass&eacute;e par Manchester City (2-2), le PSG n&#39;a pas le droit &agrave; l&#39;erreur, mardi, &agrave; l&#39;Etihad Stadium, s&#39;il veut rejoindre les demi-finales de la Ligue des champions. Un quart de finale retour &agrave; haut risque pour les Parisiens.</h2>\r\n\r\n<p>&nbsp;</p>\r\n\r\n<p><a href=\"http://bit.ly/1LJ1XJD\" target=\"_blank\"><img alt=\"\" src=\"http://scd.france24.com/fr/files_fr/element_multimedia/image/direct-football-banniere-620-tiershauteur.png\" style=\"border-style:initial; border-width:0px; margin:0px auto\" /></a></p>\r\n\r\n<p>&nbsp;</p>\r\n\r\n<p>C&#39;est une marotte depuis le d&eacute;but du printemps : &agrave; chaque sortie europ&eacute;enne, le&nbsp;<a href=\"http://www.france24.com/fr/tag/psg/\" target=\"_blank\">Paris Saint-Germain</a>joue &quot;le match le plus important de sa saison&quot;. Une maxime une nouvelle fois adapt&eacute;e au quart de finale retour de&nbsp;<a href=\"http://www.france24.com/fr/tag/ligue-champions/\" target=\"_blank\">Ligue des champions</a>&nbsp;que les Parisiens se pr&eacute;parent &agrave; jouer, mardi 12 avril, &agrave; l&#39;Etihad Stadium de Manchester City.</p>\r\n\r\n<p><a href=\"http://www.france24.com/fr/20160411-ligue-champions-city-psg-manchester-laurent-blanc-yaya-toure-football\" target=\"_blank\">&gt;&gt; &Agrave; lire sur France 24 : &quot;Pour Laurent Blanc, &#39;il n&#39;y a que la victoire finale qui compte&#39;&quot;</a></p>\r\n\r\n<p>En ligne de mire pour les hommes de Laurent Blanc, une place en demi-finale de la plus prestigieuse des comp&eacute;titions europ&eacute;ennes. Autant dire un symbole fort, puisque pour la premi&egrave;re fois depuis que QSI (Qatar Sports Investments) a pris le contr&ocirc;le du club en 2011, le PSG int&eacute;grerait le dernier carr&eacute; de la C1.</p>\r\n\r\n<p>&Agrave;&nbsp;l&#39;inverse, une d&eacute;faite de Zlatan Ibrahimovic et de ses co&eacute;quipiers en quart de finale viendrait graver dans le marbre le plafonnement d&#39;un club qui a d&eacute;j&agrave; &eacute;chou&eacute; &agrave; trois reprises &agrave; ce stade de la comp&eacute;tition au cours des trois derni&egrave;res ann&eacute;es.</p>\r\n\r\n<p>Un cap &agrave; franchir de part et d&#39;autre</p>\r\n\r\n<p>Sur le papier, le PSG pensait pourtant&nbsp;<a href=\"http://www.france24.com/fr/20160318-ligue-champions-quarts-finale-psg-manchester-city-barca-atletico-real\" target=\"_blank\">avoir tir&eacute; un adversaire &agrave; sa port&eacute;e</a>&nbsp;en h&eacute;ritant de City, cador &eacute;conomique de&nbsp;<a href=\"http://www.france24.com/fr/tag/premier-league/\" target=\"_blank\">Premier League</a>&nbsp;au destin sportif r&eacute;guli&egrave;rement contrari&eacute;. Les Sky Blues, qui ont d&eacute;pens&eacute; plus d&#39;un milliard d&#39;euros sur le march&eacute; des transferts ces dix derni&egrave;res ann&eacute;es, n&#39;ont jamais r&eacute;ussi &agrave; briller sur la sc&egrave;ne continentale. Pour la premi&egrave;re fois de leur histoire, ils ont atteint les quarts cette saison : un objectif minimal au vu de l&#39;immense surface financi&egrave;re de son propri&eacute;taire, le cheikh Mansour d&#39;Abou Dhabi.</p>\r\n\r\n<p>Mais m&ecirc;me sans cette sacro-sainte exp&eacute;rience europ&eacute;enne, les Citizens ont su parfaitement n&eacute;gocier leur quart aller au Parc des Princes,&nbsp;<a href=\"http://www.france24.com/fr/20160406-direct-psg-manchester-city-live-football-quart-finale-ligue-champions\" target=\"_blank\">en ramenant un nul heureux de Paris (2-2)</a>. Et le PSG est d&eacute;sormais contraint de r&eacute;aliser un exploit s&#39;il veut mat&eacute;rialiser son statut de &quot;grand d&#39;Europe&quot;.</p>\r\n\r\n<p>Un milieu sinistr&eacute; et beaucoup d&#39;inconnues</p>\r\n\r\n<p>Un d&eacute;fi de taille pour les prot&eacute;g&eacute;s de Blanc, qui se pr&eacute;sentent &agrave; Manchester avec quelques cartes en moins. Comme au match aller, le virevoltant milieu de terrain Marco Verratti devrait &ecirc;tre forfait en raison d&#39;une pubalgie. Une absence d&#39;autant plus pr&eacute;judiciable que l&#39;ensemble du milieu de terrain francilien est affaibli : Blaise Matuidi, averti au match aller, sera suspendu pour cette rencontre, tout comme le d&eacute;fenseur central David Luiz, qui aurait pu d&eacute;panner devant la d&eacute;fense. L&#39;entra&icirc;neur parisien devrait donc &ecirc;tre oblig&eacute; de composer un milieu plus offensif, avec Pastore, Thiago Motta et Rabiot.</p>\r\n\r\n<p>Une option pas forc&eacute;ment rassurante, alors que le bloc d&eacute;fensif du PSG a montr&eacute; quelques signes de faiblesse il y a une semaine. La titularisation de Marquinhos en lieu et place de David Luiz pourra-t-elle stabiliser une charni&egrave;re qui n&#39;a pas brill&eacute; par sa s&eacute;r&eacute;nit&eacute; il y a une semaine ? Le lat&eacute;ral Serge Aurier, qui avait totalement manqu&eacute; son retour &agrave; l&#39;aller, aura-t-il retrouv&eacute; sa solidit&eacute; ? Autant de questions autour desquelles pourrait se d&eacute;cider le sort de cette confrontation.</p>\r\n\r\n<p>Devant, en revanche, le PSG devrait avoir plus de certitudes. Ibrahimovic, qui a connu un match aller compliqu&eacute; &ndash; un but, mais surtout un p&eacute;nalty stopp&eacute; et plusieurs occasions franches manqu&eacute;es &ndash; voudra prouver&nbsp;<a href=\"http://www.france24.com/fr/20160308-ligue-champions-psg-chelsea-football-zlatan-ibrahimovic-8e-finale\" target=\"_blank\">qu&#39;il peut &ecirc;tre d&eacute;cisif dans les matches couperets</a>. Il devrait &ecirc;tre second&eacute; par l&#39;in&eacute;vitable Di Maria et probablement par Lucas, qui devrait &ecirc;tre pr&eacute;f&eacute;r&eacute; &agrave; Cavani.</p>\r\n\r\n<p>Puissance de feu</p>\r\n\r\n<p>Cette capacit&eacute; &agrave; forcer la d&eacute;cision sera sans nul doute l&#39;atout principal de Manchester City, mardi soir. Avec une attaque men&eacute;e par De Bruyne et Ag&uuml;ero, les hommes du Chilien Manuel Pellegrini peuvent faire trembler les filets &agrave; tout moment.</p>\r\n\r\n<p>Ils b&eacute;n&eacute;ficieront par ailleurs du retour de l&#39;incontournable Yaya Tour&eacute;, ind&eacute;boulonnable titulaire sous le maillot bleu ciel. L&#39;Ivoirien,&nbsp;<a href=\"http://www.france24.com/fr/20160405-ligue-champions-yaya-toure-manchester-city-paris-saint-germain-forfait-quarts-finale\" target=\"_blank\">qui avait manqu&eacute; le match aller en raison d&#39;une blessure au talon</a>, pourrait &ecirc;tre l&#39;&eacute;l&eacute;ment cl&eacute; de la lutte dans l&#39;entrejeu.</p>\r\n\r\n<p>En d&eacute;fense, en revanche, les Citizens devront une nouvelle fois composer sans Kompany, insuffisamment remis de sa blessure au mollet. Une absence dont les Parisiens devront profiter devant les quelque 55 000 spectateurs de l&#39;Etihad Stadium s&#39;ils veulent donner un peu d&#39;&eacute;paisseur &agrave; leurs ambitions de sacre europ&eacute;en. Et s&#39;ils n&#39;y parviennent pas, la fin de saison pourrait &ecirc;tre tr&egrave;s longue pour le club parisien,&nbsp;<a href=\"http://www.france24.com/fr/20160313-psg-troyes-champion-france-2015-16-paris-sg-saint-germain-l1-ligue-1\" target=\"_blank\">sacr&eacute; champion de France depuis un mois</a>, et qui a fait de cette C1 son objectif prioritaire en 2016.</p>\r\n\r\n<p>&bull; Les compositions probables des deux &eacute;quipes :</p>\r\n\r\n<p>Manchester City :&nbsp;Hart - Sagna, Otamendi, Mangala, Clichy - Fernandinho, Tour&eacute;, Fernando - De Bruyne, Aguero, Silva</p>\r\n\r\n<p>Paris SG :&nbsp;Trapp - Aurier, Thiago Silva, Marquinhos, Maxwell - Pastore (ou Di Maria), Thiago Motta, Rabiot - Di Maria (ou Cavani), Ibrahimovic, Lucas</p>', 'sqdqsdq', '2016-04-12 17:56:03', '3xlzttc459wkcg4o88sko0co808s0ok'),
(6, 6, 4, 'Trois nouvelles interpellations à Bruxelles', '<p>Dans le cadre de l&#39;enqu&ecirc;te belge sur&nbsp;<a href=\"http://www.france24.com/fr/tag/attentats-13-novembre/\" target=\"_blank\">les attentats du 13 novembre &agrave; Paris</a>, trois personnes ont &eacute;t&eacute; interpell&eacute;es &agrave; la suite d&#39;une perquisition effectu&eacute;e mardi 12 avril au matin &agrave; Uccle, une commune cossue du sud de la capitale, a annonc&eacute; le parquet f&eacute;d&eacute;ral belge.</p>\r\n\r\n<p>&quot;Une perquisition a &eacute;t&eacute; effectu&eacute;e ce matin rue de Stalle &agrave; Uccle. Trois personnes ont &eacute;t&eacute; interpell&eacute;es et emmen&eacute;es pour audition&quot;, a indiqu&eacute; dans un court communiqu&eacute; le parquet charg&eacute; des affaires de terrorisme en Belgique. Un juge d&#39;instruction d&eacute;cidera dans la journ&eacute;e de mercredi &quot;de leur maintien &eacute;ventuel en d&eacute;tention&quot;, a ajout&eacute; le parquet, en annon&ccedil;ant qu&#39;il ne donnerait &quot;aucun autre renseignement ou pr&eacute;cision suppl&eacute;mentaire [...] concernant les r&eacute;sultats de la perquisition&quot;.</p>\r\n\r\n<p>Quatorze inculpations</p>\r\n\r\n<p>L&#39;enqu&ecirc;te sur les attentats de Paris s&#39;est tr&egrave;s rapidement orient&eacute;e vers la Belgique, d&#39;o&ugrave; &eacute;taient originaires la plupart des membres des commandos. Quatorze personnes &eacute;taient jusqu&#39;&agrave; mardi inculp&eacute;es par la justice belge, dont dix toujours en d&eacute;tention provisoire, dans le cadre de cette enqu&ecirc;te.</p>\r\n\r\n<p>Quatre personnes r&eacute;sidant en Belgique ont en outre &eacute;t&eacute; interpell&eacute;es en Italie, en Alg&eacute;rie, en Turquie et au Maroc.</p>\r\n\r\n<p>L&#39;arrestation en fin de semaine derni&egrave;re &agrave; Bruxelles de&nbsp;<a href=\"http://www.france24.com/fr/20160409-molenbeek-mohamed-abrini-reseaux-terroristes-abdeslam-paris-bruxelles-inculpation\" target=\"_blank\">Mohamed Abrini,</a>&nbsp;soup&ccedil;onn&eacute; d&#39;&ecirc;tre l&#39;un des logisticiens des attaques de Paris et qui a avou&eacute; &ecirc;tre le troisi&egrave;me homme des attentats du 22 mars &agrave; l&#39;a&eacute;roport de Bruxelles, a confirm&eacute; les liens &eacute;troits entre les deux tueries.</p>\r\n\r\n<p><em>Avec AFP</em></p>', 'dqqsd', '2016-04-12 17:58:15', '3dmuaefyonk0ccsckscw00wgs408g04'),
(7, 7, 4, 'Qui sont les quatre femmes candidates à la succession de Ban Ki-moon à l’ONU ?', '<p>Qui pour remplacer&nbsp;<a href=\"http://www.france24.com/fr/tag/ban-ki-moon/\" target=\"_blank\">Ban Ki-moon</a>&nbsp;&agrave; la t&ecirc;te de l&rsquo;ONU ? Les auditions commencent mardi 12 avril, pour les candidats &agrave; la succession du secr&eacute;taire g&eacute;n&eacute;ral des&nbsp;<a href=\"http://www.france24.com/fr/tag/onu/\" target=\"_blank\">Nations unies</a>&nbsp;le 1er janvier 2017. Et un vent nouveau souffle sur l&rsquo;institution cr&eacute;&eacute;e il y a 70 ans : pour la premi&egrave;re fois, tous les candidats seront entendus par l&#39;Assembl&eacute;e g&eacute;n&eacute;rale, et parmi eux, quatre femmes.</p>\r\n\r\n<p>Pendant des d&eacute;cennies, la s&eacute;lection s&#39;est faite essentiellement &agrave; huis clos entre les cinq grandes puissances membres permanents du Conseil de s&eacute;curit&eacute; (&Eacute;tats-Unis, Russie, Royaume-Uni, Chine, France). Mais cette ann&eacute;e, les postulants auront chacun deux heures pour se pr&eacute;senter, exposer leur conception du poste de diplomate en chef et leurs objectifs, puis r&eacute;pondre aux questions &eacute;ventuelles des d&eacute;l&eacute;gu&eacute;s des 193 pays membres.</p>\r\n\r\n<p>Quatre des huit postulants &agrave; la succession du Sud-Cor&eacute;en Ban Ki-moon, dont le mandat se termine fin d&eacute;cembre, sont des femmes. France 24 vous propose de les d&eacute;couvrir.</p>\r\n\r\n<p>La Bulgare Irina Bokova, directrice g&eacute;n&eacute;rale de l&#39;Unesco :&nbsp;Dipl&ocirc;m&eacute;e de l&rsquo;Institut d&rsquo;&Eacute;tat des relations internationales de Moscou, Irina Bokova a rejoint d&egrave;s 1977 le minist&egrave;re des Affaires &eacute;trang&egrave;res de<a href=\"http://www.france24.com/fr/tag/bulgarie/\" target=\"_blank\">Bulgarie</a>&nbsp;au D&eacute;partement des Nations unies. Originaire de Sofia, cette diplomate de 63 ans a successivement &eacute;t&eacute; ministre des Affaires &eacute;trang&egrave;res par int&eacute;rim et coordinatrice des relations de la Bulgarie avec l&rsquo;Union europ&eacute;enne, puis ambassadrice de Bulgarie en France, &agrave; Monaco et aupr&egrave;s de l&rsquo;Unesco . En 2009, elle a d&rsquo;ailleurs pris la t&ecirc;te de cette institution, devenant la premi&egrave;re femme &agrave; diriger l&#39;organisation de l&#39;ONU pour l&#39;&eacute;ducation, la science et la culture, avant d&#39;&ecirc;tre r&eacute;&eacute;lue en 2013 pour un second mandat.</p>\r\n\r\n<p>La Croate Vesna Pusic,&nbsp; ancienne ministre des Affaires &eacute;trang&egrave;res :&nbsp;Membre du Parti populaire&nbsp;<a href=\"http://www.france24.com/fr/tag/croatie/\" target=\"_blank\">croate</a>(lib&eacute;ral) dont elle a &eacute;t&eacute; pr&eacute;sidente de 2000 &agrave; 2008, cette sociologue est connue pour ses positions en faveur de l&rsquo;&eacute;galit&eacute; des sexes, des droits des personnes LGBT et de l&rsquo;int&eacute;gration europ&eacute;enne. C&rsquo;est d&rsquo;ailleurs lorsqu&rsquo;elle occupait le poste de ministre croate des Affaires &eacute;trang&egrave;res (2011-2016) que son pays est entr&eacute; en 2013 dans l&rsquo;UE. En septembre 2015, le gouvernement croate a d&eacute;cid&eacute; de la d&eacute;signer comme candidate au poste de secr&eacute;taire g&eacute;n&eacute;rale des Nations unies. Elle est actuellement vice-pr&eacute;sidente du Parlement croate.</p>\r\n\r\n<p>La N&eacute;o-Z&eacute;landaise Helen Clark, ancienne Premi&egrave;re ministre :&nbsp;N&eacute;e en 1950,&nbsp;<a href=\"http://www.france24.com/fr/20160405-neo-zelandaise-helen-clark-premiere-femme-onu-ban-ki-moon\" target=\"_blank\">Helen Clark</a>&nbsp;s&rsquo;est engag&eacute;e en politique dans les ann&eacute;es 1970 contre la guerre du Vietnam. Elle a &eacute;t&eacute; &eacute;lue &agrave; la Chambre des repr&eacute;sentants de&nbsp;<a href=\"http://www.france24.com/fr/20160324-referendum-nouvelle-zelande-nouveau-drapeau-refus-union-jack-all-blacks\" target=\"_blank\">Nouvelle-Z&eacute;lande</a>&nbsp;&agrave; seulement 31 ans, en 1981. Membre du Parti travailliste, elle est devenue la seconde femme du pays &agrave; occuper le poste de Premi&egrave;re ministre du pays, de 1999 &agrave; 2008. &Agrave; la t&ecirc;te du&nbsp;<a href=\"http://www.france24.com/fr/20140624-onu-chevet-planete-nouveau-sommet-ibrahim-thiaw-environnement-pnue-unea-nairobi-kenya-trafic\" target=\"_blank\">Programme des Nations unies pour le d&eacute;veloppement</a>&nbsp;(Pnud), elle est d&eacute;sormais la femme la plus haut plac&eacute;e dans la hi&eacute;rarchie des Nations unies. Elle a officialis&eacute; d&eacute;but avril sa candidature &agrave; la succession de Ban Ki-moon en mettant en avant son &quot;exp&eacute;rience de dirigeante pendant pr&egrave;s de 30 ans, &agrave; la fois dans son pays et aux Nations unies&quot;.</p>\r\n\r\n<p>La Moldave Natalia Gherman, ancienne ministre des Affaires &eacute;trang&egrave;res :&nbsp;&Acirc;g&eacute;e de 47 ans, Natalia Gherman est la fille du premier pr&eacute;sident&nbsp;<a href=\"http://www.france24.com/fr/tag/moldavie/\" target=\"_blank\">moldave</a>&nbsp;Mircea Snegur. Apr&egrave;s des &eacute;tudes au King&rsquo;s College de Londres, elle a rejoint les services diplomatiques de Moldavie en &eacute;tant ambassadrice dans plusieurs pays. En 2013, elle est devenue ministre des Affaires &eacute;trang&egrave;res et de l&rsquo;Int&eacute;gration europ&eacute;enne ainsi que vice-Premi&egrave;re ministre jusqu&rsquo;en janvier 2016. En f&eacute;vrier de cette m&ecirc;me ann&eacute;e, elle a &eacute;t&eacute; choisie comme repr&eacute;sentante de son pays pour le poste de secr&eacute;taire g&eacute;n&eacute;rale de l&rsquo;ONU.</p>', 'qsdsqdqs', '2016-04-12 18:00:30', 'of5nxbkeqjkk8kcw8os04ok0g0k84gw'),
(8, 8, 1, 'Voluntary Recall of Fetch™ 2 Aspiration Catheter', '<p>MARLBOROUGH, Mass., Boston Scientific has initiated a global, voluntary recall of all models of its Fetch&trade; 2 Aspiration Catheter, a thrombectomy catheter used during procedures to remove small blood clots from coronary arteries. The Fetch 2 catheters were recalled on&nbsp;March 22, 2016, due to complaints of shaft breakage. The U.S. Food and Drug Administration (FDA) classified the action as a Class 1 recall. This recall designation means that the use of the device exposes the patient to a reasonable chance of a serious adverse health consequence or death.</p>\r\n\r\n<p>There have been no reports of patient injury or death, and there is no risk to patients who previously underwent a thrombectomy procedure with the Fetch 2 catheter. All reports of shaft breakage happened during the procedure, and the broken section was either removed while still partially attached to the catheter shaft or retrieved with a snare, without further patient complications. While unreported, the most severe potential outcome of this breakage is embolism of device fragments, which could lead to obstruction of blood flow or additional intervention to remove a device fragment surgically.&nbsp;</p>\r\n\r\n<p>As part of the recall, all affected healthcare facilities were advised to discontinue use of all Fetch 2 catheters immediately and return unused product to Boston Scientific. Because Boston Scientific acquired the Fetch 2 catheter product line from Bayer Medical Care Inc., all recalled inventory is packaged and labeled as Bayer product. This device was manufactured between&nbsp;June 11, 2014and&nbsp;February 19, 2016. There are currently 21,155 devices on the market subject to this recall.</p>\r\n\r\n<p>Source: Boston Scientific</p>', 'sdsdsd', '2016-04-12 18:10:47', 'khovkv7m57kkk8owgs084w444g8s880'),
(9, 9, 1, 'Voluntary Recall of Fetch™ 3 Aspiration Catheter', '<p>MARLBOROUGH, Mass., Boston Scientific has initiated a global, voluntary recall of all models of its Fetch&trade; 2 Aspiration Catheter, a thrombectomy catheter used during procedures to remove small blood clots from coronary arteries. The Fetch 2 catheters were recalled on&nbsp;March 22, 2016, due to complaints of shaft breakage. The U.S. Food and Drug Administration (FDA) classified the action as a Class 1 recall. This recall designation means that the use of the device exposes the patient to a reasonable chance of a serious adverse health consequence or death.</p>\r\n\r\n<p>There have been no reports of patient injury or death, and there is no risk to patients who previously underwent a thrombectomy procedure with the Fetch 2 catheter. All reports of shaft breakage happened during the procedure, and the broken section was either removed while still partially attached to the catheter shaft or retrieved with a snare, without further patient complications. While unreported, the most severe potential outcome of this breakage is embolism of device fragments, which could lead to obstruction of blood flow or additional intervention to remove a device fragment surgically.&nbsp;</p>\r\n\r\n<p>As part of the recall, all affected healthcare facilities were advised to discontinue use of all Fetch 2 catheters immediately and return unused product to Boston Scientific. Because Boston Scientific acquired the Fetch 2 catheter product line from Bayer Medical Care Inc., all recalled inventory is packaged and labeled as Bayer product. This device was manufactured between&nbsp;June 11, 2014and&nbsp;February 19, 2016. There are currently 21,155 devices on the market subject to this recall.</p>\r\n\r\n<p>Source: Boston Scientific</p>', 'sqdsdqsd', '2016-04-12 18:13:04', '9slesowkdh4wskkkgccgsw4ggcg8oks'),
(10, 10, 1, 'Voluntary Recall of Fetch™ 3 Aspiration Catheter', '<p>MARLBOROUGH, Mass., Boston Scientific has initiated a global, voluntary recall of all models of its Fetch&trade; 2 Aspiration Catheter, a thrombectomy catheter used during procedures to remove small blood clots from coronary arteries. The Fetch 2 catheters were recalled on&nbsp;March 22, 2016, due to complaints of shaft breakage. The U.S. Food and Drug Administration (FDA) classified the action as a Class 1 recall. This recall designation means that the use of the device exposes the patient to a reasonable chance of a serious adverse health consequence or death.</p>\r\n\r\n<p>There have been no reports of patient injury or death, and there is no risk to patients who previously underwent a thrombectomy procedure with the Fetch 2 catheter. All reports of shaft breakage happened during the procedure, and the broken section was either removed while still partially attached to the catheter shaft or retrieved with a snare, without further patient complications. While unreported, the most severe potential outcome of this breakage is embolism of device fragments, which could lead to obstruction of blood flow or additional intervention to remove a device fragment surgically.&nbsp;</p>\r\n\r\n<p>As part of the recall, all affected healthcare facilities were advised to discontinue use of all Fetch 2 catheters immediately and return unused product to Boston Scientific. Because Boston Scientific acquired the Fetch 2 catheter product line from Bayer Medical Care Inc., all recalled inventory is packaged and labeled as Bayer product. This device was manufactured between&nbsp;June 11, 2014and&nbsp;February 19, 2016. There are currently 21,155 devices on the market subject to this recall.</p>\r\n\r\n<p>Source: Boston Scientific</p>', 'qsdqsdqs', '2016-04-12 18:14:00', 'djvrs6yrf5kwccg4ssg48wcsk4oogwg'),
(11, 11, 1, 'Voluntary Recall of Fetch™4 Aspiration Catheter', '<p>MARLBOROUGH, Mass., Boston Scientific has initiated a global, voluntary recall of all models of its Fetch&trade; 2 Aspiration Catheter, a thrombectomy catheter used during procedures to remove small blood clots from coronary arteries. The Fetch 2 catheters were recalled on&nbsp;March 22, 2016, due to complaints of shaft breakage. The U.S. Food and Drug Administration (FDA) classified the action as a Class 1 recall. This recall designation means that the use of the device exposes the patient to a reasonable chance of a serious adverse health consequence or death.</p>\r\n\r\n<p>There have been no reports of patient injury or death, and there is no risk to patients who previously underwent a thrombectomy procedure with the Fetch 2 catheter. All reports of shaft breakage happened during the procedure, and the broken section was either removed while still partially attached to the catheter shaft or retrieved with a snare, without further patient complications. While unreported, the most severe potential outcome of this breakage is embolism of device fragments, which could lead to obstruction of blood flow or additional intervention to remove a device fragment surgically.&nbsp;</p>\r\n\r\n<p>As part of the recall, all affected healthcare facilities were advised to discontinue use of all Fetch 2 catheters immediately and return unused product to Boston Scientific. Because Boston Scientific acquired the Fetch 2 catheter product line from Bayer Medical Care Inc., all recalled inventory is packaged and labeled as Bayer product. This device was manufactured between&nbsp;June 11, 2014and&nbsp;February 19, 2016. There are currently 21,155 devices on the market subject to this recall.</p>\r\n\r\n<p>Source: Boston Scientific</p>', 'sdqsdqsd', '2016-04-12 18:15:19', 'erixz2p3w4gkwc88s48cgkss4g0co4k');

-- --------------------------------------------------------

--
-- Structure de la table `profile`
--

CREATE TABLE IF NOT EXISTS `profile` (
  `id` int(11) NOT NULL AUTO_INCREMENT,
  `path` varchar(255) COLLATE utf8_unicode_ci DEFAULT NULL,
  `alt` varchar(255) COLLATE utf8_unicode_ci DEFAULT NULL,
  PRIMARY KEY (`id`)
) ENGINE=InnoDB AUTO_INCREMENT=8 DEFAULT CHARSET=utf8 COLLATE=utf8_unicode_ci;

--
-- Déchargement des données de la table `profile`
--

INSERT INTO `profile` (`id`, `path`, `alt`) VALUES
(1, 'jpeg', 'profile.jpg'),
(2, 'jpeg', '13094295_989055047838948_3864879686319329518_n.jpg'),
(3, NULL, NULL),
(4, NULL, NULL),
(5, NULL, NULL),
(6, NULL, NULL),
(7, 'jpeg', 'Koala.jpg');

-- --------------------------------------------------------

--
-- Structure de la table `rating`
--

CREATE TABLE IF NOT EXISTS `rating` (
  `id` int(11) NOT NULL AUTO_INCREMENT,
  `articles_id` int(11) DEFAULT NULL,
  `score` varchar(255) COLLATE utf8_unicode_ci NOT NULL,
  `comment` longtext COLLATE utf8_unicode_ci NOT NULL,
  `reveiwer_id` int(11) DEFAULT NULL,
  `comment_author` longtext COLLATE utf8_unicode_ci NOT NULL,
  `status` varchar(255) COLLATE utf8_unicode_ci DEFAULT NULL,
  `dateAt` datetime NOT NULL,
  PRIMARY KEY (`id`),
  KEY `IDX_D88926221EBAF6CC` (`articles_id`),
  KEY `IDX_D8892622E058392D` (`reveiwer_id`)
) ENGINE=InnoDB AUTO_INCREMENT=9 DEFAULT CHARSET=utf8 COLLATE=utf8_unicode_ci;

--
-- Déchargement des données de la table `rating`
--

INSERT INTO `rating` (`id`, `articles_id`, `score`, `comment`, `reveiwer_id`, `comment_author`, `status`, `dateAt`) VALUES
(1, 1, '1', '<p>ya3tik sa7a wasel :)</p>', 5, '', NULL, '0000-00-00 00:00:00'),
(2, 7, '5', '<p>test 12222</p>', 1, '', NULL, '0000-00-00 00:00:00'),
(3, 21, '1', '<p>refused plagia</p>', 28, '<p>plagia</p>', 'DECLINE', '2017-10-25 11:51:22'),
(4, 25, '3', '<p>modif</p>', 28, '<p>modif</p>', 'WITH_MODIF', '2017-11-29 10:00:44'),
(5, 26, '3', '<p>commentaire editeur</p>', 28, '<p>commentaire auteur<br></p>', 'ACCEPTED', '2017-12-06 11:07:11'),
(6, 28, '5', '<p>Good article</p>', 28, '<p>congratulations</p>', 'ACCEPTED', '2017-12-11 12:19:27'),
(7, 29, '3', '<p>moyyen</p>', 28, 'b', 'WITH_MODIF', '2017-12-11 12:31:47'),
(8, 21, '5', '<p><span style=\"color: rgb(34, 56, 132); font-family: Lato, sans-serif; font-size: 15px;\">Comment To Editor test</span><br></p>', 56, '<p><span style=\"color: rgb(34, 56, 132); font-family: Lato, sans-serif; font-size: 15px;\">Comment To Author Test</span><br></p>', 'ACCEPTED', '2017-12-12 15:59:22');

-- --------------------------------------------------------

--
-- Structure de la table `section`
--

CREATE TABLE IF NOT EXISTS `section` (
  `id` int(11) NOT NULL AUTO_INCREMENT,
  `name` varchar(255) COLLATE utf8_unicode_ci NOT NULL,
  `description` longtext COLLATE utf8_unicode_ci NOT NULL,
  `salt` varchar(255) COLLATE utf8_unicode_ci NOT NULL,
  PRIMARY KEY (`id`)
) ENGINE=InnoDB AUTO_INCREMENT=5 DEFAULT CHARSET=utf8 COLLATE=utf8_unicode_ci;

--
-- Déchargement des données de la table `section`
--

INSERT INTO `section` (`id`, `name`, `description`, `salt`) VALUES
(1, 'Medical Education', '<p>Medical Education</p>', '4pmjs6e43fokw048w8kkcow44s84c8g'),
(2, 'Nurse', '<p>Nurse</p>', 'gxdv72beaxkc4kk8c0ww88w4ckgs044'),
(3, 'Industry', '<p>Industry</p>', 'jhjtic5l1a0w4404kckwsg84swcokcw'),
(4, 'news', '<p>news</p>', 'bxfumppr2e8k8wggoogw88ckkw00gcs');

-- --------------------------------------------------------

--
-- Structure de la table `settings`
--

CREATE TABLE IF NOT EXISTS `settings` (
  `id` int(11) NOT NULL AUTO_INCREMENT,
  `title` varchar(255) COLLATE utf8_unicode_ci NOT NULL,
  `phone` varchar(255) COLLATE utf8_unicode_ci NOT NULL,
  `email` varchar(255) COLLATE utf8_unicode_ci NOT NULL,
  `address` varchar(255) COLLATE utf8_unicode_ci NOT NULL,
  `facebook` varchar(255) COLLATE utf8_unicode_ci NOT NULL,
  `youtube` varchar(255) COLLATE utf8_unicode_ci NOT NULL,
  `twitter` varchar(255) COLLATE utf8_unicode_ci NOT NULL,
  `linkedin` varchar(255) COLLATE utf8_unicode_ci NOT NULL,
  PRIMARY KEY (`id`)
) ENGINE=InnoDB AUTO_INCREMENT=2 DEFAULT CHARSET=utf8 COLLATE=utf8_unicode_ci;

--
-- Déchargement des données de la table `settings`
--

INSERT INTO `settings` (`id`, `title`, `phone`, `email`, `address`, `facebook`, `youtube`, `twitter`, `linkedin`) VALUES
(1, 'pafcic online', '+216 55 555 555', 'contact@pafciconline', '22 Rue Moussa Ibn Noussaire Menzeh5,Ariana', 'https://www.facebook.com/berrahal.malek', 'https://www.facebook.com/berrahal.malek', 'https://www.facebook.com/berrahal.malek', 'https://www.facebook.com/berrahal.malek');

-- --------------------------------------------------------

--
-- Structure de la table `tv`
--

CREATE TABLE IF NOT EXISTS `tv` (
  `id` int(11) NOT NULL AUTO_INCREMENT,
  `titre` varchar(255) COLLATE utf8_unicode_ci NOT NULL,
  `description` longtext COLLATE utf8_unicode_ci NOT NULL,
  `code` varchar(255) COLLATE utf8_unicode_ci NOT NULL,
  `salt` varchar(255) COLLATE utf8_unicode_ci NOT NULL,
  `datePublished` datetime NOT NULL,
  PRIMARY KEY (`id`)
) ENGINE=InnoDB AUTO_INCREMENT=9 DEFAULT CHARSET=utf8 COLLATE=utf8_unicode_ci;

--
-- Déchargement des données de la table `tv`
--

INSERT INTO `tv` (`id`, `titre`, `description`, `code`, `salt`, `datePublished`) VALUES
(3, 'Interview  Dr Hatem ALOUI & Dr Dr Horst SIEVERT', '<p>Le&nbsp;<strong>Lorem Ipsum</strong>&nbsp;est simplement du faux texte employ&eacute; dans la composition et la mise en page avant impression. Le Lorem Ipsum est le faux texte standard de l&#39;imprimerie depuis les ann&eacute;es 1500, quand un peintre anonyme assembla ensemble des morceaux de texte pour r&eacute;aliser un livre sp&eacute;cimen de polices de texte. Il n&#39;a pas fait que survivre cinq si&egrave;cles, mais s&#39;est aussi adapt&eacute; &agrave; la bureautique informatique, sans que son contenu n&#39;en soit modifi&eacute;. Il a &eacute;t&eacute; popularis&eacute; dans les ann&eacute;es 1960 gr&acirc;ce &agrave; la vente de feuilles Letraset contenant des passages du Lorem Ipsum, et, plus r&eacute;cemment, par son inclusion dans des applications de mise en page de texte, comme Aldus PageMaker.</p>', 'eFaOpeS607U', 'n38whahz5xcwwgo80cggkos0gwo48so', '2016-04-10 01:07:33'),
(4, 'Interview Dr Hatem ALOUI & Dr Faycel JARRAYA', '<p>Le&nbsp;<strong>Lorem Ipsum</strong>&nbsp;est simplement du faux texte employ&eacute; dans la composition et la mise en page avant impression. Le Lorem Ipsum est le faux texte standard de l&#39;imprimerie depuis les ann&eacute;es 1500, quand un peintre anonyme assembla ensemble des morceaux de texte pour r&eacute;aliser un livre sp&eacute;cimen de polices de texte. Il n&#39;a pas fait que survivre cinq si&egrave;cles, mais s&#39;est aussi adapt&eacute; &agrave; la bureautique informatique, sans que son contenu n&#39;en soit modifi&eacute;. Il a &eacute;t&eacute; popularis&eacute; dans les ann&eacute;es 1960 gr&acirc;ce &agrave; la vente de feuilles Letraset contenant des passages du Lorem Ipsum, et, plus r&eacute;cemment, par son inclusion dans des applications de mise en page de texte, comme Aldus PageMaker.</p>', 'VvbjvxKSdsw', 'fe2s2v41wi048w04k48k4kw4ckk8gc8', '2016-04-10 01:08:16'),
(5, 'Interview Dr Selim BOUDICHE & Dr Yves LOUVARD', '<p>Le&nbsp;<strong>Lorem Ipsum</strong>&nbsp;est simplement du faux texte employ&eacute; dans la composition et la mise en page avant impression. Le Lorem Ipsum est le faux texte standard de l&#39;imprimerie depuis les ann&eacute;es 1500, quand un peintre anonyme assembla ensemble des morceaux de texte pour r&eacute;aliser un livre sp&eacute;cimen de polices de texte. Il n&#39;a pas fait que survivre cinq si&egrave;cles, mais s&#39;est aussi adapt&eacute; &agrave; la bureautique informatique, sans que son contenu n&#39;en soit modifi&eacute;. Il a &eacute;t&eacute; popularis&eacute; dans les ann&eacute;es 1960 gr&acirc;ce &agrave; la vente de feuilles Letraset contenant des passages du Lorem Ipsum, et, plus r&eacute;cemment, par son inclusion dans des applications de mise en page de texte, comme Aldus PageMaker.</p>', '9gd15JSttV8', '89rvrzdkwc08s040c80cwo0ggcc4w4c', '2016-04-10 01:08:43'),
(6, 'Interview Dr Fehmi REMADI & Dr Iradj GANDJBAKHCH', '<p>Le&nbsp;<strong>Lorem Ipsum</strong>&nbsp;est simplement du faux texte employ&eacute; dans la composition et la mise en page avant impression. Le Lorem Ipsum est le faux texte standard de l&#39;imprimerie depuis les ann&eacute;es 1500, quand un peintre anonyme assembla ensemble des morceaux de texte pour r&eacute;aliser un livre sp&eacute;cimen de polices de texte. Il n&#39;a pas fait que survivre cinq si&egrave;cles, mais s&#39;est aussi adapt&eacute; &agrave; la bureautique informatique, sans que son contenu n&#39;en soit modifi&eacute;. Il a &eacute;t&eacute; popularis&eacute; dans les ann&eacute;es 1960 gr&acirc;ce &agrave; la vente de feuilles Letraset contenant des passages du Lorem Ipsum, et, plus r&eacute;cemment, par son inclusion dans des applications de mise en page de texte, comme Aldus PageMaker.</p>', 'RtYB0R7OYkA', 'ce9d7wwfof4gkcwcgoog0owsocc40gk', '2016-04-10 01:09:13'),
(7, 'Interview Dr Habib GAMRA & Dr Michel BERTRAND', '<p>Le&nbsp;<strong>Lorem Ipsum</strong>&nbsp;est simplement du faux texte employ&eacute; dans la composition et la mise en page avant impression. Le Lorem Ipsum est le faux texte standard de l&#39;imprimerie depuis les ann&eacute;es 1500, quand un peintre anonyme assembla ensemble des morceaux de texte pour r&eacute;aliser un livre sp&eacute;cimen de polices de texte. Il n&#39;a pas fait que survivre cinq si&egrave;cles, mais s&#39;est aussi adapt&eacute; &agrave; la bureautique informatique, sans que son contenu n&#39;en soit modifi&eacute;. Il a &eacute;t&eacute; popularis&eacute; dans les ann&eacute;es 1960 gr&acirc;ce &agrave; la vente de feuilles Letraset contenant des passages du Lorem Ipsum, et, plus r&eacute;cemment, par son inclusion dans des applications de mise en page de texte, comme Aldus PageMaker.</p>', 'X7B6bIqvis0', 'sh1c5p8q09ccocw88swckk0woo888ck', '2016-04-10 01:09:48'),
(8, 'Interview Dr Selim BOUDICHE & Dr Jean François DEUX', '<p>Le&nbsp;<strong>Lorem Ipsum</strong>&nbsp;est simplement du faux texte employ&eacute; dans la composition et la mise en page avant impression. Le Lorem Ipsum est le faux texte standard de l&#39;imprimerie depuis les ann&eacute;es 1500, quand un peintre anonyme assembla ensemble des morceaux de texte pour r&eacute;aliser un livre sp&eacute;cimen de polices de texte. Il n&#39;a pas fait que survivre cinq si&egrave;cles, mais s&#39;est aussi adapt&eacute; &agrave; la bureautique informatique, sans que son contenu n&#39;en soit modifi&eacute;. Il a &eacute;t&eacute; popularis&eacute; dans les ann&eacute;es 1960 gr&acirc;ce &agrave; la vente de feuilles Letraset contenant des passages du Lorem Ipsum, et, plus r&eacute;cemment, par son inclusion dans des applications de mise en page de texte, comme Aldus PageMaker.</p>', 'uxrIXzCs8iU', 'qwwxbjfz2qog4kggsgskcgosgcwsksg', '2016-04-10 01:10:21');

-- --------------------------------------------------------

--
-- Structure de la table `user`
--

CREATE TABLE IF NOT EXISTS `user` (
  `id` int(11) NOT NULL AUTO_INCREMENT,
  `username` varchar(255) COLLATE utf8_unicode_ci NOT NULL,
  `username_canonical` varchar(255) COLLATE utf8_unicode_ci NOT NULL,
  `email` varchar(255) COLLATE utf8_unicode_ci NOT NULL,
  `email_canonical` varchar(255) COLLATE utf8_unicode_ci NOT NULL,
  `enabled` tinyint(1) NOT NULL,
  `salt` varchar(255) COLLATE utf8_unicode_ci NOT NULL,
  `password` varchar(255) COLLATE utf8_unicode_ci NOT NULL,
  `last_login` datetime DEFAULT NULL,
  `locked` tinyint(1) NOT NULL,
  `expired` tinyint(1) NOT NULL,
  `expires_at` datetime DEFAULT NULL,
  `confirmation_token` varchar(255) COLLATE utf8_unicode_ci DEFAULT NULL,
  `password_requested_at` datetime DEFAULT NULL,
  `roles` longtext COLLATE utf8_unicode_ci NOT NULL COMMENT '(DC2Type:array)',
  `credentials_expired` tinyint(1) NOT NULL,
  `credentials_expire_at` datetime DEFAULT NULL,
  `firstname` varchar(255) COLLATE utf8_unicode_ci NOT NULL,
  `lastname` varchar(255) COLLATE utf8_unicode_ci NOT NULL,
  `resume` longtext COLLATE utf8_unicode_ci,
  `organism` varchar(255) COLLATE utf8_unicode_ci DEFAULT NULL,
  `phone` varchar(255) COLLATE utf8_unicode_ci DEFAULT NULL,
  `address1` varchar(255) COLLATE utf8_unicode_ci DEFAULT NULL,
  `address2` varchar(255) COLLATE utf8_unicode_ci DEFAULT NULL,
  `city` varchar(255) COLLATE utf8_unicode_ci DEFAULT NULL,
  `country` varchar(255) COLLATE utf8_unicode_ci DEFAULT NULL,
  `zipcode` varchar(255) COLLATE utf8_unicode_ci DEFAULT NULL,
  `civility` varchar(255) COLLATE utf8_unicode_ci DEFAULT NULL,
  `title` varchar(255) COLLATE utf8_unicode_ci DEFAULT NULL,
  `profile_id` int(11) DEFAULT NULL,
  `fax` varchar(255) COLLATE utf8_unicode_ci DEFAULT NULL,
  PRIMARY KEY (`id`),
  UNIQUE KEY `UNIQ_8D93D64992FC23A8` (`username_canonical`),
  UNIQUE KEY `UNIQ_8D93D649A0D96FBF` (`email_canonical`),
  UNIQUE KEY `UNIQ_8D93D649CCFA12B8` (`profile_id`)
) ENGINE=InnoDB AUTO_INCREMENT=58 DEFAULT CHARSET=utf8 COLLATE=utf8_unicode_ci;

--
-- Déchargement des données de la table `user`
--

INSERT INTO `user` (`id`, `username`, `username_canonical`, `email`, `email_canonical`, `enabled`, `salt`, `password`, `last_login`, `locked`, `expired`, `expires_at`, `confirmation_token`, `password_requested_at`, `roles`, `credentials_expired`, `credentials_expire_at`, `firstname`, `lastname`, `resume`, `organism`, `phone`, `address1`, `address2`, `city`, `country`, `zipcode`, `civility`, `title`, `profile_id`, `fax`) VALUES
(1, 'admin', 'admin', 'dev2@interactions.tn', 'dev2@interactions.tn', 1, 'z8lojh7zamo80w8g4gss0o0coosgos', '$2y$13$z8lojh7zamo80w8g4gss0eLoeEuOd0ig1hy85xvvaWUbzd3e3LiPq', '2017-06-15 12:25:35', 0, 0, NULL, '4zmN5HxB6KNSMXOJS6fFItJuBOlyLVrMgZA4NGsQGbI', '2017-08-17 12:42:01', 'a:1:{i:0;s:10:\"ROLE_ADMIN\";}', 0, NULL, 'admin', 'admin', 'admin', 'admin', '1272222', 'admin', 'admin', 'admin', 'Tunisia', '1111', 'Mr', 'Dr', NULL, NULL),
(2, 'dev1@interactions.tn', 'dev1@interactions.tn', 'dev1@interactions.tn', 'dev1@interactions.tn', 1, 'h16v768bqfwwk8ssg8wcg80k8gs0og', '$2y$13$h16v768bqfwwk8ssg8wcguUB/NVRkcANNSJrX5f6IwBAqYWWDF3de', '2018-03-05 09:35:50', 0, 0, NULL, NULL, NULL, 'a:1:{i:0;s:11:\"ROLE_EDITOR\";}', 0, NULL, 'Editeur', 'Editeur', NULL, NULL, NULL, 'editeur.editeur', NULL, NULL, 'AF', NULL, 'Mr', 'Dr', NULL, NULL),
(3, 'Nesrine Maaouia', 'nesrine maaouia', 'dev@interactions.tn', 'dev@interactions.tn', 1, 'g5rusauemcoo0kosoos0w4owk8gw8ck', '$2y$13$g5rusauemcoo0kosoos0wuxbHYGYuQCFAEw/cyGW.DohU1qGb1Iy6', '2016-05-24 16:34:05', 0, 0, NULL, NULL, NULL, 'a:1:{i:0;s:11:\"ROLE_EDITOR\";}', 0, NULL, 'Nesrine', 'Maaouia', 'Aenean cursus fermentum euismod. Cras sodales nibh sed egestas adipiscing. Vestibulum sit amet eros sapien. Vestibulum quis dapibus sem. Fusce a lacinia nisl. Mauris sagittis egestas justo. Praesent tempus quis nibh nec imperdiet.', 'Interactions', '234444', 'Ariana, rue xxxxx', NULL, 'Ariana', '215', '2080', 'Mrs', 'Dr', NULL, NULL),
(4, 'Aymen.bouhlel', 'aymen.bouhlel', 'dev22@interactions.tn', 'dev22@interactions.tn', 1, 'a6eplbd1034scwo8cgcks0wg4sko404', '$2y$13$a6eplbd1034scwo8cgcksu2po6OsoM4Hs5O8pYBeU58TmivVRjtOe', '2016-05-26 15:25:58', 0, 0, NULL, 'hwn0T24mD5EusnPSJ88dslOkQLedh8FN807akjOj4Zs', '2016-09-15 17:46:30', 'a:1:{i:0;s:11:\"ROLE_EDITOR\";}', 0, NULL, 'Aymen', 'bouhlel', NULL, NULL, NULL, NULL, NULL, NULL, NULL, NULL, 'Mr', 'Dr', NULL, NULL),
(5, 'Zied.bouhajeb', 'zied.bouhajeb', 'design@interactions.tn', 'design@interactions.tn', 1, '2hhzj9bdh88wkwcossswwwwccs4gs00', '$2y$13$2hhzj9bdh88wkwcossswwuFsvDoUV7TrBHV4wEGheoL.uj2FQz8Qe', '2016-05-24 16:42:33', 0, 0, NULL, NULL, NULL, 'a:1:{i:0;s:11:\"ROLE_EDITOR\";}', 0, NULL, 'Zied', 'bouhajeb', NULL, NULL, NULL, NULL, NULL, NULL, NULL, NULL, 'Mr', 'Dr', NULL, NULL),
(6, 'Hdridi', 'hdridi', 'hdridi@interactions.tn', 'hdridi@interactions.tn', 1, 'qs0hi44g6jkgkc48sw8ckc0wssggc44', '$2y$13$qs0hi44g6jkgkc48sw8ckOQiyDUUzS/WA0uwiOyhCIhK5hWR2zVVa', '2016-05-25 11:50:21', 0, 0, NULL, NULL, NULL, 'a:1:{i:0;s:11:\"ROLE_AUTHOR\";}', 0, NULL, 'haythem', 'dridi', 'Aenean cursus fermentum euismod. Cras sodales nibh sed egestas adipiscing. Vestibulum sit amet eros sapien. Vestibulum quis dapibus sem. Fusce a lacinia nisl. Mauris sagittis egestas justo. Praesent tempus quis nibh nec imperdiet.', 'interactions', '54654654654', 'test hffgg hgfh', NULL, 'Ariana', '215', '2080', 'Mr', 'Dr', NULL, NULL),
(7, 'berrahal.malek', 'berrahal.malek', 'berrahalmalek@gmail.com', 'berrahalmalek@gmail.com', 1, '5i7u5d2o0v8kw08ocggw88sk8o00kww', '$2y$13$5i7u5d2o0v8kw08ocggw8uUvNjCCO4cm2sxqlxqtLz/LA8SdYsPG.', '2016-06-21 10:23:28', 0, 0, NULL, 'd5_pYP-P4ZxhuPuJdfVYokIzAhGRtamZQelF277Zp4o', '2016-09-15 17:37:18', 'a:1:{i:0;s:11:\"ROLE_EDITOR\";}', 0, NULL, 'berrahal', 'malek', NULL, NULL, NULL, NULL, NULL, NULL, NULL, NULL, 'Mr', 'Dr', NULL, NULL),
(8, 'salem.abdesselem', 'salem.abdesselem', 'salem.abdessalem@gmail.com', 'salem.abdessalem@gmail.com', 0, '4vh25crl4s8wkkocgcw4kwooog4ss0o', '$2y$13$4vh25crl4s8wkkocgcw4ku0ZYKobaG09etVqfQWk4hxHNhkoXm9C2', NULL, 0, 0, NULL, '0h81tjTNXYlmEckpQvCxiOwZiEV_sJPhdzTOwvEaA74', NULL, 'a:1:{i:0;s:11:\"ROLE_EDITOR\";}', 0, NULL, 'salem', 'abdessalem', 'married', 'Private', '+21698333282', 'tunisia', 'tunisia', 'tunis', '215', '1082', 'Mr', 'Pr', NULL, NULL),
(9, 'salem.abdessalem', 'salem.abdessalem', 'salem.abdesselem@gmail.com', 'salem.abdesselem@gmail.com', 1, 'o1joyfmfp1wskkcgcsoo8cgco0wsogs', '$2y$13$o1joyfmfp1wskkcgcsoo8O6SccK76Fb83nJfxKPMlW8WMWhVn5FUG', '2017-05-30 07:01:30', 0, 0, NULL, NULL, NULL, 'a:1:{i:0;s:11:\"ROLE_EDITOR\";}', 0, NULL, 'salem', 'abdessalem', '<p>married</p>', 'Private', '+21698333282', 'tunisia', 'tunisia', 'tunis', '215', '1082', 'Mr', 'Pr', 3, NULL),
(10, 'kaisbattikh@yahoo.fr', 'kaisbattikh@yahoo.fr', 'kaisbattikh@yahoo.fr', 'kaisbattikh@yahoo.fr', 0, '1y43lk53hcxwo8c44coooc0wwsggocg', '$2y$13$1y43lk53hcxwo8c44coooOnz2mxJzmXZUqIsdMM8KFWHCqTMoUBT2', NULL, 0, 0, NULL, 'BQTKcTYZwcXlB9oCurfBfD7YhmpVKtMST96aa4F9kaE', NULL, 'a:1:{i:0;s:11:\"ROLE_AUTHOR\";}', 0, NULL, 'Kais', 'BATTIKH', NULL, NULL, '+21698912384', 'Bur 14 , IBN ZOHR , Rue Salah Ben Youssef', 'Houmt Souk Djerba', 'Djerba', '215', '4180', 'Mr', 'Dr', NULL, NULL),
(11, 'boudicheslim', 'boudicheslim', 'boudicheslim@yahoo.fr', 'boudicheslim@yahoo.fr', 1, 'oo9bbop1s0008ggs0c0o8sgwg40gc44', '$2y$13$oo9bbop1s0008ggs0c0o8eQ1r9QRbe2Ak.KHJ5ySdQ4d0Y9Snhlvq', '2016-10-13 15:24:56', 0, 0, NULL, NULL, NULL, 'a:1:{i:0;s:11:\"ROLE_AUTHOR\";}', 0, NULL, 'SELIM', 'BOUDICHE', NULL, 'LA RABTA UNIVERSITY HOSPITAL', '+21653290179', 'TUNIS', NULL, 'TUNIS', '215', '1007', 'Mr', 'Dr', 4, NULL),
(12, 'Habib.Gamra', 'habib.gamra', 'hgamra03@yahoo.com', 'hgamra03@yahoo.com', 0, '441mu2e8veg4okww40os88cg88oo8cs', '$2y$13$441mu2e8veg4okww40os8uUxQdj2DhGY2kIkVBGa8A4r7zcFCufsu', NULL, 0, 0, NULL, 'a1jTbV2JHUrqOeIWWEDap-iKPcfE8ulA7xVY32sjVWo', NULL, 'a:1:{i:0;s:11:\"ROLE_AUTHOR\";}', 0, NULL, 'Habib', 'Gamra', NULL, NULL, NULL, NULL, NULL, NULL, NULL, NULL, 'Mr', 'Pr', NULL, NULL),
(13, 'Hatem.ALOUI', 'hatem.aloui', 'hat.aloui@gmail.com', 'hat.aloui@gmail.com', 0, 'q3w6flagb2o8o8c40g0gkc0cgo4o0k8', '$2y$13$q3w6flagb2o8o8c40g0gkOMnM5tLbuU537gX3A4YSafEWySmZyi9q', NULL, 0, 0, NULL, 'KUuV6oSlOA5M4eD03339dtqgCzffBbKM0m1OQ2EbwYk', NULL, 'a:1:{i:0;s:11:\"ROLE_AUTHOR\";}', 0, NULL, 'Hatem', 'ALOUI', NULL, NULL, NULL, NULL, NULL, NULL, NULL, NULL, 'Mr', 'Dr', NULL, NULL),
(14, 'Majed.HASSINE', 'majed.hassine', 'majed.hassine18@gmail.com', 'majed.hassine18@gmail.com', 0, '8auucgfgv6sk0w0sgc88gs80o4080og', '$2y$13$8auucgfgv6sk0w0sgc88geN97uJ8vrLC3v5njhomWrBppXkfydK62', NULL, 0, 0, NULL, '_KkJg8hgVUQ8yei8sNNLLpzfgjrNgU4eh-ZdKvaD40Q', NULL, 'a:1:{i:0;s:11:\"ROLE_AUTHOR\";}', 0, NULL, 'Majed', 'HASSINE', NULL, NULL, NULL, NULL, NULL, NULL, NULL, NULL, 'Mr', 'Dr', NULL, NULL),
(15, 'Majed', 'majed', 'majed.hassine79@gmail.com', 'majed.hassine79@gmail.com', 0, 'ifehzqurwfwcccc4gooksww8sws0kkc', '$2y$13$ifehzqurwfwcccc4gooksuu8hMLorlqN756aFP9/BrNQ60HuIKKTW', NULL, 0, 0, NULL, 'ePql9LvmC-CQe2SPdLZCS2uAK8EGCsPs8bCgSyLtu3Q', NULL, 'a:1:{i:0;s:11:\"ROLE_AUTHOR\";}', 0, NULL, 'Majed', 'Hassine', 'Background: Percutaneous mitral commissurotomy (PMC) has become the reference treatment for mitral stenosis in patients with favorable valvular anatomy. \r\nPurpose: We sought to evaluate the safety and effectiveness of PMC for patients with mitral stenosis. \r\nMethods: Late results of PMC were assessed in 1035 consecutive patients at our institution. A good immediate result was defined as valve area ≥ 1.5 cm² without mitral regurgitation > 2/4. PMC are using a double balloon or the Inoue balloon. \r\nResults: \r\nThe average age in our population was 35 ± 12 years. Good immediate results were obtained in 92.4%. \r\nThe 20-year rate of good functional results (survival without cardiovascular death, mitral surgery, or repeat percutaneous mitral commissurotomy and in New York Heart Association class I or II) was 47.6 ± 2.4%. \r\nA multivariable Cox model identified 3 predictive factors of poor late functional results: Prior commissurotomy (p=0.014), Wilkins score>8 (p<0.0001) and final mitral valve area <1.8 cm² (p<0.0001). \r\nThe scoring system was derived from the final multivariable model in the derivation cohort of 987 patients, corresponding to predicted good functional results in the validation cohort.\r\nConclusions: Twenty years after percutaneous mitral commissurotomy in a population of patients with varied characteristics, 47% still had good functional results. Prediction of late functional results is multifactorial and strongly determined Wilkins score and the quality of immediate results. A simple validated scoring system is useful for estimating individual patient outcome.', 'Cardiology A department Fattouma Bourguiba University Hospital', '22715822', 'Avenue du 1er Juin 5000', NULL, 'Monastir', '215', '5000', 'Mr', 'Dr', NULL, NULL),
(16, 'kaisbattikh@me.com', 'kaisbattikh@me.com', 'kaisbattikh@me.com', 'kaisbattikh@me.com', 0, '8nv1wqatn7ok8osgkcgosg88ggcso0k', '$2y$13$8nv1wqatn7ok8osgkcgoseOZXcytw5LB23pJrFfOP6ORhhs5Lf3vW', NULL, 0, 0, NULL, 'dtnN49L-PRR_2bRYJgLdda79B6DyMWyK6glVx38VyIg', NULL, 'a:1:{i:0;s:11:\"ROLE_AUTHOR\";}', 0, NULL, 'Kais', 'BATTIKH', NULL, 'IBN ZOHR', NULL, NULL, NULL, 'Djerba', '215', '4180', 'Mr', 'Dr', NULL, NULL),
(17, 'ines', 'ines', 'commercial@interactions.tn', 'commercial@interactions.tn', 1, 'ss11ennmda84ksg4so88ookcckkc8k4', '$2y$13$ss11ennmda84ksg4so88oecolwrOGwHXTYIg6/SYS8tF15fmts.eq', '2017-12-06 12:04:59', 0, 0, NULL, NULL, NULL, 'a:1:{i:0;s:11:\"ROLE_AUTHOR\";}', 0, NULL, 'Bourgou', 'ines', 'test', 'interactions', '11111', 'test', NULL, 't', '12', '2011', 'Mrs', 'Dr', NULL, NULL),
(24, 'nesrine', 'nesrine', 'nesrinemaaouia@gmail.com', 'nesrinemaaouia@gmail.com', 1, 'sxbdln08gw00wooos0kcos0owwk4kck', '$2y$13$sxbdln08gw00wooos0kcoeR9aB.Iwyohw7nMNqYkf7gYnfkBD0kIW', '2016-10-11 15:24:48', 0, 0, NULL, NULL, NULL, 'a:1:{i:0;s:11:\"ROLE_AUTHOR\";}', 0, NULL, 'dd', 'dd', 'ddd', 'd', '1111', 'ddd', 'ddd', 'ddd', '0', '111', 'Mr', 'Pr', NULL, NULL),
(25, 'kaisbattikh', 'kaisbattikh', 'cabinetkaisbattikh@yahoo.fr', 'cabinetkaisbattikh@yahoo.fr', 1, 'e2ray5ootqo88kcgckw04g88s40k44g', '$2y$13$e2ray5ootqo88kcgckw04emzYIKHLB8B.ebkV2jT6RMw9QJ2rJwkq', '2016-10-17 00:29:29', 0, 0, NULL, NULL, NULL, 'a:1:{i:0;s:11:\"ROLE_AUTHOR\";}', 0, NULL, 'Kais', 'BATTIKH', NULL, 'IBNZOHR', '98912384', 'Houmt souk Djerba', NULL, 'Djerba', '215', '4180', 'Mr', 'Dr', NULL, NULL),
(26, 'Pr Habib.GAMRA', 'pr habib.gamra', 'gamrah@rns.tn', 'gamrah@rns.tn', 0, 'jvdoqrkr0hsw8gs4w88cowssso0go0s', '$2y$13$jvdoqrkr0hsw8gs4w88couvX18Wv9N9cbhbjnqn5E3OlUj0qotzBW', NULL, 0, 0, NULL, '97asmXkL84ofAyyfjTEBpvuEGuTgxpVG6eR5wCntOfc', NULL, 'a:1:{i:0;s:11:\"ROLE_AUTHOR\";}', 0, NULL, 'Habib', 'GAMRA', NULL, NULL, NULL, NULL, NULL, NULL, NULL, NULL, 'Mr', 'Pr', NULL, NULL),
(27, 'Dr Slim.Boudiche', 'dr slim.boudiche', 'selim.boudiche@gmail.com', 'selim.boudiche@gmail.com', 1, 'kl4bwjl1ps0404ow0gkksg4w8k0s0os', '$2y$13$kl4bwjl1ps0404ow0gkkseDg6THVlhfA88yO4pynffmi.OE6nf4CG', '2016-10-17 10:24:51', 0, 0, NULL, NULL, NULL, 'a:1:{i:0;s:11:\"ROLE_AUTHOR\";}', 0, NULL, 'Slim', 'Boudiche', NULL, NULL, NULL, NULL, NULL, NULL, NULL, NULL, NULL, 'Dr', NULL, NULL),
(28, 'contact@interactions.tn', 'contact@interactions.tn', 'contact@interactions.tn', 'contact@interactions.tn', 1, 'i76jjkocj484gs4ko4s8040oosocw8k', '$2y$13$i76jjkocj484gs4ko4s80ubygP.30R2Tl9HvGVM06WBvqBBYxiWRi', '2017-12-12 16:00:18', 0, 0, NULL, NULL, NULL, 'a:1:{i:0;s:11:\"ROLE_AUTHOR\";}', 0, NULL, 'Ines', 'Reviewer', '<p>XXX</p>', 'XXX', 'XX', 'XXX', 'XXX', 'XX', 'AF', 'XXX', 'Mr', 'Pr', NULL, NULL),
(29, 'vbvv.test', 'vbvv.test', 'i.bourgou83@gmail.com', 'i.bourgou83@gmail.com', 0, '4c7r7emd13eosgo8gswok8ccc0woo0o', '$2y$13$4c7r7emd13eosgo8gswokuZuM0urxb8ndN9WPPKDyV.Noj5Sk9Lri', NULL, 0, 0, NULL, 'Ns5Kr6kun0DSYkNnzBpdZ6mWLIiakNCfdfx3YGhHAYo', NULL, 'a:1:{i:0;s:11:\"ROLE_AUTHOR\";}', 0, NULL, 'vbvv', 'test', NULL, NULL, NULL, NULL, NULL, NULL, NULL, NULL, 'Mrs', 'Dr', NULL, NULL),
(30, '11', '11', 'contact@intgeractions.tn', 'contact@intgeractions.tn', 0, 'mvc6zcv7cbkgg8c84s8sgwoc0gcg8k0', '$2y$13$mvc6zcv7cbkgg8c84s8sgulDeKrMYiSBpQO930Uflxd5f7j7fs0dG', NULL, 0, 0, NULL, 'L8GM0Bv1CXiXoYDQeMj7CKbtm4yAwfz2oyKQ44MOIWg', NULL, 'a:1:{i:0;s:11:\"ROLE_AUTHOR\";}', 0, NULL, 'qsqs', 'qsd', 'qsd', 'qsd', '111', 'qsd', 'qsd', 'tt', '215', NULL, 'Mr', 'Pr', NULL, NULL),
(31, 'gg.gg', 'gg.gg', 'charf.office@gmail.com', 'charf.office@gmail.com', 0, 'dujajdz5434s4cgogog8s4okkg0os0c', '$2y$13$dujajdz5434s4cgogog8suwldfAh4Tth.AVsEBaT4Ljvr2uvNSFYa', NULL, 0, 0, NULL, '22DacQ6pK2DeUtYLFeNqz8ksnKuZ_LT-isdzAApGYkQ', NULL, 'a:1:{i:0;s:11:\"ROLE_AUTHOR\";}', 0, NULL, 'gg', 'gg', NULL, NULL, NULL, NULL, NULL, NULL, NULL, NULL, 'Mr', 'Dr', NULL, NULL),
(32, 'gg.dqqsd', 'gg.dqqsd', 'charf.officse@gmail.com', 'charf.officse@gmail.com', 0, 'lql14czpzk04cw4gw40kskw0s8o08w4', '$2y$13$lql14czpzk04cw4gw40kseWeIqSXm9Yh3QcN0Tx.UqKR.Pzu3ae16', NULL, 0, 0, NULL, 'RgR3Hc_0Sp348yrlIAFffvkviDoYqiEMFqxR6uzjD9Y', NULL, 'a:1:{i:0;s:11:\"ROLE_AUTHOR\";}', 0, NULL, 'gg', 'dqqsd', NULL, NULL, NULL, NULL, NULL, NULL, NULL, NULL, 'Mr', 'Dr', NULL, NULL),
(33, '77', '77', 'll@gg.com', 'll@gg.com', 0, 'hhdehhcf0204k8w48s0cw4cgccs0sk4', '$2y$13$hhdehhcf0204k8w48s0cwuZqSJQHvCE0CgoJak.6UwZIaFDMBoS/y', NULL, 0, 0, NULL, 'lNHu_7IYmRdCnWnz4_PBcK8w2pdg_mLDWt3VioWIkD8', NULL, 'a:1:{i:0;s:11:\"ROLE_AUTHOR\";}', 0, NULL, 'qsds', '77', '77', '77', '77', '77', '77', '77', '0', '7777', 'Mr', 'Dr', NULL, NULL),
(34, 'yy.yy', 'yy.yy', 'charf.office@gmail.com2', 'charf.office@gmail.com2', 0, '4d7mv48uj7ok8swosok4o0gc0ccok8s', '$2y$13$4d7mv48uj7ok8swosok4ouJ3w42rA5UN6ZGhomKpwVrsFb8ksg1Na', NULL, 0, 0, NULL, 'y1amsWEnjeCgCGalwhoHPXg6_mro8ZKk07R9fE7WQ40', NULL, 'a:1:{i:0;s:11:\"ROLE_AUTHOR\";}', 0, NULL, 'yy', 'yy', NULL, NULL, NULL, NULL, NULL, NULL, NULL, NULL, 'Mr', 'Dr', NULL, NULL),
(35, 'aa', 'aa', 'dev3@interactions.tn', 'dev3@interactions.tn', 1, 'f394k5w92ps00owgw4c8k8sk4ooo4sc', '$2y$13$f394k5w92ps00owgw4c8kur0M1FodUtmunVK043QqwbCEYwcqaaky', '2016-10-28 13:17:04', 0, 0, NULL, NULL, NULL, 'a:1:{i:0;s:11:\"ROLE_AUTHOR\";}', 0, NULL, 'aa', 'aa', 'aa', 'aa', '111111', 'aa', 'aa', '77', '0', '7777', 'Mr', 'Dr', NULL, NULL),
(36, 'hachem.tlili', 'hachem.tlili', 'interactions.dev2@outlook.com', 'interactions.dev2@outlook.com', 0, '7m4uzt5haaskw4k4sgs004ggw0kw8k8', '$2y$13$7m4uzt5haaskw4k4sgs00uxRjQIqT7LlhTuA/.otRrYYrtACTlwTW', NULL, 0, 0, NULL, 'W8rMoYt-r4PD4dSV7NFptM-KhBWZOaJXwiHe6llmjqY', NULL, 'a:1:{i:0;s:11:\"ROLE_AUTHOR\";}', 0, NULL, 'hachem', 'tlili', NULL, NULL, NULL, NULL, NULL, NULL, NULL, NULL, 'Mr', 'Dr', NULL, NULL),
(37, 'aa.aa22', 'aa.aa22', 'interactions.dev2@gmail.com', 'interactions.dev2@gmail.com', 1, 'ccvvqrtwio84gokgswgckkw4sccgo0g', '$2y$13$ccvvqrtwio84gokgswgckeiF1SxoWiggASk3HIoyS96nmFSfGMqdi', '2016-10-28 12:57:06', 0, 0, NULL, NULL, NULL, 'a:1:{i:0;s:11:\"ROLE_AUTHOR\";}', 0, NULL, 'aa', 'aa22', NULL, NULL, NULL, NULL, NULL, NULL, NULL, NULL, 'Mr', 'Dr', NULL, NULL),
(38, 'aa.aa25', 'aa.aa25', 'interactions.dev22@gmail.com', 'interactions.dev22@gmail.com', 0, '6ihj9b78tiscs4g8osggsco444c00ks', '$2y$13$6ihj9b78tiscs4g8osggsOEqIlE2ZZXmGGNHQARwwWMBsXWS/Jwpu', NULL, 0, 0, NULL, 'hTuwIA7NgBboD0x3hCfwKlLL6Uu9uhW6Ylr_9OsGyMw', NULL, 'a:1:{i:0;s:11:\"ROLE_AUTHOR\";}', 0, NULL, 'aa', 'aa25', NULL, NULL, NULL, NULL, NULL, NULL, NULL, NULL, 'Mr', 'Dr', NULL, NULL),
(39, 'ww.ww', 'ww.ww', 'dev1a@interactions.tn', 'dev1a@interactions.tn', 0, '94jksda6xjc4wkwcsc48woo084cwwww', '$2y$13$94jksda6xjc4wkwcsc48weVVy44nQYsN5SnnFS78rpeUWJACWnKiK', NULL, 0, 0, NULL, '6MTjqFDxCAa10yjXxqBWn65ZuWFC1uwYIm-UfTDch4o', NULL, 'a:1:{i:0;s:11:\"ROLE_AUTHOR\";}', 0, NULL, 'ww', 'ww', NULL, NULL, NULL, NULL, NULL, NULL, NULL, NULL, 'Mr', 'Dr', NULL, NULL),
(40, 'charfeddine', 'charfeddine', 'com1@interactions.tn', 'com1@interactions.tn', 1, 'aqob6ebjqjkkcg0s4okoos44o0gkcs0', '$2y$13$aqob6ebjqjkkcg0s4okooexFh51CsCWFqQPdQ8/L.1eZ7XrhhQ0U6', '2017-03-14 15:59:01', 0, 0, NULL, NULL, NULL, 'a:1:{i:0;s:11:\"ROLE_AUTHOR\";}', 0, NULL, 'Boudhraa', 'Med charfeddine', '<p>test</p>', 'Interactions', 'charfeddine', 'Adresse aaa', NULL, 'Tunis', '215', '1000', 'Mr', 'Dr', 5, NULL),
(41, 'co-1111.co-1111', 'co-1111.co-1111', 'charf.office23@gmail.com', 'charf.office23@gmail.com', 0, '6d9vf6nxh4008sc4owkcwscc8o4c8wk', '$2y$13$6d9vf6nxh4008sc4owkcwe8AFCg32t6EUlhZV1bxnzlCN6BJAdg9S', NULL, 0, 0, NULL, 'yQVVyo3Do_3ga9TWQjW8s1CCydJmDbpmtMUXCGV-ioQ', NULL, 'a:1:{i:0;s:11:\"ROLE_AUTHOR\";}', 0, NULL, 'co-1111', 'co-1111', NULL, NULL, NULL, NULL, NULL, NULL, NULL, NULL, 'Mr', 'Dr', NULL, NULL),
(42, 'co-11.co-11', 'co-11.co-11', 'zogh.nadia@gmail.com', 'zogh.nadia@gmail.com', 1, 'ajizcvktc20444kgcosgss40c04socg', '$2y$13$ajizcvktc20444kgcosgsexiksi2pnX5CjDEzxLrptFwigdl.PqPe', '2017-03-14 15:53:38', 0, 0, NULL, NULL, NULL, 'a:1:{i:0;s:11:\"ROLE_AUTHOR\";}', 0, NULL, 'co-11', 'co-11', NULL, NULL, NULL, NULL, NULL, NULL, NULL, NULL, 'Mr', 'Dr', NULL, NULL),
(43, 'i.bourgou', 'i.bourgou', 'i.bourgou@yahoo.fr', 'i.bourgou@yahoo.fr', 1, 'bomzd96iovwc8swggk0cow8o0o8g008', '$2y$13$bomzd96iovwc8swggk0couPMzf7KhIlZqY0pe9H3SaKTeTRx962y6', '2017-06-15 12:36:31', 0, 0, NULL, NULL, NULL, 'a:1:{i:0;s:11:\"ROLE_AUTHOR\";}', 0, NULL, 'ines', 'bourgou', NULL, 'interactions', NULL, NULL, NULL, NULL, '215', NULL, 'Mr', 'Dr', NULL, NULL),
(44, 'JamesFrEcy', 'jamesfrecy', 'springstillmp3@mail.ru', 'springstillmp3@mail.ru', 0, '2ee52aey550ksckg0swgc0gsw8kssgk', '$2y$13$2ee52aey550ksckg0swgcu2vsGwUlNcsY4mHH7sSxE3pl2yblN7Wq', NULL, 0, 0, NULL, 't6HVJfcjZh0INcEHxaxUoVR-ypPbTz97_et_cSRCMg0', NULL, 'a:1:{i:0;s:11:\"ROLE_AUTHOR\";}', 0, NULL, 'JamesFrEcy', 'JamesFrEcy', 'Jessica Simpson', 'Squad flexors', '88976841419', 'Garhoud', 'Garhoud', 'Garhoud', '222', '155412', 'Mr', 'Ds', NULL, NULL),
(45, 'nwtuuyken', 'nwtuuyken', 'owxymoflxo@mailstome.today', 'owxymoflxo@mailstome.today', 0, 'rad717gupbko8g4kw08ksk048c0wk0o', '$2y$13$rad717gupbko8g4kw08kseaVU3IsfHKlPcn2dMDhsdiksgE676od.', NULL, 0, 0, NULL, 'gFlaS4sfwEAn6fq9hcTIf_xt1DcHrAhyWepHjmOVuwU', NULL, 'a:1:{i:0;s:11:\"ROLE_AUTHOR\";}', 0, NULL, 'nwtuuyken', 'nwtuuyken', '3 month payday loans <a href=\"http://paydayloans2017.com\"> payday loans</a> &lt;a href=&quot;http://paydayloans2017.com&quot;&gt; payday loans with no bank account&lt;/a&gt; http://paydayloans2017.com - legitimate payday loans online no credit check  bad credit personal loans not payday loans', 'nrtsueken', '82443676386', NULL, NULL, NULL, '0', '131313', 'Mr', 'Dr', NULL, NULL),
(46, 'Floolfcal', 'floolfcal', 'tagTugEmpottE@gmail.com', 'tagtugempotte@gmail.com', 0, '7o52thz9r00swkg4s4ckcsoosg4gogo', '$2y$13$7o52thz9r00swkg4s4ckce8K7/kAqnqDy/6DLcu/eBFsPIsXXJHVW', NULL, 0, 0, NULL, 'iZT91aE_k6yCojAhAlgVwIkIHNTbuQb_boTusJA8QpI', NULL, 'a:1:{i:0;s:11:\"ROLE_AUTHOR\";}', 0, NULL, 'Floolfcal', 'Floolfcal', 'http://fjdhgksf76w444.com hi everyone', 'Floolfcal', '83126522896', 'Aqtobe', 'Aqtobe', 'Aqtobe', '110', '114355', 'Mr', 'Dr', NULL, NULL),
(47, 'hbenlouhichi@gmail.com', 'hbenlouhichi@gmail.com', 'hbenlouhichi@gmail.com', 'hbenlouhichi@gmail.com', 1, 'nmstpg1fspw00sw0ck8w40kgo40g8ck', '$2y$13$nmstpg1fspw00sw0ck8w4u.wo/Ft5jV9w13arqXUg5sdbsW4K./Ky', NULL, 0, 0, NULL, 'YMniulLCCNP4OZZXa9vuwGqFrxfI0GYh3kRYsjpqocI', '2017-10-26 17:10:36', 'a:1:{i:0;s:11:\"ROLE_AUTHOR\";}', 0, NULL, 'Haithem', 'Dev', NULL, 'interactions', NULL, NULL, NULL, NULL, NULL, NULL, NULL, 'Dr', NULL, NULL),
(48, 'interactions.dev@gmail.com', 'interactions.dev@gmail.com', 'interactions.dev@gmail.com', 'interactions.dev@gmail.com', 1, 'cf2neza8krccg40cwswwc0wgo0k4skw', '$2y$13$cf2neza8krccg40cwswwcuJjdzYwAp5FnDXY85Zydhw9bFf/Z/RqW', NULL, 0, 0, NULL, '$2y$13$i76jjkocj484gs4ko4s80ubygP.30R2Tl9HvGVM06WBvqBBYxiWRi', NULL, 'a:1:{i:0;s:13:\"ROLE_REVIEWER\";}', 0, NULL, 'zeineb', 'Reviewer', NULL, 'interactions', NULL, NULL, NULL, NULL, NULL, NULL, NULL, 'Dr', NULL, NULL),
(49, 'fff@gmail.com', 'fff@gmail.com', 'fff@gmail.com', 'fff@gmail.com', 1, '9no1rah0ovks4skw4c8cowskc8swscg', '$2y$13$9no1rah0ovks4skw4c8coup5V/kEmhXnnf5WSKXjkmr0S2P4RxfFS', NULL, 0, 0, NULL, 'DVBmL8qEjzkwBRgNPgh6eRiOCYKVqKv8T-LhkNr34DQ', NULL, 'a:1:{i:0;s:13:\"ROLE_REVIEWER\";}', 0, NULL, 'dffdfdfd', 'fdfdfd', NULL, 'fff', NULL, NULL, NULL, NULL, NULL, NULL, NULL, 'Dr', NULL, NULL),
(50, 'test@abcgg.comd', 'test@abcgg.comd', 'test@abcgg.comd', 'test@abcgg.comd', 1, 'tqh7ky2ob0g4k40s40owgkkw8g8wcog', '$2y$13$tqh7ky2ob0g4k40s40owgeKgYAwpJ7qm89xuKtzA9pzy8kuXIocQC', NULL, 0, 0, NULL, 'GrZV_0iBMK9J0eOgkStLvnPMucDkhqjuH3_9KrFTGak', NULL, 'a:1:{i:0;s:13:\"ROLE_REVIEWER\";}', 0, NULL, 'abccc', 'aaaaa', NULL, 'aaa', NULL, NULL, NULL, NULL, NULL, NULL, NULL, 'Dr', NULL, NULL),
(51, 'hhshs@abcs.com', 'hhshs@abcs.com', 'hhshs@abcs.com', 'hhshs@abcs.com', 1, 'h4j9x4mcgx4o0o000kcsggkc4goswcw', '$2y$13$h4j9x4mcgx4o0o000kcsgeEBoA1ImuZ4C8oSZXj50QoSr1cw39iS.', NULL, 0, 0, NULL, 'G9KbpcCY7-t_VEmFe6rMa8FrnXqUIhQvycFA1c1jfqQ', NULL, 'a:1:{i:0;s:13:\"ROLE_REVIEWER\";}', 0, NULL, 'sqsq', 'sqqs', NULL, 'sss', NULL, NULL, NULL, NULL, NULL, NULL, NULL, 'Dr', NULL, NULL),
(52, 'abccc@test.com', 'abccc@test.com', 'abccc@test.com', 'abccc@test.com', 1, 'dyrwycxkqrk0w8w4s8co0g8c0oogk0k', '$2y$13$dyrwycxkqrk0w8w4s8co0eJIMxbWaUNQH5t2/Y0GMUWsh3bGGQGAy', NULL, 0, 0, NULL, 'GD3lnRTq72csu4LjWDVhwDlzGoAMszeIyISCFsRgl4U', NULL, 'a:1:{i:0;s:13:\"ROLE_REVIEWER\";}', 0, NULL, 'dssdsd', 'dsdssd', NULL, 'sdsdds', NULL, NULL, NULL, NULL, NULL, NULL, NULL, 'Dr', NULL, NULL),
(53, 'zeineb.haddad@gmail.com', 'zeineb.haddad@gmail.com', 'zeineb.haddad@gmail.com', 'zeineb.haddad@gmail.com', 1, '34mrk776eoys4c88kww80kw40gg0k80', '$2y$13$34mrk776eoys4c88kww80eNdLNoRjgknd3wZKEKmxHnxwje57k/PS', '2017-12-12 15:33:39', 0, 0, NULL, NULL, NULL, 'a:1:{i:0;s:13:\"ROLE_REVIEWER\";}', 0, NULL, 'Zeineb', 'HADDAD', NULL, 'rabta', NULL, NULL, NULL, NULL, 'AF', NULL, 'Mr', 'Dr', NULL, NULL),
(54, 'oussemaakrouti@gmail.com', 'oussemaakrouti@gmail.com', 'oussemaakrouti@gmail.com', 'oussemaakrouti@gmail.com', 1, 'co9ivpcrio00cggs8gkgk0k488g8kc8', '$2y$13$co9ivpcrio00cggs8gkgkuZMXQdMh1tQOk3dOV42SzusB0WaJVtm2', '2017-12-06 12:12:35', 0, 0, NULL, NULL, NULL, 'a:1:{i:0;s:11:\"ROLE_AUTHOR\";}', 0, NULL, 'Oussama', 'Akrouti', 'kjdfghkjfdhgkjdh', 'interaction', NULL, 'adress', NULL, NULL, 'TN', NULL, 'Mr', 'Dr', NULL, NULL),
(55, 'bourgou_katoussa@yahoo.fr', 'bourgou_katoussa@yahoo.fr', 'bourgou_katoussa@yahoo.fr', 'bourgou_katoussa@yahoo.fr', 1, 'eabrkuuy8xwg4wooc4okk8o04g8kk0g', '$2y$13$eabrkuuy8xwg4wooc4okkuEcRaV350G8t.P6GIbWHSypcVqWUqEoq', '2017-12-12 09:35:25', 0, 0, NULL, NULL, NULL, 'a:1:{i:0;s:11:\"ROLE_AUTHOR\";}', 0, NULL, 'Ines', 'BOURGOU', '<p>test</p>', 'Interactions', NULL, NULL, NULL, NULL, 'TN', NULL, 'Mrs', 'Cm', 7, NULL),
(56, 'tinteraction@gmail.com', 'tinteraction@gmail.com', 'tinteraction@gmail.com', 'tinteraction@gmail.com', 1, '1kjnw6ws5kcgwwg0wwkkcok4c8so0cw', '$2y$13$1kjnw6ws5kcgwwg0wwkkcexVKuMQSrIKGaWzwZJsSGNWODby8Oe9i', NULL, 0, 0, NULL, 'HzMYpfLxNYR55qXsvf2t1pVy7jJrKUWjWXLW-RRACZY', NULL, 'a:1:{i:0;s:13:\"ROLE_REVIEWER\";}', 0, NULL, 'zeineb', 'zeineb', NULL, 'Interactions', NULL, NULL, NULL, NULL, NULL, NULL, NULL, 'Dr', NULL, NULL),
(57, 'zeineb.haddade@gmail.com', 'zeineb.haddade@gmail.com', 'zeineb.haddade@gmail.com', 'zeineb.haddade@gmail.com', 1, 'f5dqnp1h87scwgwocg848ok0ks8oswc', '$2y$13$f5dqnp1h87scwgwocg848ezBGMJ9gTbJ1xEVL.9E.gHKEumUUboW.', NULL, 0, 0, NULL, 'STZlo-FWJ_CVcqd2q10B3YAuwujYUbzESndt8P3bxPQ', NULL, 'a:1:{i:0;s:11:\"ROLE_AUTHOR\";}', 0, NULL, 'zeineb', 'zeineb', NULL, 'z', NULL, NULL, NULL, NULL, NULL, NULL, NULL, 'Dr', NULL, NULL);

--
-- Contraintes pour les tables déchargées
--

--
-- Contraintes pour la table `articles`
--
ALTER TABLE `articles`
  ADD CONSTRAINT `FK_BFDD31683DA5256D` FOREIGN KEY (`image_id`) REFERENCES `image` (`id`),
  ADD CONSTRAINT `FK_BFDD3168A76ED395` FOREIGN KEY (`user_id`) REFERENCES `user` (`id`),
  ADD CONSTRAINT `FK_BFDD3168C33F7837` FOREIGN KEY (`document_id`) REFERENCES `documents` (`id`);

--
-- Contraintes pour la table `articles_category`
--
ALTER TABLE `articles_category`
  ADD CONSTRAINT `FK_A7D8EFDB12469DE2` FOREIGN KEY (`category_id`) REFERENCES `category` (`id`) ON DELETE CASCADE,
  ADD CONSTRAINT `FK_A7D8EFDB1EBAF6CC` FOREIGN KEY (`articles_id`) REFERENCES `articles` (`id`) ON DELETE CASCADE;

--
-- Contraintes pour la table `article_coauthor`
--
ALTER TABLE `article_coauthor`
  ADD CONSTRAINT `FK_F174D0161EBAF6CC` FOREIGN KEY (`articles_id`) REFERENCES `articles` (`id`) ON DELETE CASCADE,
  ADD CONSTRAINT `FK_F174D016A76ED395` FOREIGN KEY (`user_id`) REFERENCES `user` (`id`) ON DELETE CASCADE;

--
-- Contraintes pour la table `article_reviewer`
--
ALTER TABLE `article_reviewer`
  ADD CONSTRAINT `FK_5BE6CA701EBAF6CC` FOREIGN KEY (`articles_id`) REFERENCES `articles` (`id`) ON DELETE CASCADE,
  ADD CONSTRAINT `FK_5BE6CA70A76ED395` FOREIGN KEY (`user_id`) REFERENCES `user` (`id`) ON DELETE CASCADE;

--
-- Contraintes pour la table `article_reviewer_invitation`
--
ALTER TABLE `article_reviewer_invitation`
  ADD CONSTRAINT `FK_DD449601EBAF6CC` FOREIGN KEY (`articles_id`) REFERENCES `articles` (`id`) ON DELETE CASCADE,
  ADD CONSTRAINT `FK_DD4496078A04A16` FOREIGN KEY (`invitation_reviewer_id`) REFERENCES `invitation_reviewer` (`id`) ON DELETE CASCADE;

--
-- Contraintes pour la table `author_coauthor`
--
ALTER TABLE `author_coauthor`
  ADD CONSTRAINT `FK_A54517E337139AC3` FOREIGN KEY (`coautor_user_id`) REFERENCES `user` (`id`),
  ADD CONSTRAINT `FK_A54517E3A76ED395` FOREIGN KEY (`user_id`) REFERENCES `user` (`id`);

--
-- Contraintes pour la table `banners`
--
ALTER TABLE `banners`
  ADD CONSTRAINT `FK_250F2568684EC833` FOREIGN KEY (`banner_id`) REFERENCES `banner` (`id`);

--
-- Contraintes pour la table `category`
--
ALTER TABLE `category`
  ADD CONSTRAINT `FK_64C19C1727ACA70` FOREIGN KEY (`parent_id`) REFERENCES `category` (`id`);

--
-- Contraintes pour la table `comments`
--
ALTER TABLE `comments`
  ADD CONSTRAINT `FK_5F9E962A1EBAF6CC` FOREIGN KEY (`articles_id`) REFERENCES `articles` (`id`);

--
-- Contraintes pour la table `editor_reviwer`
--
ALTER TABLE `editor_reviwer`
  ADD CONSTRAINT `FK_7A7D094D66789B8C` FOREIGN KEY (`reviewer_user_id`) REFERENCES `user` (`id`),
  ADD CONSTRAINT `FK_7A7D094DA76ED395` FOREIGN KEY (`user_id`) REFERENCES `user` (`id`);

--
-- Contraintes pour la table `invitation`
--
ALTER TABLE `invitation`
  ADD CONSTRAINT `FK_F11D61A2A7B4A7E3` FOREIGN KEY (`invited_by_id`) REFERENCES `user` (`id`);

--
-- Contraintes pour la table `invitation_reviewer`
--
ALTER TABLE `invitation_reviewer`
  ADD CONSTRAINT `FK_C0535FAD70574616` FOREIGN KEY (`reviewer_id`) REFERENCES `user` (`id`),
  ADD CONSTRAINT `FK_C0535FADA7B4A7E3` FOREIGN KEY (`invited_by_id`) REFERENCES `user` (`id`);

--
-- Contraintes pour la table `media`
--
ALTER TABLE `media`
  ADD CONSTRAINT `FK_6A2CA10CA76ED395` FOREIGN KEY (`user_id`) REFERENCES `user` (`id`);

--
-- Contraintes pour la table `post`
--
ALTER TABLE `post`
  ADD CONSTRAINT `FK_5A8A6C8DBC415685` FOREIGN KEY (`pictures_id`) REFERENCES `pictures` (`id`),
  ADD CONSTRAINT `FK_5A8A6C8DD823E37A` FOREIGN KEY (`section_id`) REFERENCES `section` (`id`);

--
-- Contraintes pour la table `rating`
--
ALTER TABLE `rating`
  ADD CONSTRAINT `FK_D88926221EBAF6CC` FOREIGN KEY (`articles_id`) REFERENCES `articles` (`id`),
  ADD CONSTRAINT `FK_D8892622E058392D` FOREIGN KEY (`reveiwer_id`) REFERENCES `user` (`id`);

--
-- Contraintes pour la table `user`
--
ALTER TABLE `user`
  ADD CONSTRAINT `FK_8D93D649CCFA12B8` FOREIGN KEY (`profile_id`) REFERENCES `profile` (`id`);
COMMIT;

